000
CXUS52 KMFL 011030
CF6OPF
PRELIMINARY LOCAL CLIMATOLOGICAL DATA (WS FORM: F-6)
STATION: OPA-LOCKA ARPT
MONTH: OCTOBER
YEAR: 2023
LATITUDE: 25 53 N
LONGITUDE: 80 17 W
TEMPERATURE IN F: :PCPN: SNOW: WIND :SUNSHINE: SKY :PK WND
================================================================================
1 2 3 4 5 6A 6B 7 8 9 10 11 12 13 14 15 16 17 18
12Z AVG MX 2MIN
DY MAX MIN AVG DEP HDD CDD WTR SNW DPTH SPD SPD DIR MIN PSBL S-S WX SPD DR
================================================================================
1 91 77 84 2 0 19 0.19 0.0 0 5.8 20 30 M M 3 3 26 50
2 84 76 80 -2 0 15 0.28 0.0 0 10.1 22 50 M M 5 13 30 50
3 88 74 81 -1 0 16 0.00 0.0 0 10.6 23 70 M M 2 8 30 80
4 89 74 82 0 0 17 0.00 0.0 0 8.2 17 70 M M 1 8 28 60
5 90 75 83 1 0 18 T 0.0 0 4.9 15 90 M M 3 19 110
6 90 75 83 1 0 18 0.00 0.0 0 3.7 12 110 M M 3 19 130
7 92 76 84 3 0 19 0.20 0.0 0 3.8 14 320 M M 4 17 330
8 89 75 82 1 0 17 0.02 0.0 0 4.6 14 330 M M 3 17 300
9 86 76 81 0 0 16 0.00 0.0 0 5.8 13 330 M M 8 16 320
10 M M M M M M M M M M M M M M M M M
11 89 75 82 1 0 17 1.32 0.0 0 6.5 21 220 M M 3 13 26 220
12 92 82 87 6 0 22 0.00 0.0 0 13.3 25 220 M M 0 33 220
13 93 81 87 7 0 22 0.00 0.0 0 9.7 18 250 M M 1 25 230
14 85 78 82 2 0 17 T 0.0 0 7.8 15 240 M M 3 3 18 240
15 88 73 81 1 0 16 T 0.0 0 10.4 20 310 M M 2 27 300
16 79 66 73 -7 0 8 T 0.0 0 11.0 18 330 M M 4 8 23 340
17 76 61 69 -11 0 4 T 0.0 0 10.2 18 330 M M 0 8 24 340
18 82 62 72 -8 0 7 0.00 M M 9.2 17 80 M M 1 8 23 80
19 85 67 76 -3 0 11 0.00 M M 7.9 17 70 M M 2 23 80
20 85 72 79 0 0 14 T 0.0 0 5.7 12 120 M M 6 15 130
21 87 65 76 -3 0 11 0.00 M M 6.4 14 330 M M 2 1 19 340
22 86 71 79 0 0 14 0.00 M M 4.8 12 310 M M 1 15 310
23 86 63 75 -4 0 10 0.00 0.0 0 7.1 17 90 M M 0 18 23 70
24 84 72 78 0 0 13 0.02 0.0 0 14.2 25 70 M M 4 33 60
25 84 75 80 2 0 15 T 0.0 0 15.0 25 80 M M 4 32 70
26 86 75 81 3 0 16 0.01 0.0 0 16.2 24 80 M M 7 33 80
27 86 73 80 2 0 15 0.01 M M 13.7 23 70 M M 4 31 60
28 87 76 82 4 0 17 T 0.0 0 14.8 24 80 M M 5 33 90
29 86 76 81 4 0 16 0.00 0.0 0 13.3 23 70 M M 3 32 100
30 88 74 81 4 0 16 0.00 0.0 0 7.1 15 90 M M 2 20 60
31 90 73 82 5 0 17 0.00 0.0 0 6.6 14 300 M M 2 19 290
================================================================================
SM 2603 2188 0 453 2.05 0.0 268.4 M 88
================================================================================
AV 86.8 72.9 8.9 FASTST M M 3 MAX(MPH)
MISC ----> # 25 220 # 33 220
================================================================================
NOTES:
# LAST OF SEVERAL OCCURRENCES
COLUMN 17 PEAK WIND IN M.P.H.
PRELIMINARY LOCAL CLIMATOLOGICAL DATA (WS FORM: F-6) , PAGE 2
STATION: OPA-LOCKA ARPT
MONTH: OCTOBER
YEAR: 2023
LATITUDE: 25 53 N
LONGITUDE: 80 17 W
[TEMPERATURE DATA] [PRECIPITATION DATA] SYMBOLS USED IN COLUMN 16
AVERAGE MONTHLY: 79.9 TOTAL FOR MONTH: 2.05 1 = FOG OR MIST
DPTR FM NORMAL: 0.1 DPTR FM NORMAL: -5.73 2 = FOG REDUCING VISIBILITY
HIGHEST: 93 ON 13 GRTST 24HR 1.32 ON 11-11 TO 1/4 MILE OR LESS
LOWEST: 61 ON 17 3 = THUNDER
SNOW, ICE PELLETS, HAIL 4 = ICE PELLETS
TOTAL MONTH: 0.0 INCH 5 = HAIL
GRTST 24HR 0.0 6 = FREEZING RAIN OR DRIZZLE
GRTST DEPTH: 0 7 = DUSTSTORM OR SANDSTORM:
VSBY 1/2 MILE OR LESS
8 = SMOKE OR HAZE
[NO. OF DAYS WITH] [WEATHER - DAYS WITH] 9 = BLOWING SNOW
X = TORNADO
MAX 32 OR BELOW: 0 0.01 INCH OR MORE: 8
MAX 90 OR ABOVE: 7 0.10 INCH OR MORE: 4
MIN 32 OR BELOW: 0 0.50 INCH OR MORE: 1
MIN 0 OR BELOW: 0 1.00 INCH OR MORE: 1
[HDD (BASE 65) ]
TOTAL THIS MO. 0 CLEAR (SCALE 0-3) 17
DPTR FM NORMAL 0 PTCLDY (SCALE 4-7) 13
TOTAL FM JUL 1 0 CLOUDY (SCALE 8-10) 0
DPTR FM NORMAL 0
[CDD (BASE 65) ]
TOTAL THIS MO. 453
DPTR FM NORMAL -4 [PRESSURE DATA]
TOTAL FM JAN 1 4510 HIGHEST SLP 30.12 ON 27
DPTR FM NORMAL 491 LOWEST SLP 29.73 ON 15
[REMARKS]
#FINAL-10-23#