000
CXUS54 KMRX 011030
CF6OQT
PRELIMINARY LOCAL CLIMATOLOGICAL DATA (WS FORM: F-6)
STATION: OAK RIDGE
MONTH: MARCH
YEAR: 2024
LATITUDE: 36 1 N
LONGITUDE: 84 14 W
TEMPERATURE IN F: :PCPN: SNOW: WIND :SUNSHINE: SKY :PK WND
================================================================================
1 2 3 4 5 6A 6B 7 8 9 10 11 12 13 14 15 16 17 18
12Z AVG MX 2MIN
DY MAX MIN AVG DEP HDD CDD WTR SNW DPTH SPD SPD DIR MIN PSBL S-S WX SPD DR
================================================================================
1 45 36 41 -6 24 0 0.19 M M 0.7 7 80 M M 9 1 10 10
2 60 44 52 5 13 0 0.08 M M 0.4 6 190 M M 7 1 8 200
3 69 44 57 10 8 0 0.00 M M 0.7 8 190 M M 6 1 11 130
4 73 47 60 12 5 0 0.00 M M 0.5 6 200 M M 4 M M
5 73 50 62 14 3 0 0.04 M M 1.2 9 250 M M 7 12 16 250
6 59 54 57 9 8 0 1.19 M M 0.3 7 90 M M 10 1 9 100
7 68 51 60 12 5 0 T M M 1.6 8 90 M M 5 12 13 350
8 65 51 58 9 7 0 0.04 M M 0.9 12 140 M M 7 20 140
9 60 46 53 4 12 0 0.28 M M 3.1 13 260 M M 9 1 22 280
10 54 37 46 -3 19 0 0.00 M M 4.9 16 320 M M 3 27 300
11 61 29 45 -5 20 0 0.00 M M 1.4 8 160 M M 0 14 60
12 69 31 50 0 15 0 0.00 M M 1.1 9 170 M M 0 15 220
13 75 38 57 7 8 0 0.00 M M 1.1 10 270 M M 0 16 300
14 80 44 62 12 3 0 0.00 M M 3.3 14 190 M M 1 8 24 190
15 70 60 65 14 0 0 1.00 M M 2.1 8 210 M M 9 1 14 220
16 69 53 61 10 4 0 0.00 M M 2.5 10 190 M M 4 17 190
17 67 47 57 6 8 0 0.00 M M 4.9 13 340 M M 2 23 290
18 50 34 42 -10 23 0 0.00 M M 5.4 17 310 M M 2 29 290
19 57 27 42 -10 23 0 0.00 M M 3.3 12 210 M M 0 22 200
20 72 36 54 2 11 0 0.00 M M 3.5 14 250 M M 0 22 260
21 70 41 56 3 9 0 0.00 M M 2.1 9 350 M M 0 15 350
22 74 48 61 8 4 0 0.29 M M 3.1 13 140 M M 6 1 23 180
23 59 42 51 -2 14 0 0.11 M M 2.9 12 60 M M 6 18 20 40
24 65 36 51 -2 14 0 0.00 M M 2.8 9 70 M M 0 19 50
25 67 40 54 0 11 0 0.00 M M 1.9 9 160 M M 0 14 150
26 61 49 55 1 10 0 1.05 M M 0.9 9 250 M M 7 12 15 210
27 70 50 60 6 5 0 0.00 M M 3.1 13 350 M M 5 23 360
28 64 42 53 -2 12 0 0.00 M M 4.4 13 310 M M 0 26 330
29 72 35 54 -1 11 0 0.00 M M 2.2 12 260 M M 0 21 260
30 77 45 61 6 4 0 0.00 M M 3.8 14 200 M M 0 26 190
31 79 52 66 10 0 1 0.00 M M 2.7 13 250 M M 5 23 260
================================================================================
SM 2054 1339 313 1 4.27 M 72.8 M 114
================================================================================
AV 66.3 43.2 2.3 FASTST M M 4 MAX(MPH)
MISC ----> 17 310 29 290
================================================================================
NOTES:
# LAST OF SEVERAL OCCURRENCES
COLUMN 17 PEAK WIND IN M.P.H.
PRELIMINARY LOCAL CLIMATOLOGICAL DATA (WS FORM: F-6) , PAGE 2
STATION: OAK RIDGE
MONTH: MARCH
YEAR: 2024
LATITUDE: 36 1 N
LONGITUDE: 84 14 W
[TEMPERATURE DATA] [PRECIPITATION DATA] SYMBOLS USED IN COLUMN 16
AVERAGE MONTHLY: 54.7 TOTAL FOR MONTH: 4.27 1 = FOG OR MIST
DPTR FM NORMAL: 3.6 DPTR FM NORMAL: -0.85 2 = FOG REDUCING VISIBILITY
HIGHEST: 80 ON 14 GRTST 24HR 1.23 ON 5- 6 TO 1/4 MILE OR LESS
LOWEST: 27 ON 19 3 = THUNDER
SNOW, ICE PELLETS, HAIL 4 = ICE PELLETS
TOTAL MONTH: M 5 = HAIL
GRTST 24HR M ON M 6 = FREEZING RAIN OR DRIZZLE
GRTST DEPTH: M ON M 7 = DUSTSTORM OR SANDSTORM:
VSBY 1/2 MILE OR LESS
8 = SMOKE OR HAZE
[NO. OF DAYS WITH] [WEATHER - DAYS WITH] 9 = BLOWING SNOW
X = TORNADO
MAX 32 OR BELOW: 0 0.01 INCH OR MORE: 10
MAX 90 OR ABOVE: 0 0.10 INCH OR MORE: 7
MIN 32 OR BELOW: 3 0.50 INCH OR MORE: 3
MIN 0 OR BELOW: 0 1.00 INCH OR MORE: 3
[HDD (BASE 65) ]
TOTAL THIS MO. 313 CLEAR (SCALE 0-3) 15
DPTR FM NORMAL -124 PTCLDY (SCALE 4-7) 12
TOTAL FM JUL 1 2839 CLOUDY (SCALE 8-10) 4
DPTR FM NORMAL -405
[CDD (BASE 65) ]
TOTAL THIS MO. 1
DPTR FM NORMAL -5 [PRESSURE DATA]
TOTAL FM JAN 1 2 HIGHEST SLP 30.41 ON 1
DPTR FM NORMAL -5 LOWEST SLP 29.70 ON 9
[REMARKS]
#FINAL-03-24#