000
CXUS53 KLOT 010800
CF6ORD
PRELIMINARY LOCAL CLIMATOLOGICAL DATA (WS FORM: F-6)
STATION: CHICAGO-OHARE
MONTH: APRIL
YEAR: 2022
LATITUDE: 41 58 N
LONGITUDE: 87 54 W
TEMPERATURE IN F: :PCPN: SNOW: WIND :SUNSHINE: SKY :PK WND
================================================================================
1 2 3 4 5 6A 6B 7 8 9 10 11 12 13 14 15 16 17 18
12Z AVG MX 2MIN
DY MAX MIN AVG DEP HDD CDD WTR SNW DPTH SPD SPD DIR MIN PSBL S-S WX SPD DR
================================================================================
1 46 31 39 -5 26 0 T 0.1 0 8.9 16 320 M M 6 1 22 330
2 42 33 38 -7 27 0 0.34 0.1 0 7.5 16 150 M M 8 1 23 180
3 50 33 42 -3 23 0 0.17 0.0 0 5.2 13 100 M M 7 18 18 80
4 52 40 46 0 19 0 0.09 0.0 0 9.4 22 260 M M 9 1 31 260
5 53 38 46 0 19 0 0.05 0.0 0 9.3 16 80 M M 9 18 22 120
6 56 43 50 4 15 0 0.76 0.0 0 15.4 29 240 M M 9 1 40 240
7 44 38 41 -5 24 0 0.06 0.0 0 14.4 25 230 M M 10 37 230
8 41 33 37 -10 28 0 0.32 T 0 8.4 17 320 M M 10 18 24 310
9 54 32 43 -4 22 0 T T 0 5.8 16 300 M M 6 22 310
10 64 32 48 0 17 0 0.00 0.0 0 8.1 26 140 M M 6 38 150
11 62 45 54 6 11 0 0.00 0.0 0 9.2 20 220 M M 7 33 250
12 69 40 55 7 10 0 T 0.0 0 12.6 30 180 M M 6 1 40 170
13 72 39 56 7 9 0 0.26 0.0 0 14.1 36 210 M M 10 13 53 210
14 51 35 43 -6 22 0 0.00 0.0 0 18.0 37 250 M M 3 59 250
15 53 40 47 -2 18 0 0.01 T 0 13.7 23 220 M M 8 4 36 210
16 49 32 41 -9 24 0 0.00 0.0 0 9.3 20 280 M M 5 29 260
17 43 29 36 -14 29 0 0.02 T 0 8.9 17 70 M M 6 1 22 60
18 41 33 37 -13 28 0 0.15 0.2 0 9.5 25 290 M M 10 1 36 280
19 51 36 44 -7 21 0 0.00 0.0 0 9.3 17 320 M M 8 25 310
20 52 41 47 -4 18 0 0.24 0.0 0 13.9 24 160 M M 10 1 35 160
21 68 50 59 7 6 0 0.05 0.0 0 10.2 22 290 M M 5 1 31 250
22 53 46 50 -2 15 0 0.80 0.0 0 9.7 24 100 M M 9 13 32 110
23 84 51 68 16 0 3 0.00 0.0 0 15.7 29 180 M M 6 42 180
24 73 54 64 11 1 0 0.41 0.0 0 15.9 26 190 M M 9 18 47 190
25 54 41 48 -5 17 0 0.00 0.0 0 12.2 23 270 M M 9 34 240
26 51 34 43 -11 22 0 0.00 0.0 0 11.8 21 300 M M 7 29 310
27 41 33 37 -17 28 0 T 0.0 0 10.9 22 40 M M 7 26 30
28 50 38 44 -10 21 0 T 0.0 0 10.2 17 110 M M 10 21 100
29 66 47 57 2 8 0 0.04 0.0 0 13.4 23 120 M M 10 31 110
30 69 51 60 5 5 0 1.54 0.0 0 14.0 25 150 M M 9 13 39 150
================================================================================
SM 1654 1168 533 3 5.31 0.4 334.9 M 234
================================================================================
AV 55.1 38.9 11.2 FASTST M M 8 MAX(MPH)
MISC ----> 37 250 59 250
================================================================================
NOTES:
# LAST OF SEVERAL OCCURRENCES
COLUMN 17 PEAK WIND IN M.P.H.
PRELIMINARY LOCAL CLIMATOLOGICAL DATA (WS FORM: F-6) , PAGE 2
STATION: CHICAGO-OHARE
MONTH: APRIL
YEAR: 2022
LATITUDE: 41 58 N
LONGITUDE: 87 54 W
[TEMPERATURE DATA] [PRECIPITATION DATA] SYMBOLS USED IN COLUMN 16
AVERAGE MONTHLY: 47.0 TOTAL FOR MONTH: 5.31 1 = FOG OR MIST
DPTR FM NORMAL: -2.7 DPTR FM NORMAL: 1.56 2 = FOG REDUCING VISIBILITY
HIGHEST: 84 ON 23 GRTST 24HR 1.58 ON 29-30 TO 1/4 MILE OR LESS
LOWEST: 29 ON 17 3 = THUNDER
SNOW, ICE PELLETS, HAIL 4 = ICE PELLETS
TOTAL MONTH: 0.4 INCH 5 = HAIL
GRTST 24HR 0.2 ON 18-18 6 = FREEZING RAIN OR DRIZZLE
GRTST DEPTH: 0 7 = DUSTSTORM OR SANDSTORM:
VSBY 1/2 MILE OR LESS
8 = SMOKE OR HAZE
[NO. OF DAYS WITH] [WEATHER - DAYS WITH] 9 = BLOWING SNOW
X = TORNADO
MAX 32 OR BELOW: 0 0.01 INCH OR MORE: 17
MAX 90 OR ABOVE: 0 0.10 INCH OR MORE: 10
MIN 32 OR BELOW: 5 0.50 INCH OR MORE: 3
MIN 0 OR BELOW: 0 1.00 INCH OR MORE: 1
[HDD (BASE 65) ]
TOTAL THIS MO. 533 CLEAR (SCALE 0-3) 1
DPTR FM NORMAL 65 PTCLDY (SCALE 4-7) 14
TOTAL FM JUL 1 5497 CLOUDY (SCALE 8-10) 15
DPTR FM NORMAL -248
[CDD (BASE 65) ]
TOTAL THIS MO. 3
DPTR FM NORMAL -5 [PRESSURE DATA]
TOTAL FM JAN 1 3 HIGHEST SLP M ON M
DPTR FM NORMAL -7 LOWEST SLP 29.44 ON 6
[REMARKS]
#FINAL-04-22#