000
CXUS51 KAKQ 020352
CLMORF
CLIMATE REPORT
NATIONAL WEATHER SERVICE WAKEFIELD VA
1052 PM EST THU FEB 01 2024
...................................
...THE NORFOLK VA CLIMATE SUMMARY FOR THE MONTH OF JANUARY 2024...
CLIMATE NORMAL PERIOD: 1991 TO 2020
CLIMATE RECORD PERIOD: 1871 TO 2024
WEATHER OBSERVED NORMAL DEPART LAST YEAR`S
VALUE DATE(S) VALUE FROM VALUE DATE(S)
NORMAL
................................................................
TEMPERATURE (F)
RECORD
HIGH 80 01/30/2002
LOW -3 01/21/1985
HIGHEST 77 01/26 71 6 71 01/03
LOWEST 22 01/17 18 4 29 01/10
AVG. MAXIMUM 53.5 50.7 2.8 56.5
AVG. MINIMUM 36.5 33.6 2.9 39.2
MEAN 45.0 42.2 2.8 47.8
DAYS MAX >= 90 0 0.0 0.0 0
DAYS MAX <= 32 0 1.8 -1.8 0
DAYS MIN <= 32 11 14.2 -3.2 5
DAYS MIN <= 0 0 0.0 0.0 0
PRECIPITATION (INCHES)
RECORD
MAXIMUM 9.93 1987
MINIMUM 0.63 1927
TOTALS 3.20 3.41 -0.21 3.12
DAILY AVG. 0.10 0.11 -0.01 0.10
DAYS >= .01 12 10.7 1.3 12
DAYS >= .10 5 6.2 -1.2 5
DAYS >= .50 2 2.3 -0.3 2
DAYS >= 1.00 1 0.9 0.1 1
GREATEST
24 HR. TOTAL 1.59 01/09 TO 01/10
SNOWFALL (INCHES)
RECORDS
TOTAL 14.2 1966
TOTALS T
SINCE 7/1 T 4.3 -4.3 MM
SNOWDEPTH AVG. 0 0
DAYS >= 1.0 0 1.0 -1.0 0
GREATEST
SNOW DEPTH 0 0 MM
24 HR TOTAL T 0MM15 TO 01/15 0.0
DEGREE DAYS
HEATING TOTAL 625
SINCE 7/1 1585 1775 -190 MM
COOLING TOTAL 9 1 8 2
SINCE 1/1 9 1 8 MM
................................................................
WIND (MPH)
AVERAGE WIND SPEED 9.1
HIGHEST WIND SPEED/DIRECTION 38/210 DATE 01/09
HIGHEST GUST SPEED/DIRECTION 60/160 DATE 01/09
SKY COVER
POSSIBLE SUNSHINE (PERCENT) MM
AVERAGE SKY COVER 0.39
AVERAGE RH (PERCENT) 68
WEATHER CONDITIONS. NUMBER OF DAYS WITH
THUNDERSTORM 0 MIXED PRECIP 0
HEAVY RAIN 3 RAIN 3
LIGHT RAIN 17 FREEZING RAIN 0
LT FREEZING RAIN 0 HAIL 0
HEAVY SNOW 0 SNOW 0
LIGHT SNOW 1 SLEET 0
FOG 12 FOG W/VIS <= 1/4 MILE 1
HAZE 0
- INDICATES NEGATIVE NUMBERS.
R INDICATES RECORD WAS SET OR TIED.
MM INDICATES DATA IS MISSING.
T INDICATES TRACE AMOUNT.
$$