000
CXUS53 KDMX 010910
CF6OTM
PRELIMINARY LOCAL CLIMATOLOGICAL DATA (WS FORM: F-6)
STATION: OTTUMWA IA
MONTH: NOVEMBER
YEAR: 2022
LATITUDE: 41 6 N
LONGITUDE: 92 27 W
TEMPERATURE IN F: :PCPN: SNOW: WIND :SUNSHINE: SKY :PK WND
================================================================================
1 2 3 4 5 6A 6B 7 8 9 10 11 12 13 14 15 16 17 18
12Z AVG MX 2MIN
DY MAX MIN AVG DEP HDD CDD WTR SNW DPTH SPD SPD DIR MIN PSBL S-S WX SPD DR
================================================================================
1 75 38 57 11 8 0 0.00 0.0 0 9.7 16 180 M M 0 23 170
2 76 49 63 18 2 0 0.00 0.0 0 13.0 25 180 M M 0 35 170
3 75 54 65 20 0 0 0.00 0.0 0 15.0 26 190 M M 2 35 190
4 68 43 56 12 9 0 1.83 0.0 0 11.7 24 320 M M 9 13 33 270
5 50 42 46 2 19 0 0.17 0.0 0 14.5 28 240 M M 6 1 35 240
6 60 35 48 4 17 0 0.00 0.0 0 12.3 22 210 M M 0 31 210
7 51 29 40 -3 25 0 0.00 0.0 0 8.1 14 90 M M 0 21 40
8 59 36 48 5 17 0 0.00 0.0 0 12.7 22 120 M M 5 30 120
9 75 53 64 22 1 0 0.00 0.0 0 13.2 23 200 M M 3 29 190
10 75 32 54 12 11 0 1.06 0.0 0 16.8 26 220 M M 7 1 38 210
11 32 22 27 -15 38 0 0.02 T 0 16.8 25 320 M M 8 16 33 320
12 30 25 28 -13 37 0 T T 0 14.0 21 320 M M 10 27 330
13 33 24 29 -12 36 0 0.00 0.0 0 6.5 12 350 M M 6 16 310
14 40 23 32 -8 33 0 0.00 0.0 0 9.3 17 180 M M 7 24 180
15 34 29 32 -8 33 0 0.26 2.4 2 6.3 17 290 M M 10 1 24 290
16 29 24 27 -12 38 0 0.03 0.4 T 13.3 20 290 M M 10 1 27 280
17 38 20 29 -10 36 0 T T 0 13.3 25 280 M M 6 37 290
18 26 17 22 -16 43 0 T T 0 14.5 23 290 M M 7 33 290
19 31 11 21 -17 44 0 T T 0 14.7 30 300 M M 4 41 320
20 45 11 28 -10 37 0 0.00 0.0 0 13.0 25 210 M M 0 33 210
21 52 26 39 2 26 0 0.00 0.0 0 9.0 21 230 M M 0 30 230
22 57 20 39 2 26 0 0.00 0.0 0 5.0 13 230 M M 0 1 16 220
23 59 36 48 12 17 0 0.00 0.0 0 9.0 18 180 M M 0 26 200
24 56 32 44 8 21 0 0.03 0.0 0 7.4 20 320 M M 7 1 26 330
25 53 25 39 3 26 0 0.00 0.0 0 6.3 10 320 M M 0 1 15 320
26 55 28 42 7 23 0 0.00 0.0 0 8.9 21 200 M M 0 25 200
27 47 27 37 2 28 0 0.24 0.0 0 11.4 22 330 M M 5 1 29 330
28 50 22 36 2 29 0 0.00 0.0 0 9.4 18 180 M M 0 1 24 170
29 60 24 42 8 23 0 T T 0 17.0 31 310 M M 6 42 300
30 30 12 21 -13 44 0 0.00 0.0 0 13.3 24 270 M M 0 36 280
================================================================================
SM 1521 869 747 0 3.64 2.8 345.4 M 118
================================================================================
AV 50.7 29.0 11.5 FASTST M M 4 MAX(MPH)
MISC ----> 31 310 42 300
================================================================================
NOTES:
# LAST OF SEVERAL OCCURRENCES
COLUMN 17 PEAK WIND IN M.P.H.
PRELIMINARY LOCAL CLIMATOLOGICAL DATA (WS FORM: F-6) , PAGE 2
STATION: OTTUMWA IA
MONTH: NOVEMBER
YEAR: 2022
LATITUDE: 41 6 N
LONGITUDE: 92 27 W
[TEMPERATURE DATA] [PRECIPITATION DATA] SYMBOLS USED IN COLUMN 16
AVERAGE MONTHLY: 39.8 TOTAL FOR MONTH: 3.64 1 = FOG OR MIST
DPTR FM NORMAL: 0.2 DPTR FM NORMAL: 1.55 2 = FOG REDUCING VISIBILITY
HIGHEST: 76 ON 2 GRTST 24HR 1.93 ON 4- 5 TO 1/4 MILE OR LESS
LOWEST: 11 ON 20,19 3 = THUNDER
SNOW, ICE PELLETS, HAIL 4 = ICE PELLETS
TOTAL MONTH: 2.8 INCHES 5 = HAIL
GRTST 24HR 2.4 ON 15-15 6 = FREEZING RAIN OR DRIZZLE
GRTST DEPTH: 2 ON 15 7 = DUSTSTORM OR SANDSTORM:
VSBY 1/2 MILE OR LESS
8 = SMOKE OR HAZE
[NO. OF DAYS WITH] [WEATHER - DAYS WITH] 9 = BLOWING SNOW
X = TORNADO
MAX 32 OR BELOW: 6 0.01 INCH OR MORE: 8
MAX 90 OR ABOVE: 0 0.10 INCH OR MORE: 5
MIN 32 OR BELOW: 21 0.50 INCH OR MORE: 2
MIN 0 OR BELOW: 0 1.00 INCH OR MORE: 2
[HDD (BASE 65) ]
TOTAL THIS MO. 747 CLEAR (SCALE 0-3) 13
DPTR FM NORMAL -15 PTCLDY (SCALE 4-7) 13
TOTAL FM JUL 1 1233 CLOUDY (SCALE 8-10) 4
DPTR FM NORMAL -26
[CDD (BASE 65) ]
TOTAL THIS MO. 0
DPTR FM NORMAL 0 [PRESSURE DATA]
TOTAL FM JAN 1 1139 HIGHEST SLP 30.57 ON 7
DPTR FM NORMAL 154 LOWEST SLP 29.34 ON 5
[REMARKS]
#FINAL-11-22#