000
CXUS53 KDMX 020213
CF6OTM
PRELIMINARY LOCAL CLIMATOLOGICAL DATA (WS FORM: F-6)
STATION: OTTUMWA IA
MONTH: FEBRUARY
YEAR: 2024
LATITUDE: 41 6 N
LONGITUDE: 92 27 W
TEMPERATURE IN F: :PCPN: SNOW: WIND :SUNSHINE: SKY :PK WND
================================================================================
1 2 3 4 5 6A 6B 7 8 9 10 11 12 13 14 15 16 17 18
12Z AVG MX 2MIN
DY MAX MIN AVG DEP HDD CDD WTR SNW DPTH SPD SPD DIR MIN PSBL S-S WX SPD DR
================================================================================
1 54 33 44 21 21 0 0.00 0.0 T 6.2 12 230 M M 0 1 16 220
2 39 33 36 12 29 0 0.00 0.0 0 13.8 20 90 M M 7 12 27 100
3 47 32 40 16 25 0 0.00 0.0 0 12.7 18 80 M M 3 1 28 90
4 47 29 38 14 27 0 0.00 0.0 0 10.4 16 90 M M 1 18 23 60
5 54 23 39 15 26 0 0.00 0.0 0 5.9 9 350 M M 0 12 330
6 58 24 41 17 24 0 0.00 0.0 0 5.7 13 160 M M 0 18 140
7 54 39 47 22 18 0 0.00 0.0 0 13.8 23 170 M M 0 36 170
8 67 35 51 26 14 0 0.00 0.0 0 18.5 36 230 M M 2 48 200
9 53 30 42 17 23 0 0.00 0.0 0 8.7 16 330 M M 0 20 290
10 44 23 34 8 31 0 0.00 0.0 0 11.7 20 330 M M 1 30 330
11 43 21 32 6 33 0 0.00 0.0 0 5.6 13 340 M M 1 16 350
12 48 18 33 7 32 0 0.00 0.0 0 6.5 15 340 M M 0 21 310
13 48 25 37 11 28 0 0.00 0.0 0 5.7 12 80 M M 7 16 80
14 55 23 39 12 26 0 0.05 0.0 0 9.7 21 160 M M 1 8 26 160
15 48 30 39 12 26 0 0.07 0.0 0 13.9 30 320 M M 6 1 41 320
16 31 12 22 -6 43 0 0.06 0.9 T 15.5 28 330 M M 9 18 36 340
17 32 7 20 -8 45 0 0.00 0.0 T 14.5 24 250 M M 1 32 240
18 46 22 34 6 31 0 0.00 0.0 T 10.3 22 250 M M 0 35 240
19 57 19 38 9 27 0 0.00 0.0 0 7.9 17 220 M M 0 25 190
20 61 29 45 16 20 0 0.00 0.0 0 8.5 16 230 M M 0 22 240
21 62 43 53 23 12 0 0.00 0.0 0 8.0 14 210 M M 2 19 210
22 64 38 51 21 14 0 0.00 0.0 0 8.1 16 330 M M 3 23 320
23 58 29 44 14 21 0 T 0.0 0 15.2 30 300 M M 2 47 320
24 47 17 32 1 33 0 0.00 0.0 0 9.6 21 180 M M 1 25 360
25 67 33 50 19 15 0 0.00 0.0 0 7.5 13 200 M M 0 16 40
26 76 31 54 22 11 0 0.00 0.0 0 11.7 28 200 M M 0 38 200
27 76 17 47 15 18 0 T T 0 16.4 38 330 M M 1 53 320
28 31 9 20 -12 45 0 T T 0 15.4 31 310 M M 2 44 320
29 55 19 37 4 28 0 0.00 0.0 0 14.7 28 190 M M 0 37 180
================================================================================
SM 1522 743 746 0 0.18 0.9 312.1 M 50
================================================================================
AV 52.5 25.6 10.8 FASTST M M 2 MAX(MPH)
MISC ----> 38 330 53 320
================================================================================
NOTES:
# LAST OF SEVERAL OCCURRENCES
COLUMN 17 PEAK WIND IN M.P.H.
PRELIMINARY LOCAL CLIMATOLOGICAL DATA (WS FORM: F-6) , PAGE 2
STATION: OTTUMWA IA
MONTH: FEBRUARY
YEAR: 2024
LATITUDE: 41 6 N
LONGITUDE: 92 27 W
[TEMPERATURE DATA] [PRECIPITATION DATA] SYMBOLS USED IN COLUMN 16
AVERAGE MONTHLY: 39.1 TOTAL FOR MONTH: 0.18 1 = FOG OR MIST
DPTR FM NORMAL: 11.7 DPTR FM NORMAL: -1.23 2 = FOG REDUCING VISIBILITY
HIGHEST: 76 ON 27,26 GRTST 24HR 0.12 ON 14-15 TO 1/4 MILE OR LESS
LOWEST: 7 ON 17 3 = THUNDER
SNOW, ICE PELLETS, HAIL 4 = ICE PELLETS
TOTAL MONTH: 0.9 INCH 5 = HAIL
GRTST 24HR 0.9 ON 16-16 6 = FREEZING RAIN OR DRIZZLE
GRTST DEPTH: 1 ON M 7 = DUSTSTORM OR SANDSTORM:
VSBY 1/2 MILE OR LESS
8 = SMOKE OR HAZE
[NO. OF DAYS WITH] [WEATHER - DAYS WITH] 9 = BLOWING SNOW
X = TORNADO
MAX 32 OR BELOW: 3 0.01 INCH OR MORE: 3
MAX 90 OR ABOVE: 0 0.10 INCH OR MORE: 0
MIN 32 OR BELOW: 22 0.50 INCH OR MORE: 0
MIN 0 OR BELOW: 0 1.00 INCH OR MORE: 0
[HDD (BASE 65) ]
TOTAL THIS MO. 746 CLEAR (SCALE 0-3) 24
DPTR FM NORMAL -307 PTCLDY (SCALE 4-7) 4
TOTAL FM JUL 1 4010 CLOUDY (SCALE 8-10) 1
DPTR FM NORMAL -804
[CDD (BASE 65) ]
TOTAL THIS MO. 0
DPTR FM NORMAL 0 [PRESSURE DATA]
TOTAL FM JAN 1 0 HIGHEST SLP 30.41 ON 29
DPTR FM NORMAL 0 LOWEST SLP 29.24 ON 27
[REMARKS]
#FINAL-02-24#