000
CXUS53 KDDC 031305
CF6P28
PRELIMINARY LOCAL CLIMATOLOGICAL DATA (WS FORM: F-6)
STATION: MEDICINE LODGE KS
MONTH: SEPTEMBER
YEAR: 2022
LATITUDE: 37 17 N
LONGITUDE: 98 35 W
TEMPERATURE IN F: :PCPN: SNOW: WIND :SUNSHINE: SKY :PK WND
================================================================================
1 2 3 4 5 6A 6B 7 8 9 10 11 12 13 14 15 16 17 18
12Z AVG MX 2MIN
DY MAX MIN AVG DEP HDD CDD WTR SNW DPTH SPD SPD DIR MIN PSBL S-S WX SPD DR
================================================================================
1 94 60 77 0 0 12 0.00 0.0 0 6.5 22 180 M M 0 32 170
2 96 68 82 5 0 17 0.02 0.0 0 5.5 10 100 M M 0 18 140
3 101 64 83 7 0 18 0.00 0.0 0 6.3 22 50 M M 0 29 50
4 91 56 74 -2 0 9 0.00 0.0 0 7.0 15 10 M M 0 22 40
5 91 56 74 -2 0 9 0.00 0.0 0 3.8 13 170 M M 0 19 90
6 95 65 80 5 0 15 0.00 0.0 0 5.2 10 170 M M 0 17 180
7 96 60 78 3 0 13 0.00 0.0 0 4.9 12 80 M M 0 17 100
8 93 62 78 3 0 13 0.00 0.0 0 6.7 15 180 M M 0 21 160
9 93 60 77 3 0 12 0.00 0.0 0 6.8 15 120 M M 0 23 180
10 76 57 67 -7 0 2 0.05 0.0 0 13.0 21 20 M M 0 28 20
11 81 47 64 -10 1 0 0.00 0.0 0 5.9 14 40 M M 0 20 50
12 88 44 66 -7 0 1 0.00 0.0 0 6.6 18 200 M M 0 25 190
13 93 58 76 3 0 11 0.00 0.0 0 8.3 22 170 M M 0 29 180
14 93 67 80 7 0 15 0.00 0.0 0 10.7 23 180 M M 0 33 180
15 91 67 79 7 0 14 0.00 0.0 0 12.8 23 180 M M 0 36 180
16 94 63 79 7 0 14 0.23 0.0 0 10.9 20 190 M M 0 29 200
17 100 72 86 15 0 21 0.00 0.0 0 12.9 26 190 M M 0 38 190
18 100 72 86 15 0 21 0.00 0.0 0 11.8 23 190 M M 0 33 200
19 100 71 86 15 0 21 0.00 0.0 0 10.8 24 190 M M 0 35 190
20 100 72 86 16 0 21 0.00 0.0 0 11.0 23 200 M M 0 34 190
21 101 60 81 11 0 16 0.00 0.0 0 11.1 26 30 M M 0 40 40
22 61 53 57 -12 8 0 0.11 0.0 0 8.0 20 30 M M 0 27 40
23 85 52 69 0 0 4 0.06 0.0 0 6.0 14 190 M M 0 20 200
24 94 58 76 8 0 11 0.00 0.0 0 4.0 10 200 M M 0 16 200
25 83 52 68 0 0 3 0.00 0.0 0 9.2 24 20 M M 0 30 10
26 87 46 67 -1 0 2 0.00 0.0 0 5.1 12 250 M M 0 16 250
27 92 56 74 7 0 9 0.00 0.0 0 7.0 16 30 M M 0 24 40
28 86 52 69 2 0 4 0.00 0.0 0 9.8 18 60 M M 0 28 90
29 83 57 70 4 0 5 0.00 0.0 0 9.9 17 170 M M 0 26 140
30 82 58 70 4 0 5 0.00 0.0 0 10.1 18 190 M M 0 26 170
================================================================================
SM 2720 1785 9 318 0.47 0.0 247.6 M 0
================================================================================
AV 90.7 59.5 8.3 FASTST M M 0 MAX(MPH)
MISC ----> # 26 30 40 40
================================================================================
NOTES:
# LAST OF SEVERAL OCCURRENCES
COLUMN 17 PEAK WIND IN M.P.H.
PRELIMINARY LOCAL CLIMATOLOGICAL DATA (WS FORM: F-6) , PAGE 2
STATION: MEDICINE LODGE KS
MONTH: SEPTEMBER
YEAR: 2022
LATITUDE: 37 17 N
LONGITUDE: 98 35 W
[TEMPERATURE DATA] [PRECIPITATION DATA] SYMBOLS USED IN COLUMN 16
AVERAGE MONTHLY: 75.1 TOTAL FOR MONTH: 0.47 1 = FOG OR MIST
DPTR FM NORMAL: 3.4 DPTR FM NORMAL: -2.14 2 = FOG REDUCING VISIBILITY
HIGHEST: 101 ON 21, 3 GRTST 24HR 0.23 ON 16-16 TO 1/4 MILE OR LESS
LOWEST: 44 ON 12 3 = THUNDER
SNOW, ICE PELLETS, HAIL 4 = ICE PELLETS
TOTAL MONTH: 0.0 INCH 5 = HAIL
GRTST 24HR 0.0 6 = FREEZING RAIN OR DRIZZLE
GRTST DEPTH: 0 7 = DUSTSTORM OR SANDSTORM:
VSBY 1/2 MILE OR LESS
8 = SMOKE OR HAZE
[NO. OF DAYS WITH] [WEATHER - DAYS WITH] 9 = BLOWING SNOW
X = TORNADO
MAX 32 OR BELOW: 0 0.01 INCH OR MORE: 5
MAX 90 OR ABOVE: 20 0.10 INCH OR MORE: 2
MIN 32 OR BELOW: 0 0.50 INCH OR MORE: 0
MIN 0 OR BELOW: 0 1.00 INCH OR MORE: 0
[HDD (BASE 65) ]
TOTAL THIS MO. 9
DPTR FM NORMAL -22
TOTAL FM JUL 1 9
DPTR FM NORMAL -19
[CDD (BASE 65) ]
TOTAL THIS MO. 318
DPTR FM NORMAL 84 [PRESSURE DATA]
TOTAL FM JAN 1 2164 HIGHEST SLP 30.31 ON 11
DPTR FM NORMAL 386 LOWEST SLP 29.70 ON 17
[REMARKS]
#FINAL-09-22#