000
CXUS56 KLKN 161847
CF6P68
PRELIMINARY LOCAL CLIMATOLOGICAL DATA (WS FORM: F-6)
STATION: EUREKA AIRPORT NV
MONTH: SEPTEMBER
YEAR: 2021
LATITUDE: 39 30 N
LONGITUDE: 115 58 W
TEMPERATURE IN F: :PCPN: SNOW: WIND :SUNSHINE: SKY :PK WND
================================================================================
1 2 3 4 5 6A 6B 7 8 9 10 11 12 13 14 15 16 17 18
12Z AVG MX 2MIN
DY MAX MIN AVG DEP HDD CDD WTR SNW DPTH SPD SPD DIR MIN PSBL S-S WX SPD DR
================================================================================
1 84 41 63 -1 2 0 0.00 M M 5.3 14 200 M M M 17 200
2 85 44 65 1 0 0 0.00 M M 6.2 20 250 M M M 25 250
3 82 34 58 -6 7 0 0.00 M M 6.1 15 340 M M M 18 340
4 86 41 64 0 1 0 0.00 M M 5.2 15 360 M M M 18 320
5 92 44 68 5 0 3 0.00 M M 5.0 12 340 M M M 16 340
6 93 48 71 8 0 6 0.00 M M 5.2 13 210 M M M 15 200
7 95 45 70 7 0 5 0.00 M M 6.4 14 350 M M M 17 40
8 96 51 74 12 0 9 0.00 M M 6.2 14 30 M M M 18 10
9 93 49 71 9 0 6 0.00 M M 9.6 33 180 M M M 43 180
10 87 58 73 11 0 8 0.05 M M 12.9 31 180 M M M 41 220
11 80 49 65 4 0 0 0.01 M M 4.3 18 360 M M M 23 350
12 88 45 67 6 0 2 0.00 M M 5.8 24 190 M M M 34 190
13 84 46 65 5 0 0 0.00 M M 6.3 18 360 M M M 22 360
14 85 39 62 2 3 0 0.00 M M 5.8 15 20 M M M 17 30
15 88 45 67 7 0 2 0.00 M M 6.4 15 200 M M M 19 200
16 82 43 63 4 2 0 0.00 M M 6.4 16 350 M M M 21 10
17 84 36 60 1 5 0 0.00 M M 9.8 29 170 M M M 38 160
18 80 51 66 8 0 1 0.00 M M 12.2 26 240 M M M 38 250
19 73 33 53 -5 12 0 0.00 M M 9.5 24 300 M M M 35 310
20 68 27 48 -10 17 0 0.00 M M 4.0 13 360 M M M 17 20
21 80 25 53 -4 12 0 0.00 M M 4.8 14 150 M M M 18 120
22 83 39 61 4 4 0 0.00 M M 6.4 17 320 M M M 22 300
23 75 37 56 0 9 0 0.00 M M 5.9 18 20 M M M 25 360
24 79 32 56 0 9 0 0.00 M M 4.1 12 140 M M M 17 60
25 85 41 63 8 2 0 0.00 M M 5.3 13 210 M M M 16 290
26 84 44 64 9 1 0 0.00 M M 5.3 14 270 M M M 18 270
27 84 41 63 9 2 0 0.00 M M 6.7 12 200 M M M 20 360
28 56 28 42 -12 23 0 0.00 M M 8.5 21 350 M M M 28 360
29 61 19 40 -14 25 0 0.00 M M 5.7 14 10 M M M 21 20
30 67 19 43 -10 22 0 0.00 M M 4.9 13 20 M M M 17 340
================================================================================
SM 2459 1194 158 42 0.06 M 196.2 M M
================================================================================
AV 82.0 39.8 6.5 FASTST M M M MAX(MPH)
MISC ----> 33 180 43 180
================================================================================
NOTES:
# LAST OF SEVERAL OCCURRENCES
COLUMN 17 PEAK WIND IN M.P.H.
PRELIMINARY LOCAL CLIMATOLOGICAL DATA (WS FORM: F-6) , PAGE 2
STATION: EUREKA AIRPORT NV
MONTH: SEPTEMBER
YEAR: 2021
LATITUDE: 39 30 N
LONGITUDE: 115 58 W
[TEMPERATURE DATA] [PRECIPITATION DATA] SYMBOLS USED IN COLUMN 16
AVERAGE MONTHLY: 60.9 TOTAL FOR MONTH: 0.06 1 = FOG OR MIST
DPTR FM NORMAL: 1.8 DPTR FM NORMAL: -0.51 2 = FOG REDUCING VISIBILITY
HIGHEST: 96 ON 8 GRTST 24HR 0.05 ON 10-10 TO 1/4 MILE OR LESS
LOWEST: 19 ON 30,29 3 = THUNDER
SNOW, ICE PELLETS, HAIL 4 = ICE PELLETS
TOTAL MONTH: M 5 = HAIL
GRTST 24HR M ON M 6 = FREEZING RAIN OR DRIZZLE
GRTST DEPTH: M ON M 7 = DUSTSTORM OR SANDSTORM:
VSBY 1/2 MILE OR LESS
8 = SMOKE OR HAZE
[NO. OF DAYS WITH] [WEATHER - DAYS WITH] 9 = BLOWING SNOW
X = TORNADO
MAX 32 OR BELOW: 0 0.01 INCH OR MORE: 2
MAX 90 OR ABOVE: 5 0.10 INCH OR MORE: 0
MIN 32 OR BELOW: 6 0.50 INCH OR MORE: 0
MIN 0 OR BELOW: 0 1.00 INCH OR MORE: 0
[HDD (BASE 65) ]
TOTAL THIS MO. 158 CLEAR (SCALE 0-3) 0
DPTR FM NORMAL -36 PTCLDY (SCALE 4-7) 0
TOTAL FM JUL 1 186 CLOUDY (SCALE 8-10) 30
DPTR FM NORMAL -44
[CDD (BASE 65) ]
TOTAL THIS MO. 42
DPTR FM NORMAL 23 [PRESSURE DATA]
TOTAL FM JAN 1 614 HIGHEST SLP M ON M
DPTR FM NORMAL 258 LOWEST SLP 29.62 ON 1
[REMARKS]
#FINAL-09-21#