000
CXUS53 KPAH 010730
CF6PAH
PRELIMINARY LOCAL CLIMATOLOGICAL DATA (WS FORM: F-6)
STATION: PADUCAH KY
MONTH: OCTOBER
YEAR: 2023
LATITUDE: 37 4 N
LONGITUDE: 88 46 W
TEMPERATURE IN F: :PCPN: SNOW: WIND :SUNSHINE: SKY :PK WND
================================================================================
1 2 3 4 5 6A 6B 7 8 9 10 11 12 13 14 15 16 17 18
12Z AVG MX 2MIN
DY MAX MIN AVG DEP HDD CDD WTR SNW DPTH SPD SPD DIR MIN PSBL S-S WX SPD DR
================================================================================
1 87 57 72 6 0 7 0.00 0.0 0 2.7 14 70 M M 0 1 24 70
2 89 57 73 8 0 8 0.00 0.0 0 1.5 9 50 M M 0 1 15 180
3 89 59 74 9 0 9 0.00 0.0 0 2.3 10 170 M M 1 16 160
4 84 59 72 8 0 7 0.01 0.0 0 3.2 13 180 M M 1 18 20 180
5 69 63 66 2 0 1 0.87 0.0 0 1.1 6 180 M M 10 12 11 260
6 77 49 63 -1 2 0 0.00 0.0 0 5.7 20 350 M M 3 1 29 350
7 66 41 54 -9 11 0 0.00 0.0 0 3.7 9 330 M M 1 20 330
8 70 38 54 -9 11 0 0.00 0.0 0 3.5 13 210 M M 0 19 180
9 76 47 62 0 3 0 0.00 0.0 0 1.5 12 320 M M 1 16 290
10 72 41 57 -5 8 0 0.00 0.0 0 1.6 10 310 M M 1 12 17 250
11 76 46 61 -1 4 0 0.00 0.0 0 3.6 9 190 M M 2 15 180
12 80 53 67 6 0 2 0.00 0.0 0 3.2 17 120 M M 2 128 22 120
13 78 56 67 6 0 2 T 0.0 0 5.4 17 170 M M 7 1 27 160
14 63 53 58 -2 7 0 0.05 0.0 0 6.6 15 310 M M 7 1 25 310
15 60 46 53 -7 12 0 0.02 0.0 0 6.4 20 360 M M 8 33 10
16 64 44 54 -6 11 0 0.00 0.0 0 4.9 15 10 M M 5 22 310
17 69 40 55 -4 10 0 0.00 0.0 0 1.8 7 220 M M 1 1 13 270
18 74 46 60 1 5 0 0.00 0.0 0 4.6 14 170 M M 0 22 220
19 77 54 66 7 0 1 T 0.0 0 4.6 14 220 M M 6 23 210
20 74 46 60 2 5 0 0.00 0.0 0 3.5 16 330 M M 1 1 24 350
21 83 44 64 6 1 0 0.00 0.0 0 3.7 16 250 M M 0 28 210
22 71 45 58 1 7 0 0.00 0.0 0 2.5 10 50 M M 0 1 15 50
23 78 44 61 4 4 0 0.00 0.0 0 3.6 9 160 M M 0 1 16 160
24 76 57 67 10 0 2 0.00 0.0 0 5.4 13 170 M M 0 23 170
25 82 65 74 18 0 9 0.00 0.0 0 6.8 15 180 M M 1 28 220
26 82 65 74 18 0 9 T 0.0 0 6.4 16 180 M M 3 29 190
27 83 69 76 21 0 11 0.01 0.0 0 6.1 13 230 M M 6 24 230
28 71 50 61 6 4 0 1.02 0.0 0 6.2 15 330 M M 10 1 20 360
29 54 44 49 -6 16 0 1.44 0.0 0 5.7 13 340 M M 10 1 22 340
30 49 30 40 -14 25 0 0.05 0.0 0 7.8 15 350 M M 4 1 25 350
31 49 26 38 -16 27 0 0.00 0.0 0 5.2 18 330 M M 1 28 330
================================================================================
SM 2272 1534 173 68 3.47 0.0 130.8 M 92
================================================================================
AV 73.3 49.5 4.2 FASTST M M 3 MAX(MPH)
MISC ----> # 20 350 33 10
================================================================================
NOTES:
# LAST OF SEVERAL OCCURRENCES
COLUMN 17 PEAK WIND IN M.P.H.
PRELIMINARY LOCAL CLIMATOLOGICAL DATA (WS FORM: F-6) , PAGE 2
STATION: PADUCAH KY
MONTH: OCTOBER
YEAR: 2023
LATITUDE: 37 4 N
LONGITUDE: 88 46 W
[TEMPERATURE DATA] [PRECIPITATION DATA] SYMBOLS USED IN COLUMN 16
AVERAGE MONTHLY: 61.4 TOTAL FOR MONTH: 3.47 1 = FOG OR MIST
DPTR FM NORMAL: 1.7 DPTR FM NORMAL: -0.52 2 = FOG REDUCING VISIBILITY
HIGHEST: 89 ON 3, 2 GRTST 24HR 1.57 ON 28-29 TO 1/4 MILE OR LESS
LOWEST: 26 ON 31 3 = THUNDER
SNOW, ICE PELLETS, HAIL 4 = ICE PELLETS
TOTAL MONTH: 0.0 INCH 5 = HAIL
GRTST 24HR 0.0 6 = FREEZING RAIN OR DRIZZLE
GRTST DEPTH: 0 7 = DUSTSTORM OR SANDSTORM:
VSBY 1/2 MILE OR LESS
8 = SMOKE OR HAZE
[NO. OF DAYS WITH] [WEATHER - DAYS WITH] 9 = BLOWING SNOW
X = TORNADO
MAX 32 OR BELOW: 0 0.01 INCH OR MORE: 8
MAX 90 OR ABOVE: 0 0.10 INCH OR MORE: 3
MIN 32 OR BELOW: 2 0.50 INCH OR MORE: 3
MIN 0 OR BELOW: 0 1.00 INCH OR MORE: 2
[HDD (BASE 65) ]
TOTAL THIS MO. 173 CLEAR (SCALE 0-3) 20
DPTR FM NORMAL -40 PTCLDY (SCALE 4-7) 7
TOTAL FM JUL 1 173 CLOUDY (SCALE 8-10) 4
DPTR FM NORMAL -69
[CDD (BASE 65) ]
TOTAL THIS MO. 68
DPTR FM NORMAL 19 [PRESSURE DATA]
TOTAL FM JAN 1 1657 HIGHEST SLP M ON M
DPTR FM NORMAL -21 LOWEST SLP 29.72 ON 21
[REMARKS]
#FINAL-10-23#