000
CXUS53 KPAH 041259
CLMPAH
CLIMATE REPORT
NATIONAL WEATHER SERVICE PADUCAH KY
659 AM CST MON MAR 04 2024
...................................
...THE PADUCAH KY CLIMATE SUMMARY FOR THE MONTH OF FEBRUARY 2024...
CLIMATE NORMAL PERIOD 1991 TO 2020
CLIMATE RECORD PERIOD 1937 TO 2024
WEATHER OBSERVED NORMAL DEPART LAST YEAR`S
VALUE DATE(S) VALUE FROM VALUE DATE(S)
NORMAL
................................................................
TEMPERATURE (F)
RECORD
HIGH 78 02/13/1962
LOW -14 02/02/1951
HIGHEST 76 02/26 77 02/22
02/27
LOWEST 18 02/18 20 02/04
AVG. MAXIMUM 61.3 49.7 11.6 58.1
AVG. MINIMUM 36.2 30.5 5.7 36.2
MEAN 48.8 40.1 8.7 47.1
DAYS MAX >= 90 0 0.0 0.0 0
DAYS MAX <= 32 0 2.6 -2.6 0
DAYS MIN <= 32 11 17.1 -6.1 12
DAYS MIN <= 0 0 0.2 -0.2 0
PRECIPITATION (INCHES)
RECORD
MAXIMUM 13.33 1989
MINIMUM 0.31 1947
TOTALS 0.49 3.94 -3.45 3.45
DAILY AVG. 0.02 NAN NAN 0.12
DAYS >= .01 5 9.3 -4.3 7
DAYS >= .10 1 5.7 -4.7 5
DAYS >= .50 0 3.1 -3.1 2
DAYS >= 1.00 0 1.3 -1.3 2
GREATEST
24 HR. TOTAL 0.29 02/22 TO 02/22
SNOWFALL (INCHES)
RECORDS
TOTAL 15.3 1993
TOTALS T 3.0 -3.0 0.0
SINCE 7/1 1.7 7.8 -6.1 MM
SNOWDEPTH AVG. 0 0
DAYS >= TRACE 1
DAYS >= 1.0 0 0.8 -0.8 0
GREATEST
SNOW DEPTH 0 1 02/01
24 HR TOTAL MM
STORM TOTAL 0.0
(MM/DD(HH))
DEGREE DAYS
HEATING TOTAL 470 698 -228 497
SINCE 7/1 2694 3186 -492 MM
COOLING TOTAL 6 1 5 4
SINCE 1/1 6 1 5 MM
FREEZE DATES
EARLIEST 10/30
LATEST 03/29
................................................................
WIND (MPH)
AVERAGE WIND SPEED 6.3
HIGHEST WIND SPEED/DIRECTION 29/330 DATE 02/28
HIGHEST GUST SPEED/DIRECTION 44/340 DATE 02/28
SKY COVER
POSSIBLE SUNSHINE (PERCENT) MM
AVERAGE SKY COVER 0.23
NUMBER OF DAYS FAIR 21
NUMBER OF DAYS PC 7
NUMBER OF DAYS CLOUDY 1
AVERAGE RH (PERCENT) 61
WEATHER CONDITIONS. NUMBER OF DAYS WITH
THUNDERSTORM 4 MIXED PRECIP 0
HEAVY RAIN 1 RAIN 3
LIGHT RAIN 9 FREEZING RAIN 0
LT FREEZING RAIN 0 HAIL 0
HEAVY SNOW 0 SNOW 0
LIGHT SNOW 1 SLEET 0
FOG 8 FOG W/VIS <= 1/4 MILE 0
HAZE 3
- INDICATES NEGATIVE NUMBERS.
R INDICATES RECORD WAS SET OR TIED.
MM INDICATES DATA IS MISSING.
T INDICATES TRACE AMOUNT.
$$