000
CXUS51 KBTV 010700
CF6PBG
PRELIMINARY LOCAL CLIMATOLOGICAL DATA (WS FORM: F-6)
STATION: PLATTSBURGH NY
MONTH: SEPTEMBER
YEAR: 2020
LATITUDE: 44 39 N
LONGITUDE: 73 28 W
TEMPERATURE IN F: :PCPN: SNOW: WIND :SUNSHINE: SKY :PK WND
================================================================================
1 2 3 4 5 6A 6B 7 8 9 10 11 12 13 14 15 16 17 18
12Z AVG MX 2MIN
DY MAX MIN AVG DEP HDD CDD WTR SNW DPTH SPD SPD DIR MIN PSBL S-S WX SPD DR
================================================================================
1 75 51 63 -2 2 0 T M M 6.3 17 180 M M 10 1 26 200
2 75 64 70 6 0 5 0.13 M M 12.7 24 160 M M 8 13 39 170
3 75 55 65 1 0 0 0.00 M M 4.1 15 150 M M 0 12 19 130
4 76 56 66 2 0 1 0.06 M M 5.1 13 290 M M 3 29 180
5 73 50 62 -1 3 0 0.05 M M 4.3 16 300 M M 4 22 310
6 73 47 60 -3 5 0 0.00 M M 2.8 13 290 M M 1 12 19 270
7 79 47 63 0 2 0 0.00 M M 9.5 23 160 M M 1 33 170
8 72 59 66 4 0 1 T M M 6.0 16 340 M M 7 20 350
9 70 55 63 1 2 0 T M M 6.0 18 10 M M 3 23 80
10 70 54 62 0 3 0 T M M 9.4 20 360 M M 9 1 25 10
11 62 43 53 -8 12 0 0.00 M M 6.8 15 340 M M 7 21 360
12 70 37 54 -7 11 0 0.00 M M 5.6 20 140 M M 1 1 22 140
13 71 52 62 2 3 0 0.20 M M 9.0 21 160 M M 6 1 27 160
14 66 43 55 -5 10 0 M M M 8.1 20 340 M M 4 26 330
15 58 37 48 -12 17 0 0.00 M M 3.0 12 130 M M 2 18 140
16 72 41 57 -2 8 0 0.00 M M 7.8 20 160 M M 0 1 25 110
17 63 47 55 -4 10 0 0.02 M M 4.7 16 20 M M 8 1 19 10
18 58 35 47 -11 18 0 0.00 M M 7.4 21 350 M M 4 27 300
19 57 32 45 -13 20 0 0.00 M M 4.4 18 350 M M 1 20 340
20 58 31 45 -13 20 0 0.00 M M 4.9 16 50 M M 2 21 40
21 59 28 44 -13 21 0 0.00 M M 1.3 8 110 M M 0 11 70
22 64 30 47 -10 18 0 0.00 M M 4.1 15 330 M M 0 20 330
23 75 46 61 5 4 0 T M M 4.1 15 330 M M 6 21 320
24 74 50 62 6 3 0 0.00 M M 3.9 13 40 M M 1 17 30
25 64 48 56 1 9 0 0.00 M M 3.1 12 360 M M 6 14 360
26 78 46 62 7 3 0 0.00 M M 6.0 21 150 M M 0 1 27 150
27 76 54 65 11 0 0 0.00 M M 8.8 23 150 M M 2 30 160
28 74 56 65 11 0 0 0.03 M M 6.8 21 160 M M 4 1 24 170
29 76 56 66 12 0 1 0.47 M M 7.3 25 150 M M 7 1 35 160
30 64 53 59 6 6 0 1.21 M M 5.4 15 240 M M 8 1 26 260
================================================================================
SM 2077 1403 210 8 2.17 M 178.7 M 115
================================================================================
AV 69.2 46.8 6.0 FASTST M M 4 MAX(MPH)
MISC ----> 25 150 39 170
================================================================================
NOTES:
# LAST OF SEVERAL OCCURRENCES
COLUMN 17 PEAK WIND IN M.P.H.
PRELIMINARY LOCAL CLIMATOLOGICAL DATA (WS FORM: F-6) , PAGE 2
STATION: PLATTSBURGH NY
MONTH: SEPTEMBER
YEAR: 2020
LATITUDE: 44 39 N
LONGITUDE: 73 28 W
[TEMPERATURE DATA] [PRECIPITATION DATA] SYMBOLS USED IN COLUMN 16
AVERAGE MONTHLY: 58.0 TOTAL FOR MONTH: 2.17 1 = FOG OR MIST
DPTR FM NORMAL: -1.3 DPTR FM NORMAL: M 2 = FOG REDUCING VISIBILITY
HIGHEST: 79 ON 7 GRTST 24HR 1.68 ON 29-30 TO 1/4 MILE OR LESS
LOWEST: 28 ON 21 3 = THUNDER
SNOW, ICE PELLETS, HAIL 4 = ICE PELLETS
TOTAL MONTH: M 5 = HAIL
GRTST 24HR M ON M 6 = FREEZING RAIN OR DRIZZLE
GRTST DEPTH: M ON M 7 = DUSTSTORM OR SANDSTORM:
VSBY 1/2 MILE OR LESS
8 = SMOKE OR HAZE
[NO. OF DAYS WITH] [WEATHER - DAYS WITH] 9 = BLOWING SNOW
X = TORNADO
MAX 32 OR BELOW: 0 0.01 INCH OR MORE: 8
MAX 90 OR ABOVE: 0 0.10 INCH OR MORE: 4
MIN 32 OR BELOW: 4 0.50 INCH OR MORE: 1
MIN 0 OR BELOW: 0 1.00 INCH OR MORE: 1
[HDD (BASE 65) ]
TOTAL THIS MO. 210 CLEAR (SCALE 0-3) 14
DPTR FM NORMAL 16 PTCLDY (SCALE 4-7) 13
TOTAL FM JUL 1 238 CLOUDY (SCALE 8-10) 3
DPTR FM NORMAL 3
[CDD (BASE 65) ]
TOTAL THIS MO. 8
DPTR FM NORMAL -15 [PRESSURE DATA]
TOTAL FM JAN 1 531 HIGHEST SLP M ON M
DPTR FM NORMAL 186 LOWEST SLP 29.38 ON 30
[REMARKS]
#FINAL-09-20#