000
CXUS53 KARX 010930
CF6PDC
PRELIMINARY LOCAL CLIMATOLOGICAL DATA (WS FORM: F-6)
STATION: PRAIRIE_DU_CHIEN_MUN
MONTH: APRIL
YEAR: 2020
LATITUDE: 43 1 N
LONGITUDE: 91 7 W
TEMPERATURE IN F: :PCPN: SNOW: WIND :SUNSHINE: SKY :PK WND
================================================================================
1 2 3 4 5 6A 6B 7 8 9 10 11 12 13 14 15 16 17 18
12Z AVG MX 2MIN
DY MAX MIN AVG DEP HDD CDD WTR SNW DPTH SPD SPD DIR MIN PSBL S-S WX SPD DR
================================================================================
1 56 28 42 M 23 0 0.00 0.0 0 5.2 12 140 M M 4 12 10 110
2 62 41 52 M 13 0 0.00 0.0 0 9.2 14 120 M M 3 20 130
3 56 31 44 M 21 0 0.09 M M 8.6 15 300 M M 10 25 300
4 47 29 38 M 27 0 0.00 0.0 M 8.3 14 300 M M 4 22 300
5 60 26 43 M 22 0 0.00 0.0 0 3.0 8 210 M M 0 M M
6 51 41 46 M 19 0 M 0.0 0 4.6 9 100 M M 7 1 M M
7 73 46 60 M 5 0 0.00 0.0 0 3.5 14 330 M M 6 12 M M
8 53 41 47 M 18 0 0.31 M 0 5.7 16 290 M M 6 12 23 280
9 44 32 38 M 27 0 M M 0 15.1 29 290 M M 3 36 290
10 51 30 41 M 24 0 0.00 0.0 0 6.9 14 300 M M 2 18 300
11 58 36 47 M 18 0 M 0.0 0 4.7 10 110 M M 8 M M
12 49 32 41 M 24 0 M M 0 7.7 16 330 M M 10 1 29 320
13 40 29 35 M 30 0 0.00 0.0 M 17.0 25 330 M M 5 31 330
14 37 26 32 M 33 0 M M M 12.1 22 280 M M 4 33 270
15 38 22 30 M 35 0 0.00 0.0 M 8.4 15 270 M M 3 23 270
16 44 24 34 M 31 0 0.00 0.0 0 5.5 13 290 M M 1 20 290
17 50 30 40 M 25 0 0.00 0.0 0 5.0 16 280 M M 7 16 290
18 64 31 48 M 17 0 0.00 0.0 0 9.8 21 220 M M 2 29 220
19 57 34 46 M 19 0 0.00 0.0 0 6.9 14 320 M M 0 18 350
20 66 29 48 M 17 0 M 0.0 0 9.7 23 250 M M 3 33 250
21 53 32 43 M 22 0 0.00 0.0 0 9.8 16 290 M M 3 25 300
22 72 42 57 M 8 0 0.38 0.0 0 7.2 17 230 M M 4 21 230
23 59 42 51 M 14 0 0.00 0.0 0 4.7 12 60 M M 7 1 M M
24 55 43 49 M 16 0 M 0.0 0 3.4 7 50 M M 6 18 M M
25 64 40 52 M 13 0 0.00 0.0 0 4.1 10 30 M M 0 16 30
26 69 35 52 M 13 0 0.00 0.0 0 2.9 8 200 M M 3 M M
27 73 52 63 M 2 0 0.01 0.0 0 6.2 14 170 M M 5 22 180
28 71 47 59 M 6 0 0.01 M 0 7.0 17 290 M M 5 30 290
29 59 47 53 M 12 0 0.00 0.0 0 14.4 22 330 M M 7 18 30 330
30 68 43 56 M 9 0 0.00 0.0 0 9.1 17 340 M M 0 23 340
================================================================================
SM 1699 1061 563 0 0.80 0.0 225.7 M 128
================================================================================
AV 56.6 35.4 7.5 FASTST M M 4 MAX(MPH)
MISC ----> # 29 290 # 36 290
================================================================================
NOTES:
# LAST OF SEVERAL OCCURRENCES
COLUMN 17 PEAK WIND IN M.P.H.
PRELIMINARY LOCAL CLIMATOLOGICAL DATA (WS FORM: F-6) , PAGE 2
STATION: PRAIRIE_DU_CHIEN_MUN
MONTH: APRIL
YEAR: 2020
LATITUDE: 43 1 N
LONGITUDE: 91 7 W
[TEMPERATURE DATA] [PRECIPITATION DATA] SYMBOLS USED IN COLUMN 16
AVERAGE MONTHLY: 46.0 TOTAL FOR MONTH: 0.80 1 = FOG OR MIST
DPTR FM NORMAL: M DPTR FM NORMAL: M 2 = FOG REDUCING VISIBILITY
HIGHEST: 73 ON 27, 7 GRTST 24HR 0.38 ON 22-22 TO 1/4 MILE OR LESS
LOWEST: 22 ON 15 3 = THUNDER
SNOW, ICE PELLETS, HAIL 4 = ICE PELLETS
TOTAL MONTH: 0.0 INCH 5 = HAIL
GRTST 24HR 0.0 6 = FREEZING RAIN OR DRIZZLE
GRTST DEPTH: 0 7 = DUSTSTORM OR SANDSTORM:
VSBY 1/2 MILE OR LESS
8 = SMOKE OR HAZE
[NO. OF DAYS WITH] [WEATHER - DAYS WITH] 9 = BLOWING SNOW
X = TORNADO
MAX 32 OR BELOW: 0 0.01 INCH OR MORE: 5
MAX 90 OR ABOVE: 0 0.10 INCH OR MORE: 2
MIN 32 OR BELOW: 15 0.50 INCH OR MORE: 0
MIN 0 OR BELOW: 0 1.00 INCH OR MORE: 0
[HDD (BASE 65) ]
TOTAL THIS MO. 563 CLEAR (SCALE 0-3) 12
DPTR FM NORMAL M PTCLDY (SCALE 4-7) 16
TOTAL FM JUL 1 6442 CLOUDY (SCALE 8-10) 2
DPTR FM NORMAL M
[CDD (BASE 65) ]
TOTAL THIS MO. 0
DPTR FM NORMAL M [PRESSURE DATA]
TOTAL FM JAN 1 0 HIGHEST SLP M ON M
DPTR FM NORMAL M LOWEST SLP M ON M
[REMARKS]
#FINAL-04-20#