000
CXUS56 KPDT 011810
CF6PDT
PRELIMINARY LOCAL CLIMATOLOGICAL DATA (WS FORM: F-6)
STATION: PENDLETON OR
MONTH: AUGUST
YEAR: 2021
LATITUDE: 45 40 N
LONGITUDE: 118 51 W
TEMPERATURE IN F: :PCPN: SNOW: WIND :SUNSHINE: SKY :PK WND
================================================================================
1 2 3 4 5 6A 6B 7 8 9 10 11 12 13 14 15 16 17 18
12Z AVG MX 2MIN
DY MAX MIN AVG DEP HDD CDD WTR SNW DPTH SPD SPD DIR MIN PSBL S-S WX SPD DR
================================================================================
1 92 71 82 7 0 17 0.01 0.0 0 6.1 12 70 M M 4 8 15 130
2 100 66 83 8 0 18 0.00 0.0 0 4.6 13 40 M M 0 8 17 300
3 105 65 85 11 0 20 0.00 0.0 0 8.7 20 10 M M 0 8 30 30
4 97 69 83 9 0 18 0.00 0.0 0 5.0 14 30 M M 0 8 19 20
5 92 68 80 6 0 15 T 0.0 0 11.5 29 270 M M 0 38 39 270
6 89 67 78 4 0 13 0.00 0.0 0 16.2 33 250 M M 1 42 250
7 91 62 77 3 0 12 0.00 0.0 0 13.8 25 270 M M 2 35 280
8 77 58 68 -6 0 3 0.00 0.0 0 17.2 35 260 M M 2 43 260
9 86 50 68 -6 0 3 0.00 0.0 0 6.9 16 300 M M 0 26 320
10 92 54 73 0 0 8 0.00 0.0 0 6.9 14 130 M M 0 19 330
11 102 64 83 10 0 18 0.00 0.0 0 7.0 15 350 M M 0 8 19 330
12 102 68 85 12 0 20 0.00 0.0 0 7.5 16 10 M M 2 8 21 20
13 96 64 80 7 0 15 0.00 0.0 0 5.6 13 140 M M 6 8 16 150
14 101 66 84 12 0 19 0.00 0.0 0 7.6 16 310 M M 3 8 21 310
15 102 69 86 14 0 21 0.00 0.0 0 7.8 20 260 M M 0 27 270
16 97 64 81 9 0 16 0.00 0.0 0 12.2 29 260 M M 0 8 39 260
17 75 57 66 -6 0 1 T 0.0 0 19.9 36 240 M M 4 8 45 230
18 77 58 68 -4 0 3 0.00 0.0 0 8.1 18 280 M M 6 25 280
19 84 53 69 -2 0 4 0.00 0.0 0 8.1 16 290 M M 0 8 22 290
20 79 58 69 -2 0 4 0.00 0.0 0 10.4 21 290 M M 0 31 260
21 75 59 67 -4 0 2 0.00 0.0 0 8.9 21 260 M M 6 27 270
22 79 51 65 -5 0 0 0.00 0.0 0 12.9 26 240 M M 0 34 250
23 73 47 60 -10 5 0 0.00 0.0 0 6.6 20 240 M M 0 27 250
24 80 42 61 -9 4 0 0.00 0.0 0 7.0 14 50 M M 0 19 10
25 84 52 68 -2 0 3 0.00 0.0 0 7.7 28 250 M M 0 35 260
26 81 59 70 1 0 5 0.00 0.0 0 15.1 29 250 M M 0 37 250
27 77 54 66 -3 0 1 0.00 0.0 0 11.6 24 260 M M 2 32 260
28 83 49 66 -3 0 1 0.00 0.0 0 6.8 14 20 M M 0 20 340
29 89 52 71 2 0 6 0.00 0.0 0 7.3 15 340 M M 0 20 360
30 82 55 69 1 0 4 0.00 0.0 0 13.9 28 270 M M 0 37 290
31 74 49 62 -6 3 0 0.00 0.0 0 11.0 24 270 M M 0 33 240
================================================================================
SM 2713 1820 12 270 0.01 0.0 299.9 M 38
================================================================================
AV 87.5 58.7 9.7 FASTST M M 1 MAX(MPH)
MISC ----> 36 240 45 230
================================================================================
NOTES:
# LAST OF SEVERAL OCCURRENCES
COLUMN 17 PEAK WIND IN M.P.H.
PRELIMINARY LOCAL CLIMATOLOGICAL DATA (WS FORM: F-6) , PAGE 2
STATION: PENDLETON OR
MONTH: AUGUST
YEAR: 2021
LATITUDE: 45 40 N
LONGITUDE: 118 51 W
[TEMPERATURE DATA] [PRECIPITATION DATA] SYMBOLS USED IN COLUMN 16
AVERAGE MONTHLY: 73.1 TOTAL FOR MONTH: 0.01 1 = FOG OR MIST
DPTR FM NORMAL: 1.3 DPTR FM NORMAL: -0.30 2 = FOG REDUCING VISIBILITY
HIGHEST: 105 ON 3 GRTST 24HR 0.01 ON 31- 1 TO 1/4 MILE OR LESS
LOWEST: 42 ON 24 3 = THUNDER
SNOW, ICE PELLETS, HAIL 4 = ICE PELLETS
TOTAL MONTH: 0.0 INCH 5 = HAIL
GRTST 24HR 0.0 6 = FREEZING RAIN OR DRIZZLE
GRTST DEPTH: 0 7 = DUSTSTORM OR SANDSTORM:
VSBY 1/2 MILE OR LESS
8 = SMOKE OR HAZE
[NO. OF DAYS WITH] [WEATHER - DAYS WITH] 9 = BLOWING SNOW
X = TORNADO
MAX 32 OR BELOW: 0 0.01 INCH OR MORE: 1
MAX 90 OR ABOVE: 13 0.10 INCH OR MORE: 0
MIN 32 OR BELOW: 0 0.50 INCH OR MORE: 0
MIN 0 OR BELOW: 0 1.00 INCH OR MORE: 0
[HDD (BASE 65) ]
TOTAL THIS MO. 12 CLEAR (SCALE 0-3) 26
DPTR FM NORMAL 0 PTCLDY (SCALE 4-7) 5
TOTAL FM JUL 1 13 CLOUDY (SCALE 8-10) 0
DPTR FM NORMAL -4
[CDD (BASE 65) ]
TOTAL THIS MO. 270
DPTR FM NORMAL 47 [PRESSURE DATA]
TOTAL FM JAN 1 950 HIGHEST SLP 30.11 ON 28
DPTR FM NORMAL 378 LOWEST SLP 29.62 ON 16
[REMARKS]
#FINAL-08-21#