000
CXUS56 KPQR 011155
CF6PDX
PRELIMINARY LOCAL CLIMATOLOGICAL DATA (WS FORM: F-6)
STATION: PORTLAND OR
MONTH: AUGUST
YEAR: 2022
LATITUDE: 45 35 N
LONGITUDE: 122 36 W
TEMPERATURE IN F: :PCPN: SNOW: WIND :SUNSHINE: SKY :PK WND
================================================================================
1 2 3 4 5 6A 6B 7 8 9 10 11 12 13 14 15 16 17 18
12Z AVG MX 2MIN
DY MAX MIN AVG DEP HDD CDD WTR SNW DPTH SPD SPD DIR MIN PSBL S-S WX SPD DR
================================================================================
1 89 66 78 6 0 13 T 0.0 0 5.9 10 350 M M 4 14 290
2 88 63 76 4 0 11 0.00 0.0 0 6.3 12 310 M M 3 14 310
3 86 60 73 1 0 8 0.00 0.0 0 6.0 20 320 M M 1 27 320
4 78 61 70 -2 0 5 0.00 0.0 0 5.9 15 310 M M 6 19 320
5 84 57 71 -1 0 6 0.00 0.0 0 7.9 17 320 M M 1 22 320
6 93 60 77 5 0 12 0.00 0.0 0 6.3 16 300 M M 0 20 300
7 100 62 81 9 0 16 0.00 0.0 0 5.5 14 300 M M 1 17 310
8 88 65 77 5 0 12 0.00 0.0 0 4.1 14 200 M M 2 17 220
9 86 64 75 4 0 10 T 0.0 0 4.9 12 190 M M 5 15 200
10 78 64 71 0 0 6 0.00 0.0 0 5.5 15 200 M M 6 19 210
11 88 60 74 3 0 9 0.00 0.0 0 5.5 13 320 M M 1 17 270
12 81 61 71 0 0 6 0.00 0.0 0 4.2 16 320 M M 3 20 320
13 79 64 72 1 0 7 0.00 0.0 0 7.1 16 310 M M 5 19 320
14 86 59 73 2 0 8 0.00 0.0 0 5.3 13 310 M M 2 16 280
15 90 62 76 5 0 11 0.00 0.0 0 5.3 13 300 M M 1 17 320
16 90 63 77 6 0 12 0.00 0.0 0 7.3 17 310 M M 3 22 310
17 98 67 83 12 0 18 0.00 0.0 0 4.6 14 280 M M 3 17 290
18 86 73 80 10 0 15 T 0.0 0 3.5 14 120 M M 8 19 120
19 83 68 76 6 0 11 0.00 0.0 0 5.7 14 320 M M 7 18 320
20 79 63 71 1 0 6 T 0.0 0 4.2 10 320 M M 6 1 13 320
21 91 61 76 6 0 11 0.00 0.0 0 4.9 13 320 M M 4 15 320
22 88 64 76 6 0 11 0.00 0.0 0 4.8 14 310 M M 3 20 320
23 87 63 75 5 0 10 0.00 0.0 0 6.1 16 310 M M 2 22 320
24 94 63 79 9 0 14 0.00 0.0 0 7.1 16 320 M M 2 20 320
25 93 65 79 9 0 14 0.00 0.0 0 5.9 15 320 M M 2 18 310
26 79 64 72 2 0 7 0.00 0.0 0 5.2 16 310 M M 7 22 320
27 76 61 69 0 0 4 0.00 0.0 0 8.4 17 310 M M 6 21 310
28 82 56 69 0 0 4 0.00 0.0 0 6.4 15 320 M M 2 20 330
29 94 61 78 9 0 13 0.00 0.0 0 5.5 15 290 M M 3 18 290
30 100 64 82 13 0 17 0.00 0.0 0 3.0 10 270 M M 2 14 270
31 93 64 79 10 0 14 0.00 0.0 0 4.4 15 320 M M 1 18 320
================================================================================
SM 2707 1948 0 321 T 0.0 172.7 M 102
================================================================================
AV 87.3 62.8 5.6 FASTST M M 3 MAX(MPH)
MISC ----> 20 320 27 320
================================================================================
NOTES:
# LAST OF SEVERAL OCCURRENCES
COLUMN 17 PEAK WIND IN M.P.H.
PRELIMINARY LOCAL CLIMATOLOGICAL DATA (WS FORM: F-6) , PAGE 2
STATION: PORTLAND OR
MONTH: AUGUST
YEAR: 2022
LATITUDE: 45 35 N
LONGITUDE: 122 36 W
[TEMPERATURE DATA] [PRECIPITATION DATA] SYMBOLS USED IN COLUMN 16
AVERAGE MONTHLY: 75.1 TOTAL FOR MONTH: T 1 = FOG OR MIST
DPTR FM NORMAL: 4.5 DPTR FM NORMAL: -0.54 2 = FOG REDUCING VISIBILITY
HIGHEST: 100 ON 30, 7 GRTST 24HR T ON 1- 1 TO 1/4 MILE OR LESS
LOWEST: 56 ON 28 3 = THUNDER
SNOW, ICE PELLETS, HAIL 4 = ICE PELLETS
TOTAL MONTH: 0.0 INCH 5 = HAIL
GRTST 24HR 0.0 6 = FREEZING RAIN OR DRIZZLE
GRTST DEPTH: 0 7 = DUSTSTORM OR SANDSTORM:
VSBY 1/2 MILE OR LESS
8 = SMOKE OR HAZE
[NO. OF DAYS WITH] [WEATHER - DAYS WITH] 9 = BLOWING SNOW
X = TORNADO
MAX 32 OR BELOW: 0 0.01 INCH OR MORE: 0
MAX 90 OR ABOVE: 11 0.10 INCH OR MORE: 0
MIN 32 OR BELOW: 0 0.50 INCH OR MORE: 0
MIN 0 OR BELOW: 0 1.00 INCH OR MORE: 0
[HDD (BASE 65) ]
TOTAL THIS MO. 0 CLEAR (SCALE 0-3) 18
DPTR FM NORMAL -7 PTCLDY (SCALE 4-7) 13
TOTAL FM JUL 1 0 CLOUDY (SCALE 8-10) 0
DPTR FM NORMAL -12
[CDD (BASE 65) ]
TOTAL THIS MO. 321
DPTR FM NORMAL 140 [PRESSURE DATA]
TOTAL FM JAN 1 675 HIGHEST SLP 30.20 ON 13
DPTR FM NORMAL 244 LOWEST SLP 29.78 ON 24
[REMARKS]
#FINAL-08-22#