000
CXUS51 KPBZ 011431
CF6PHD
PRELIMINARY LOCAL CLIMATOLOGICAL DATA (WS FORM: F-6)
STATION: NEW PHILADELPHIA OH
MONTH: DECEMBER
YEAR: 2020
LATITUDE: 40 28 N
LONGITUDE: 81 25 W
TEMPERATURE IN F: :PCPN: SNOW: WIND :SUNSHINE: SKY :PK WND
================================================================================
1 2 3 4 5 6A 6B 7 8 9 10 11 12 13 14 15 16 17 18
12Z AVG MX 2MIN
DY MAX MIN AVG DEP HDD CDD WTR SNW DPTH SPD SPD DIR MIN PSBL S-S WX SPD DR
================================================================================
1 33 28 31 -6 34 0 0.12 M M 10.3 17 270 M M 10 168 25 290
2 38 28 33 -4 32 0 0.00 M M 6.1 16 280 M M 3 25 250
3 39 24 32 -5 33 0 0.00 M M 5.1 12 200 M M 3 1 16 200
4 45 31 38 2 27 0 0.00 M M 3.3 13 220 M M 7 1 21 220
5 41 34 38 2 27 0 0.00 M M 6.3 16 330 M M 10 1 20 330
6 34 31 33 -3 32 0 0.00 M M 4.9 10 350 M M 10 14 310
7 34 30 32 -3 33 0 T M M 5.3 14 310 M M 10 18 19 300
8 35 31 33 -2 32 0 0.00 M M 7.1 14 310 M M 9 20 300
9 46 29 38 4 27 0 0.00 M M 5.4 13 260 M M 6 1 19 200
10 51 27 39 5 26 0 0.00 M M 2.7 9 130 M M 4 128 12 140
11 63 29 46 12 19 0 0.00 M M 5.4 13 210 M M 0 1 18 210
12 56 34 45 12 20 0 0.03 M M 4.8 14 190 M M 6 20 190
13 M M M M M M M M M M M M M M M M M
14 38 28 33 0 32 0 0.00 M M 5.8 21 310 M M 9 27 310
15 34 21 28 -4 37 0 0.00 M M 3.5 10 50 M M 1 15 70
16 33 28 31 -1 34 0 0.33 M M 4.5 13 120 M M 7 1 17 130
17 33 29 31 -1 34 0 0.04 M M 1.8 7 260 M M 10 1 9 270
18 33 29 31 -1 34 0 T M M 2.5 6 140 M M 10 1 9 130
19 36 24 30 -1 35 0 0.07 M M 4.6 12 100 M M 4 1 14 170
20 38 33 36 5 29 0 0.22 M M 4.3 10 230 M M 10 1 15 230
21 39 35 37 6 28 0 0.03 M M 4.9 12 230 M M 10 1 18 260
22 41 29 35 4 30 0 0.10 M M 6.1 18 320 M M 9 1 24 320
23 52 26 39 8 26 0 T M M 6.8 15 150 M M 2 24 160
24 54 20 37 7 28 0 0.44 M M 11.2 23 180 M M 10 16 35 200
25 20 15 18 -12 47 0 0.05 M M 7.5 15 250 M M 10 18 23 240
26 23 12 18 -12 47 0 T M M 6.4 16 250 M M 9 26 250
27 49 8 29 -1 36 0 T M M 5.6 16 190 M M 1 25 180
28 48 32 40 10 25 0 T M M 9.5 21 180 M M 10 34 160
29 35 21 28 -2 37 0 0.00 M M 3.1 15 310 M M 3 19 310
30 52 30 41 11 24 0 0.36 M M 8.1 21 320 M M 8 1 28 170
31 36 30 33 4 32 0 0.08 M M 3.7 16 300 M M 9 18 22 300
================================================================================
SM 1209 806 937 0 1.87 M 166.6 M 210
================================================================================
AV 40.3 26.9 5.6 FASTST M M 7 MAX(MPH)
MISC ----> 23 180 35 200
================================================================================
NOTES:
# LAST OF SEVERAL OCCURRENCES
COLUMN 17 PEAK WIND IN M.P.H.
PRELIMINARY LOCAL CLIMATOLOGICAL DATA (WS FORM: F-6) , PAGE 2
STATION: NEW PHILADELPHIA OH
MONTH: DECEMBER
YEAR: 2020
LATITUDE: 40 28 N
LONGITUDE: 81 25 W
[TEMPERATURE DATA] [PRECIPITATION DATA] SYMBOLS USED IN COLUMN 16
AVERAGE MONTHLY: 33.6 TOTAL FOR MONTH: 1.87 1 = FOG OR MIST
DPTR FM NORMAL: 1.0 DPTR FM NORMAL: -0.80 2 = FOG REDUCING VISIBILITY
HIGHEST: 63 ON 11 GRTST 24HR 0.46 ON 24-25 TO 1/4 MILE OR LESS
LOWEST: 8 ON 27 3 = THUNDER
SNOW, ICE PELLETS, HAIL 4 = ICE PELLETS
TOTAL MONTH: M 5 = HAIL
GRTST 24HR M ON M 6 = FREEZING RAIN OR DRIZZLE
GRTST DEPTH: M ON M 7 = DUSTSTORM OR SANDSTORM:
VSBY 1/2 MILE OR LESS
8 = SMOKE OR HAZE
[NO. OF DAYS WITH] [WEATHER - DAYS WITH] 9 = BLOWING SNOW
X = TORNADO
MAX 32 OR BELOW: 2 0.01 INCH OR MORE: 12
MAX 90 OR ABOVE: 0 0.10 INCH OR MORE: 6
MIN 32 OR BELOW: 26 0.50 INCH OR MORE: 0
MIN 0 OR BELOW: 0 1.00 INCH OR MORE: 0
[HDD (BASE 65) ]
TOTAL THIS MO. 937 CLEAR (SCALE 0-3) 7
DPTR FM NORMAL -66 PTCLDY (SCALE 4-7) 6
TOTAL FM JUL 1 1914 CLOUDY (SCALE 8-10) 18
DPTR FM NORMAL -247
[CDD (BASE 65) ]
TOTAL THIS MO. 0
DPTR FM NORMAL 0 [PRESSURE DATA]
TOTAL FM JAN 1 983 HIGHEST SLP M ON M
DPTR FM NORMAL 286 LOWEST SLP 29.64 ON 1
[REMARKS]
#FINAL-12-20#