000
CXUS53 KUNR 010930
CF6PHP
PRELIMINARY LOCAL CLIMATOLOGICAL DATA (WS FORM: F-6)
STATION: PHILIP SD
MONTH: OCTOBER
YEAR: 2021
LATITUDE: 44 3 N
LONGITUDE: 101 36 W
TEMPERATURE IN F: :PCPN: SNOW: WIND :SUNSHINE: SKY :PK WND
================================================================================
1 2 3 4 5 6A 6B 7 8 9 10 11 12 13 14 15 16 17 18
12Z AVG MX 2MIN
DY MAX MIN AVG DEP HDD CDD WTR SNW DPTH SPD SPD DIR MIN PSBL S-S WX SPD DR
================================================================================
1 74 47 61 5 4 0 0.00 M M 6.2 15 60 M M 4 12 19 70
2 81 42 62 6 3 0 0.00 M M 6.6 17 350 M M 2 12 24 340
3 85 38 62 7 3 0 0.00 M M 4.4 10 280 M M 0 16 320
4 88 40 64 10 1 0 0.00 M M 7.5 17 170 M M 0 25 170
5 91 50 71 17 0 6 0.00 M M 10.6 23 170 M M 0 31 170
6 85 50 68 15 0 3 0.00 M M 12.1 25 160 M M 0 32 150
7 87 50 69 16 0 4 0.00 M M 5.5 15 220 M M 0 21 230
8 80 49 65 13 0 0 0.00 M M 6.3 16 40 M M 1 20 40
9 74 50 62 10 3 0 0.17 M M 12.0 28 310 M M 7 13 38 310
10 71 39 55 4 10 0 T M M 13.6 26 320 M M 4 37 320
11 70 38 54 3 11 0 0.00 M M 10.3 21 350 M M 0 25 350
12 50 39 45 -5 20 0 0.44 M M 18.9 33 80 M M 7 1 43 80
13 52 37 45 -5 20 0 0.71 M M 27.6 51 300 M M 8 69 300
14 54 31 43 -6 22 0 0.00 M M 12.5 28 280 M M 0 35 310
15 57 33 45 -4 20 0 0.00 M M 13.6 35 290 M M 1 47 290
16 68 32 50 2 15 0 0.00 M M 10.1 21 300 M M 0 28 310
17 78 32 55 7 10 0 0.00 M M 4.7 13 170 M M 0 20 170
18 83 36 60 13 5 0 0.00 M M 5.0 16 250 M M 0 22 250
19 49 39 44 -3 21 0 0.03 M M 16.5 28 10 M M 6 1 36 10
20 41 26 34 -12 31 0 0.52 M M 11.5 21 330 M M 7 1 27 330
21 54 21 38 -8 27 0 0.00 M M 4.3 10 140 M M 0 14 150
22 60 31 46 1 19 0 0.00 M M 6.8 15 90 M M 1 19 120
23 56 34 45 0 20 0 0.00 M M 14.6 28 130 M M 3 40 130
24 55 34 45 1 20 0 0.00 M M 8.5 16 100 M M 6 12 21 110
25 56 39 48 4 17 0 0.00 M M 14.6 26 140 M M 4 34 140
26 56 41 49 6 16 0 0.07 M M 13.8 33 320 M M 7 1 45 320
27 61 42 52 9 13 0 0.08 M M 14.7 26 330 M M 4 35 320
28 60 31 46 3 19 0 0.00 M M 16.7 31 340 M M 0 41 310
29 72 29 51 9 14 0 0.00 M M 7.6 17 160 M M 0 24 150
30 55 37 46 4 19 0 0.00 M M 15.6 36 330 M M 6 46 330
31 45 21 33 -8 32 0 0.00 M M 10.6 23 330 M M 5 29 320
================================================================================
SM 2048 1158 415 13 2.02 M 343.3 M 83
================================================================================
AV 66.1 37.4 11.1 FASTST M M 3 MAX(MPH)
MISC ----> 51 300 69 300
================================================================================
NOTES:
# LAST OF SEVERAL OCCURRENCES
COLUMN 17 PEAK WIND IN M.P.H.
PRELIMINARY LOCAL CLIMATOLOGICAL DATA (WS FORM: F-6) , PAGE 2
STATION: PHILIP SD
MONTH: OCTOBER
YEAR: 2021
LATITUDE: 44 3 N
LONGITUDE: 101 36 W
[TEMPERATURE DATA] [PRECIPITATION DATA] SYMBOLS USED IN COLUMN 16
AVERAGE MONTHLY: 51.7 TOTAL FOR MONTH: 2.02 1 = FOG OR MIST
DPTR FM NORMAL: 3.4 DPTR FM NORMAL: 0.57 2 = FOG REDUCING VISIBILITY
HIGHEST: 91 ON 5 GRTST 24HR 1.15 ON 12-13 TO 1/4 MILE OR LESS
LOWEST: 21 ON 31,21 3 = THUNDER
SNOW, ICE PELLETS, HAIL 4 = ICE PELLETS
TOTAL MONTH: M 5 = HAIL
GRTST 24HR M ON M 6 = FREEZING RAIN OR DRIZZLE
GRTST DEPTH: M ON M 7 = DUSTSTORM OR SANDSTORM:
VSBY 1/2 MILE OR LESS
8 = SMOKE OR HAZE
[NO. OF DAYS WITH] [WEATHER - DAYS WITH] 9 = BLOWING SNOW
X = TORNADO
MAX 32 OR BELOW: 0 0.01 INCH OR MORE: 7
MAX 90 OR ABOVE: 1 0.10 INCH OR MORE: 4
MIN 32 OR BELOW: 9 0.50 INCH OR MORE: 2
MIN 0 OR BELOW: 0 1.00 INCH OR MORE: 0
[HDD (BASE 65) ]
TOTAL THIS MO. 415 CLEAR (SCALE 0-3) 18
DPTR FM NORMAL -107 PTCLDY (SCALE 4-7) 12
TOTAL FM JUL 1 465 CLOUDY (SCALE 8-10) 1
DPTR FM NORMAL -215
[CDD (BASE 65) ]
TOTAL THIS MO. 13
DPTR FM NORMAL 7 [PRESSURE DATA]
TOTAL FM JAN 1 1112 HIGHEST SLP 30.42 ON 31
DPTR FM NORMAL 279 LOWEST SLP 29.21 ON 13
[REMARKS]
#FINAL-10-21#