000
CXUS53 KUNR 191953
CF6PHP
PRELIMINARY LOCAL CLIMATOLOGICAL DATA (WS FORM: F-6)
STATION: PHILIP SD
MONTH: DECEMBER
YEAR: 2023
LATITUDE: 44 3 N
LONGITUDE: 101 36 W
TEMPERATURE IN F: :PCPN: SNOW: WIND :SUNSHINE: SKY :PK WND
================================================================================
1 2 3 4 5 6A 6B 7 8 9 10 11 12 13 14 15 16 17 18
12Z AVG MX 2MIN
DY MAX MIN AVG DEP HDD CDD WTR SNW DPTH SPD SPD DIR MIN PSBL S-S WX SPD DR
================================================================================
1 39 14 27 -1 38 0 0.00 M M 6.6 18 150 M M 5 24 140
2 44 8 26 -2 39 0 0.00 M M 3.4 9 220 M M 1 11 220
3 47 14 31 3 34 0 0.00 M M 11.7 31 310 M M 3 39 310
4 53 21 37 10 28 0 0.00 M M 15.5 39 310 M M 3 54 290
5 48 16 32 5 33 0 0.00 M M 4.8 13 290 M M 4 17 290
6 64 28 46 19 19 0 0.00 M M 8.0 18 250 M M 0 23 250
7 67 23 45 19 20 0 T M M 14.8 35 300 M M 2 48 310
8 43 32 38 12 27 0 T M M 21.9 38 290 M M 6 1 50 290
9 40 17 29 3 36 0 0.00 M M 17.8 35 320 M M 2 47 320
10 42 16 29 4 36 0 0.00 M M 3.7 12 270 M M 2 13 270
11 52 17 35 10 30 0 0.00 M M 11.7 23 350 M M 4 30 360
12 39 10 25 0 40 0 0.00 M M 5.4 16 210 M M 2 20 200
13 46 14 30 6 35 0 0.00 M M 5.7 13 200 M M 0 17 200
14 48 27 38 14 27 0 0.00 M M 9.9 29 200 M M 2 37 190
15 41 24 33 9 32 0 0.00 M M 12.6 29 320 M M 3 37 320
16 46 24 35 11 30 0 0.00 M M 10.2 18 260 M M 5 24 320
17 54 15 35 11 30 0 0.00 M M 10.0 29 330 M M 1 43 330
18 50 6 28 5 37 0 0.00 M M 5.5 18 150 M M 0 23 140
19 52 18 35 12 30 0 0.00 M M 3.5 9 90 M M 0 10 230
20 49 16 33 10 32 0 0.00 M M 6.9 14 100 M M 0 1 19 120
21 58 18 38 15 27 0 0.00 M M 5.4 12 270 M M 0 14 330
22 58 20 39 16 26 0 0.00 M M 3.8 12 270 M M 0 15 230
23 46 17 32 10 33 0 0.00 M M 9.1 37 320 M M 2 55 330
24 35 22 29 7 36 0 T M M 20.0 33 330 M M 8 46 330
25 30 22 26 4 39 0 0.19 M M 22.3 33 340 M M 9 1 47 340
26 32 25 29 7 36 0 0.37 M M 19.9 30 340 M M 10 1 39 340
27 34 16 25 3 40 0 T M M 12.2 24 330 M M 7 30 330
28 33 13 23 1 42 0 0.00 M M 7.0 14 280 M M 2 16 320
29 40 13 27 5 38 0 0.00 M M 10.5 17 290 M M 1 20 290
30 37 16 27 5 38 0 0.00 M M 9.1 16 300 M M 0 20 310
31 19 3 11 -11 54 0 0.00 M M 2.8 7 160 M M 8 12 9 290
================================================================================
SM 1386 545 1042 0 0.56 M 311.7 M 92
================================================================================
AV 44.7 17.6 10.1 FASTST M M 3 MAX(MPH)
MISC ----> 39 310 55 330
================================================================================
NOTES:
# LAST OF SEVERAL OCCURRENCES
COLUMN 17 PEAK WIND IN M.P.H.
PRELIMINARY LOCAL CLIMATOLOGICAL DATA (WS FORM: F-6) , PAGE 2
STATION: PHILIP SD
MONTH: DECEMBER
YEAR: 2023
LATITUDE: 44 3 N
LONGITUDE: 101 36 W
[TEMPERATURE DATA] [PRECIPITATION DATA] SYMBOLS USED IN COLUMN 16
AVERAGE MONTHLY: 31.1 TOTAL FOR MONTH: 0.56 1 = FOG OR MIST
DPTR FM NORMAL: 6.9 DPTR FM NORMAL: 0.12 2 = FOG REDUCING VISIBILITY
HIGHEST: 67 ON 7 GRTST 24HR 0.37 ON 26-26 TO 1/4 MILE OR LESS
LOWEST: 3 ON 31 3 = THUNDER
SNOW, ICE PELLETS, HAIL 4 = ICE PELLETS
TOTAL MONTH: M 5 = HAIL
GRTST 24HR M ON M 6 = FREEZING RAIN OR DRIZZLE
GRTST DEPTH: M ON M 7 = DUSTSTORM OR SANDSTORM:
VSBY 1/2 MILE OR LESS
8 = SMOKE OR HAZE
[NO. OF DAYS WITH] [WEATHER - DAYS WITH] 9 = BLOWING SNOW
X = TORNADO
MAX 32 OR BELOW: 3 0.01 INCH OR MORE: 2
MAX 90 OR ABOVE: 0 0.10 INCH OR MORE: 2
MIN 32 OR BELOW: 31 0.50 INCH OR MORE: 0
MIN 0 OR BELOW: 0 1.00 INCH OR MORE: 0
[HDD (BASE 65) ]
TOTAL THIS MO. 1042 CLEAR (SCALE 0-3) 21
DPTR FM NORMAL -221 PTCLDY (SCALE 4-7) 7
TOTAL FM JUL 1 2448 CLOUDY (SCALE 8-10) 3
DPTR FM NORMAL -399
[CDD (BASE 65) ]
TOTAL THIS MO. 0
DPTR FM NORMAL 0 [PRESSURE DATA]
TOTAL FM JAN 1 840 HIGHEST SLP 30.57 ON 13
DPTR FM NORMAL 7 LOWEST SLP 29.31 ON 7
[REMARKS]
#FINAL-12-23#