000
CXUS55 KPIH 011100
CF6PIH
PRELIMINARY LOCAL CLIMATOLOGICAL DATA (WS FORM: F-6)
STATION: POCATELLO
MONTH: MAY
YEAR: 2021
LATITUDE: 42 55 N
LONGITUDE: 112 36 W
TEMPERATURE IN F: :PCPN: SNOW: WIND :SUNSHINE: SKY :PK WND
================================================================================
1 2 3 4 5 6A 6B 7 8 9 10 11 12 13 14 15 16 17 18
12Z AVG MX 2MIN
DY MAX MIN AVG DEP HDD CDD WTR SNW DPTH SPD SPD DIR MIN PSBL S-S WX SPD DR
================================================================================
1 75 47 61 11 4 0 0.00 0.0 0 13.6 29 270 M M 1 37 250
2 57 45 51 1 14 0 0.33 0.0 0 12.4 28 310 M M 8 1 38 320
3 62 39 51 1 14 0 0.00 0.0 0 7.2 15 230 M M 5 20 240
4 66 43 55 5 10 0 0.05 0.0 0 9.6 28 250 M M 5 45 270
5 67 36 52 1 13 0 0.00 0.0 0 4.9 14 300 M M 2 19 300
6 84 32 58 7 7 0 0.00 0.0 0 6.3 22 180 M M 0 29 170
7 74 46 60 8 5 0 0.00 0.0 0 20.1 35 260 M M 2 43 240
8 57 35 46 -6 19 0 0.00 0.0 0 18.1 32 230 M M 3 42 240
9 58 25 42 -10 23 0 0.00 0.0 0 6.5 16 280 M M 3 22 290
10 57 31 44 -8 21 0 0.00 0.0 0 6.8 28 320 M M 4 35 320
11 62 28 45 -8 20 0 0.00 0.0 0 5.1 12 260 M M 3 18 300
12 72 32 52 -1 13 0 0.00 0.0 0 7.1 22 270 M M 1 29 260
13 80 47 64 10 1 0 0.00 0.0 0 9.2 23 270 M M 3 31 260
14 75 43 59 5 6 0 T 0.0 0 7.7 22 240 M M 2 8 27 240
15 68 44 56 2 9 0 0.02 0.0 0 6.8 18 60 M M 2 25 50
16 81 38 60 6 5 0 T 0.0 0 11.2 38 180 M M 2 3 52 180
17 79 42 61 6 4 0 0.00 0.0 0 9.2 16 190 M M 1 22 250
18 78 44 61 6 4 0 0.00 0.0 0 15.4 31 240 M M 0 42 260
19 76 42 59 4 6 0 0.00 0.0 0 12.3 28 240 M M 2 36 250
20 61 41 51 -5 14 0 T 0.0 0 13.5 24 230 M M 4 30 290
21 52 40 46 -10 19 0 0.08 0.0 0 11.6 24 60 M M 9 13 30 50
22 69 34 52 -4 13 0 0.03 0.0 0 8.1 23 260 M M 5 1 33 250
23 61 42 52 -4 13 0 0.01 0.0 0 14.7 32 220 M M 8 3 42 220
24 67 44 56 -1 9 0 T 0.0 0 17.8 31 240 M M 6 40 250
25 70 36 53 -4 12 0 0.05 0.0 0 8.3 26 280 M M 5 3 37 300
26 67 43 55 -2 10 0 T 0.0 0 14.8 25 260 M M 6 35 270
27 77 34 56 -1 9 0 0.00 0.0 0 6.8 17 290 M M 0 24 290
28 72 46 59 1 6 0 0.00 0.0 0 18.1 31 250 M M 0 39 260
29 73 37 55 -3 10 0 0.00 0.0 0 5.1 18 220 M M 0 24 210
30 80 35 58 0 7 0 0.00 0.0 0 5.7 16 300 M M 1 22 320
31 83 43 63 5 2 0 0.00 0.0 0 7.7 13 320 M M 1 18 250
================================================================================
SM 2160 1214 322 0 0.57 0.0 321.7 M 94
================================================================================
AV 69.7 39.2 10.4 FASTST M M 3 MAX(MPH)
MISC ----> 38 180 52 180
================================================================================
NOTES:
# LAST OF SEVERAL OCCURRENCES
COLUMN 17 PEAK WIND IN M.P.H.
PRELIMINARY LOCAL CLIMATOLOGICAL DATA (WS FORM: F-6) , PAGE 2
STATION: POCATELLO
MONTH: MAY
YEAR: 2021
LATITUDE: 42 55 N
LONGITUDE: 112 36 W
[TEMPERATURE DATA] [PRECIPITATION DATA] SYMBOLS USED IN COLUMN 16
AVERAGE MONTHLY: 54.4 TOTAL FOR MONTH: 0.57 1 = FOG OR MIST
DPTR FM NORMAL: 0.2 DPTR FM NORMAL: -0.83 2 = FOG REDUCING VISIBILITY
HIGHEST: 84 ON 6 GRTST 24HR 0.33 ON 2- 2 TO 1/4 MILE OR LESS
LOWEST: 25 ON 9 3 = THUNDER
SNOW, ICE PELLETS, HAIL 4 = ICE PELLETS
TOTAL MONTH: 0.0 INCH 5 = HAIL
GRTST 24HR 0.0 6 = FREEZING RAIN OR DRIZZLE
GRTST DEPTH: 0 7 = DUSTSTORM OR SANDSTORM:
VSBY 1/2 MILE OR LESS
8 = SMOKE OR HAZE
[NO. OF DAYS WITH] [WEATHER - DAYS WITH] 9 = BLOWING SNOW
X = TORNADO
MAX 32 OR BELOW: 0 0.01 INCH OR MORE: 7
MAX 90 OR ABOVE: 0 0.10 INCH OR MORE: 1
MIN 32 OR BELOW: 5 0.50 INCH OR MORE: 0
MIN 0 OR BELOW: 0 1.00 INCH OR MORE: 0
[HDD (BASE 65) ]
TOTAL THIS MO. 322 CLEAR (SCALE 0-3) 19
DPTR FM NORMAL -18 PTCLDY (SCALE 4-7) 11
TOTAL FM JUL 1 6620 CLOUDY (SCALE 8-10) 1
DPTR FM NORMAL -208
[CDD (BASE 65) ]
TOTAL THIS MO. 0
DPTR FM NORMAL -5 [PRESSURE DATA]
TOTAL FM JAN 1 0 HIGHEST SLP 30.26 ON 5
DPTR FM NORMAL -5 LOWEST SLP 29.51 ON 19
[REMARKS]
#FINAL-05-21#