000
CXUS55 KABR 011100
CF6PIR
PRELIMINARY LOCAL CLIMATOLOGICAL DATA (WS FORM: F-6)
STATION: PIERRE SD
MONTH: MAY
YEAR: 2021
LATITUDE: 44 22 N
LONGITUDE: 100 17 W
TEMPERATURE IN F: :PCPN: SNOW: WIND :SUNSHINE: SKY :PK WND
================================================================================
1 2 3 4 5 6A 6B 7 8 9 10 11 12 13 14 15 16 17 18
12Z AVG MX 2MIN
DY MAX MIN AVG DEP HDD CDD WTR SNW DPTH SPD SPD DIR MIN PSBL S-S WX SPD DR
================================================================================
1 85 46 66 14 0 1 0.00 0.0 0 5.8 18 350 M M 0 25 350
2 68 47 58 6 7 0 0.02 0.0 0 11.7 29 350 M M 8 36 350
3 62 36 49 -3 16 0 0.00 0.0 0 16.9 30 350 M M 4 39 330
4 64 26 45 -8 20 0 0.00 0.0 0 7.8 18 120 M M 2 25 120
5 59 33 46 -7 19 0 T 0.0 0 9.2 23 40 M M 5 32 30
6 67 31 49 -4 16 0 0.00 0.0 0 6.3 17 50 M M 2 23 50
7 65 30 48 -6 17 0 T 0.0 0 14.2 23 130 M M 0 31 130
8 49 37 43 -11 22 0 0.24 0.0 0 17.0 32 120 M M 8 1 46 120
9 48 37 43 -12 22 0 0.11 0.0 0 5.4 14 50 M M 9 1 19 70
10 60 33 47 -8 18 0 0.00 0.0 0 7.7 16 10 M M 2 23 10
11 62 27 45 -10 20 0 0.00 0.0 0 6.0 13 120 M M 0 20 140
12 70 34 52 -4 13 0 0.00 0.0 0 8.2 21 180 M M 3 29 180
13 73 40 57 1 8 0 0.00 0.0 0 4.0 10 320 M M 1 15 210
14 75 42 59 3 6 0 0.00 0.0 0 4.6 14 330 M M 3 25 300
15 78 45 62 5 3 0 T 0.0 0 5.0 18 240 M M 5 24 230
16 73 48 61 4 4 0 T 0.0 0 9.0 20 130 M M 7 1 27 140
17 74 42 58 0 7 0 0.00 0.0 0 11.2 23 140 M M 4 128 33 140
18 78 56 67 9 0 2 0.00 0.0 0 14.6 26 160 M M 6 1 35 140
19 88 55 72 14 0 7 0.00 0.0 0 12.7 24 140 M M 1 34 140
20 83 56 70 11 0 5 0.00 0.0 0 16.4 29 150 M M 2 41 130
21 78 62 70 11 0 5 0.00 0.0 0 14.9 26 150 M M 6 3 35 160
22 71 51 61 1 4 0 0.01 0.0 0 9.9 20 330 M M 8 25 330
23 87 52 70 10 0 5 0.51 0.0 0 14.1 37 270 M M 8 13 46 270
24 83 52 68 8 0 3 T 0.0 0 12.5 26 230 M M 1 37 230
25 78 50 64 3 1 0 0.00 0.0 0 15.6 32 300 M M 0 42 290
26 60 44 52 -9 13 0 0.19 0.0 0 13.3 29 100 M M 5 13 41 80
27 47 41 44 -17 21 0 0.03 0.0 0 12.7 21 40 M M 10 1 29 80
28 59 40 50 -12 15 0 0.00 0.0 0 12.0 23 140 M M 10 31 110
29 64 44 54 -8 11 0 0.04 0.0 0 10.5 23 140 M M 7 12 30 130
30 77 46 62 0 3 0 0.00 0.0 0 6.6 17 330 M M 3 12 23 320
31 80 45 63 0 2 0 0.00 0.0 0 6.5 13 110 M M 1 19 120
================================================================================
SM 2165 1328 288 28 1.15 0.0 322.3 M 131
================================================================================
AV 69.8 42.8 10.4 FASTST M M 4 MAX(MPH)
MISC ----> 37 270 # 46 120
================================================================================
NOTES:
# LAST OF SEVERAL OCCURRENCES
COLUMN 17 PEAK WIND IN M.P.H.
PRELIMINARY LOCAL CLIMATOLOGICAL DATA (WS FORM: F-6) , PAGE 2
STATION: PIERRE SD
MONTH: MAY
YEAR: 2021
LATITUDE: 44 22 N
LONGITUDE: 100 17 W
[TEMPERATURE DATA] [PRECIPITATION DATA] SYMBOLS USED IN COLUMN 16
AVERAGE MONTHLY: 56.3 TOTAL FOR MONTH: 1.15 1 = FOG OR MIST
DPTR FM NORMAL: -0.9 DPTR FM NORMAL: -2.10 2 = FOG REDUCING VISIBILITY
HIGHEST: 88 ON 19 GRTST 24HR 0.51 ON 23-23 TO 1/4 MILE OR LESS
LOWEST: 26 ON 4 3 = THUNDER
SNOW, ICE PELLETS, HAIL 4 = ICE PELLETS
TOTAL MONTH: 0.0 INCH 5 = HAIL
GRTST 24HR 0.0 6 = FREEZING RAIN OR DRIZZLE
GRTST DEPTH: 0 7 = DUSTSTORM OR SANDSTORM:
VSBY 1/2 MILE OR LESS
8 = SMOKE OR HAZE
[NO. OF DAYS WITH] [WEATHER - DAYS WITH] 9 = BLOWING SNOW
X = TORNADO
MAX 32 OR BELOW: 0 0.01 INCH OR MORE: 8
MAX 90 OR ABOVE: 0 0.10 INCH OR MORE: 4
MIN 32 OR BELOW: 4 0.50 INCH OR MORE: 1
MIN 0 OR BELOW: 0 1.00 INCH OR MORE: 0
[HDD (BASE 65) ]
TOTAL THIS MO. 288 CLEAR (SCALE 0-3) 15
DPTR FM NORMAL 19 PTCLDY (SCALE 4-7) 13
TOTAL FM JUL 1 6763 CLOUDY (SCALE 8-10) 3
DPTR FM NORMAL -537
[CDD (BASE 65) ]
TOTAL THIS MO. 28
DPTR FM NORMAL 1 [PRESSURE DATA]
TOTAL FM JAN 1 28 HIGHEST SLP 30.37 ON 11
DPTR FM NORMAL -1 LOWEST SLP 29.47 ON 2
[REMARKS]
#FINAL-05-21#