000
CXUS53 KAPX 010830
CF6PLN
PRELIMINARY LOCAL CLIMATOLOGICAL DATA (WS FORM: F-6)
STATION: PELLSTON
MONTH: FEBRUARY
YEAR: 2022
LATITUDE: 45 34 N
LONGITUDE: 84 48 W
TEMPERATURE IN F: :PCPN: SNOW: WIND :SUNSHINE: SKY :PK WND
================================================================================
1 2 3 4 5 6A 6B 7 8 9 10 11 12 13 14 15 16 17 18
12Z AVG MX 2MIN
DY MAX MIN AVG DEP HDD CDD WTR SNW DPTH SPD SPD DIR MIN PSBL S-S WX SPD DR
================================================================================
1 45 19 32 16 33 0 0.00 M M 11.6 21 250 M M 3 35 260
2 32 14 23 7 42 0 0.00 M M 12.8 21 270 M M 8 29 260
3 14 -13 1 -15 64 0 0.00 M M 6.7 15 360 M M 1 18 20 10
4 16 -20 -2 -18 67 0 0.00 M M 1.5 9 300 M M 5 12 180
5 21 -12 5 -11 60 0 T M M 5.2 14 150 M M 6 18 21 140
6 30 21 26 10 39 0 0.12 M M 5.1 16 190 M M 10 128 28 190
7 27 9 18 1 47 0 T M M 7.5 15 300 M M 10 18 19 310
8 30 -2 14 -3 51 0 0.00 M M 4.6 13 140 M M 6 1 16 210
9 37 11 24 7 41 0 0.03 M M 7.0 22 320 M M 9 18 30 320
10 28 22 25 8 40 0 0.01 M M 11.2 21 310 M M 10 18 30 320
11 35 13 24 7 41 0 0.01 M M 14.6 25 320 M M 10 18 36 300
12 13 -17 -2 -19 67 0 T M M 8.3 21 340 M M 3 18 30 330
13 13 -21 -4 -21 69 0 0.00 M M 1.7 10 10 M M 3 13 20
14 18 -24 -3 -21 68 0 T M M 2.2 15 220 M M 7 18 23 230
15 25 -17 4 -14 61 0 0.00 M M 5.8 20 140 M M 3 31 160
16 49 20 35 17 30 0 0.03 M M 11.3 23 220 M M 5 1 39 230
17 29 10 20 2 45 0 T M M 14.4 23 340 M M 8 8 31 360
18 26 6 16 -2 49 0 0.19 M M 9.1 29 310 M M 8 128 40 300
19 18 9 14 -5 51 0 0.01 M M 16.6 40 320 M M 9 1289 60 290
20 41 16 29 10 36 0 0.01 M M 15.3 31 250 M M 6 18 50 250
21 26 14 20 1 45 0 T M M 14.6 22 100 M M 9 18 31 80
22 16 9 13 -6 52 0 0.15 M M 11.4 22 70 M M 10 1289 28 70
23 15 -9 3 -17 62 0 T M M 8.9 21 320 M M 3 18 26 320
24 21 -11 5 -15 60 0 0.00 M M 4.7 16 70 M M 4 8 21 70
25 22 12 17 -3 48 0 T M M 7.6 16 280 M M 6 8 23 280
26 31 14 23 3 42 0 T M M 16.3 29 240 M M 7 18 48 210
27 32 7 20 -1 45 0 T M M 14.9 28 300 M M 6 8 40 240
28 24 -4 10 -11 55 0 T M M 5.5 14 110 M M 7 18 18 110
================================================================================
SM 734 76 1410 0 0.56 M 256.4 M 182
================================================================================
AV 26.2 2.7 9.2 FASTST M M 7 MAX(MPH)
MISC ----> 40 320 60 290
================================================================================
NOTES:
# LAST OF SEVERAL OCCURRENCES
COLUMN 17 PEAK WIND IN M.P.H.
PRELIMINARY LOCAL CLIMATOLOGICAL DATA (WS FORM: F-6) , PAGE 2
STATION: PELLSTON
MONTH: FEBRUARY
YEAR: 2022
LATITUDE: 45 34 N
LONGITUDE: 84 48 W
[TEMPERATURE DATA] [PRECIPITATION DATA] SYMBOLS USED IN COLUMN 16
AVERAGE MONTHLY: 14.5 TOTAL FOR MONTH: 0.56 1 = FOG OR MIST
DPTR FM NORMAL: -3.5 DPTR FM NORMAL: -0.58 2 = FOG REDUCING VISIBILITY
HIGHEST: 49 ON 16 GRTST 24HR 0.20 ON 18-19 TO 1/4 MILE OR LESS
LOWEST: -24 ON 14 3 = THUNDER
SNOW, ICE PELLETS, HAIL 4 = ICE PELLETS
TOTAL MONTH: M 5 = HAIL
GRTST 24HR M ON M 6 = FREEZING RAIN OR DRIZZLE
GRTST DEPTH: M ON M 7 = DUSTSTORM OR SANDSTORM:
VSBY 1/2 MILE OR LESS
8 = SMOKE OR HAZE
[NO. OF DAYS WITH] [WEATHER - DAYS WITH] 9 = BLOWING SNOW
X = TORNADO
MAX 32 OR BELOW: 23 0.01 INCH OR MORE: 9
MAX 90 OR ABOVE: 0 0.10 INCH OR MORE: 3
MIN 32 OR BELOW: 28 0.50 INCH OR MORE: 0
MIN 0 OR BELOW: 11 1.00 INCH OR MORE: 0
[HDD (BASE 65) ]
TOTAL THIS MO. 1410 CLEAR (SCALE 0-3) 4
DPTR FM NORMAL 94 PTCLDY (SCALE 4-7) 14
TOTAL FM JUL 1 5587 CLOUDY (SCALE 8-10) 10
DPTR FM NORMAL -307
[CDD (BASE 65) ]
TOTAL THIS MO. 0
DPTR FM NORMAL 0 [PRESSURE DATA]
TOTAL FM JAN 1 0 HIGHEST SLP 30.65 ON 24
DPTR FM NORMAL 0 LOWEST SLP 29.28 ON 11
[REMARKS]
#FINAL-02-22#