000
CXUS56 KLOX 011155
CF6PMD
PRELIMINARY LOCAL CLIMATOLOGICAL DATA (WS FORM: F-6)
STATION: PALMDALE AIRPORT CA
MONTH: MAY
YEAR: 2021
LATITUDE: 34 37 N
LONGITUDE: 118 5 W
TEMPERATURE IN F: :PCPN: SNOW: WIND :SUNSHINE: SKY :PK WND
================================================================================
1 2 3 4 5 6A 6B 7 8 9 10 11 12 13 14 15 16 17 18
12Z AVG MX 2MIN
DY MAX MIN AVG DEP HDD CDD WTR SNW DPTH SPD SPD DIR MIN PSBL S-S WX SPD DR
================================================================================
1 86 65 76 13 0 11 0.00 M M 18.2 33 270 M M 0 39 270
2 76 57 67 3 0 2 0.00 M M 25.0 49 280 M M 0 8 58 290
3 83 50 67 3 0 2 0.00 M M 9.8 25 280 M M 0 30 270
4 89 50 70 6 0 5 0.00 M M 8.5 21 230 M M 0 28 230
5 93 59 76 11 0 11 0.00 M M 9.5 26 220 M M 0 32 220
6 89 60 75 10 0 10 0.00 M M 13.7 28 250 M M 0 33 250
7 82 57 70 5 0 5 0.00 M M 13.7 26 250 M M 0 33 260
8 88 52 70 5 0 5 0.00 M M 10.2 30 280 M M 0 38 280
9 86 50 68 2 0 3 0.00 M M 12.7 28 280 M M 0 35 250
10 88 55 72 6 0 7 0.00 M M 10.9 21 210 M M 0 34 350
11 91 55 73 7 0 8 0.00 M M 9.1 23 230 M M 0 26 230
12 93 58 76 10 0 11 0.00 M M 9.4 23 220 M M 0 33 220
13 92 60 76 9 0 11 0.00 M M 11.3 25 220 M M 0 39 240
14 89 60 75 8 0 10 0.00 M M 14.2 28 210 M M 0 32 210
15 76 53 65 -2 0 0 0.00 M M 20.7 25 220 M M 0 38 220
16 68 51 60 -8 5 0 0.00 M M 21.3 30 230 M M 0 38 210
17 83 52 68 0 0 3 0.00 M M 16.0 33 280 M M 0 45 270
18 87 59 73 5 0 8 0.00 M M 21.0 33 280 M M 0 41 270
19 86 57 72 4 0 7 0.00 M M 19.9 29 270 M M 0 36 270
20 72 52 62 -6 3 0 0.00 M M 26.5 32 290 M M 1 41 280
21 66 46 56 -13 9 0 0.00 M M 19.1 31 290 M M 1 43 290
22 69 54 62 -7 3 0 0.00 M M 10.2 16 240 M M 1 21 240
23 78 48 63 -6 2 0 0.00 M M 11.8 21 260 M M 0 26 310
24 87 49 68 -1 0 3 0.00 M M 6.9 17 220 M M 0 20 220
25 90 60 75 5 0 10 0.00 M M 11.8 24 290 M M 0 31 220
26 86 61 74 4 0 9 0.00 M M 13.8 24 240 M M 0 33 250
27 89 57 73 3 0 8 0.00 M M 11.5 M M M M 0 M M
28 90 55 73 3 0 8 0.00 M M 10.8 26 230 M M 0 31 230
29 86 61 74 3 0 9 0.00 M M 12.3 26 210 M M 0 30 210
30 97 58 78 7 0 13 0.00 M M 9.3 22 200 M M 0 M M
31 101 63 82 11 0 17 0.00 M M 8.4 25 230 M M 0 33 260
================================================================================
SM 2636 1724 22 196 0.00 M 427.6 M 3
================================================================================
AV 85.0 55.6 13.8 FASTST M M 0 MAX(MPH)
MISC ----> 49 280 58 290
================================================================================
NOTES:
# LAST OF SEVERAL OCCURRENCES
COLUMN 17 PEAK WIND IN M.P.H.
PRELIMINARY LOCAL CLIMATOLOGICAL DATA (WS FORM: F-6) , PAGE 2
STATION: PALMDALE AIRPORT CA
MONTH: MAY
YEAR: 2021
LATITUDE: 34 37 N
LONGITUDE: 118 5 W
[TEMPERATURE DATA] [PRECIPITATION DATA] SYMBOLS USED IN COLUMN 16
AVERAGE MONTHLY: 70.3 TOTAL FOR MONTH: 0.00 1 = FOG OR MIST
DPTR FM NORMAL: 2.9 DPTR FM NORMAL: -0.13 2 = FOG REDUCING VISIBILITY
HIGHEST: 101 ON 31 GRTST 24HR 0.00 ON 1- 1 TO 1/4 MILE OR LESS
LOWEST: 46 ON 21 3 = THUNDER
SNOW, ICE PELLETS, HAIL 4 = ICE PELLETS
TOTAL MONTH: M 5 = HAIL
GRTST 24HR M ON M 6 = FREEZING RAIN OR DRIZZLE
GRTST DEPTH: M ON M 7 = DUSTSTORM OR SANDSTORM:
VSBY 1/2 MILE OR LESS
8 = SMOKE OR HAZE
[NO. OF DAYS WITH] [WEATHER - DAYS WITH] 9 = BLOWING SNOW
X = TORNADO
MAX 32 OR BELOW: 0 0.01 INCH OR MORE: 0
MAX 90 OR ABOVE: 8 0.10 INCH OR MORE: 0
MIN 32 OR BELOW: 0 0.50 INCH OR MORE: 0
MIN 0 OR BELOW: 0 1.00 INCH OR MORE: 0
[HDD (BASE 65) ]
TOTAL THIS MO. 22 CLEAR (SCALE 0-3) 31
DPTR FM NORMAL -45 PTCLDY (SCALE 4-7) 0
TOTAL FM JUL 1 2545 CLOUDY (SCALE 8-10) 0
DPTR FM NORMAL -224
[CDD (BASE 65) ]
TOTAL THIS MO. 196
DPTR FM NORMAL 55 [PRESSURE DATA]
TOTAL FM JAN 1 237 HIGHEST SLP 30.08 ON 24
DPTR FM NORMAL 67 LOWEST SLP 29.72 ON 30
[REMARKS]
#FINAL-05-21#