000
CXUS54 KMOB 010633
CF6PNS
PRELIMINARY LOCAL CLIMATOLOGICAL DATA (WS FORM: F-6)
STATION: PENSACOLA
MONTH: APRIL
YEAR: 2022
LATITUDE: 30 28 N
LONGITUDE: 87 12 W
TEMPERATURE IN F: :PCPN: SNOW: WIND :SUNSHINE: SKY :PK WND
================================================================================
1 2 3 4 5 6A 6B 7 8 9 10 11 12 13 14 15 16 17 18
12Z AVG MX 2MIN
DY MAX MIN AVG DEP HDD CDD WTR SNW DPTH SPD SPD DIR MIN PSBL S-S WX SPD DR
================================================================================
1 79 52 66 1 0 1 0.00 0.0 0 6.5 13 170 M M 0 19 340
2 72 54 63 -2 2 0 0.04 0.0 0 4.8 13 10 M M 4 3 18 20
3 84 51 68 2 0 3 0.00 0.0 0 6.3 17 330 M M 0 23 340
4 81 57 69 3 0 4 0.00 0.0 0 8.1 18 150 M M 1 25 140
5 81 63 72 6 0 7 1.39 0.0 0 11.8 29 200 M M 10 13 42 200
6 83 74 79 13 0 14 T 0.0 0 11.9 21 210 M M 10 1 32 210
7 78 56 67 1 0 2 0.05 0.0 0 13.8 26 340 M M 3 1 36 340
8 73 53 63 -3 2 0 0.00 0.0 0 12.6 29 270 M M 1 41 250
9 70 45 58 -9 7 0 0.00 0.0 0 9.6 21 240 M M 1 32 290
10 75 53 64 -3 1 0 0.00 0.0 0 8.4 20 180 M M 0 25 190
11 77 65 71 4 0 6 T 0.0 0 11.9 24 130 M M 4 35 130
12 79 68 74 7 0 9 0.00 0.0 0 11.1 20 130 M M 9 1 28 130
13 78 71 75 7 0 10 0.00 0.0 0 13.4 22 130 M M 7 3 30 130
14 81 65 73 5 0 8 1.80 0.0 0 5.7 25 120 M M 5 13 35 340
15 82 66 74 6 0 9 0.00 0.0 0 8.8 16 160 M M 4 24 70
16 83 67 75 7 0 10 0.14 0.0 0 6.1 18 20 M M 3 13 31 10
17 82 66 74 6 0 9 0.54 0.0 0 6.9 51 300 M M 8 13 74 300
18 82 57 70 1 0 5 T 0.0 0 10.5 24 340 M M 4 1 34 360
19 75 53 64 -5 1 0 0.00 0.0 0 7.2 15 20 M M 0 23 70
20 74 58 66 -3 0 1 0.00 0.0 0 12.5 23 120 M M 0 32 130
21 78 66 72 2 0 7 0.00 0.0 0 10.2 20 130 M M 1 28 140
22 79 64 72 2 0 7 0.00 0.0 0 7.6 17 140 M M 0 26 140
23 79 65 72 2 0 7 0.00 0.0 0 10.4 21 130 M M 1 27 110
24 80 67 74 4 0 9 0.00 0.0 0 9.2 21 130 M M 4 30 110
25 83 67 75 5 0 10 0.07 0.0 0 6.3 15 170 M M 4 12 20 170
26 86 66 76 5 0 11 T 0.0 0 8.2 20 330 M M 4 13 24 360
27 84 59 72 1 0 7 0.00 0.0 0 7.8 13 350 M M 0 18 10
28 81 60 71 0 0 6 0.00 0.0 0 8.3 17 170 M M 1 8 24 170
29 80 69 75 3 0 10 T 0.0 0 11.8 22 120 M M 7 1 30 110
30 82 73 78 6 0 13 0.00 0.0 0 10.8 21 160 M M 5 26 150
================================================================================
SM 2381 1850 13 185 4.03 0.0 278.5 M 101
================================================================================
AV 79.4 61.7 9.3 FASTST M M 3 MAX(MPH)
MISC ----> 51 300 74 300
================================================================================
NOTES:
# LAST OF SEVERAL OCCURRENCES
COLUMN 17 PEAK WIND IN M.P.H.
PRELIMINARY LOCAL CLIMATOLOGICAL DATA (WS FORM: F-6) , PAGE 2
STATION: PENSACOLA
MONTH: APRIL
YEAR: 2022
LATITUDE: 30 28 N
LONGITUDE: 87 12 W
[TEMPERATURE DATA] [PRECIPITATION DATA] SYMBOLS USED IN COLUMN 16
AVERAGE MONTHLY: 70.5 TOTAL FOR MONTH: 4.03 1 = FOG OR MIST
DPTR FM NORMAL: 2.2 DPTR FM NORMAL: -1.49 2 = FOG REDUCING VISIBILITY
HIGHEST: 86 ON 26 GRTST 24HR 1.80 ON 14-14 TO 1/4 MILE OR LESS
LOWEST: 45 ON 9 3 = THUNDER
SNOW, ICE PELLETS, HAIL 4 = ICE PELLETS
TOTAL MONTH: 0.0 INCH 5 = HAIL
GRTST 24HR 0.0 6 = FREEZING RAIN OR DRIZZLE
GRTST DEPTH: 0 7 = DUSTSTORM OR SANDSTORM:
VSBY 1/2 MILE OR LESS
8 = SMOKE OR HAZE
[NO. OF DAYS WITH] [WEATHER - DAYS WITH] 9 = BLOWING SNOW
X = TORNADO
MAX 32 OR BELOW: 0 0.01 INCH OR MORE: 7
MAX 90 OR ABOVE: 0 0.10 INCH OR MORE: 4
MIN 32 OR BELOW: 0 0.50 INCH OR MORE: 3
MIN 0 OR BELOW: 0 1.00 INCH OR MORE: 2
[HDD (BASE 65) ]
TOTAL THIS MO. 13 CLEAR (SCALE 0-3) 15
DPTR FM NORMAL -22 PTCLDY (SCALE 4-7) 12
TOTAL FM JUL 1 1013 CLOUDY (SCALE 8-10) 3
DPTR FM NORMAL -289
[CDD (BASE 65) ]
TOTAL THIS MO. 185
DPTR FM NORMAL 51 [PRESSURE DATA]
TOTAL FM JAN 1 295 HIGHEST SLP M ON M
DPTR FM NORMAL 75 LOWEST SLP 29.70 ON 6
[REMARKS]
#FINAL-04-22#