000
CXUS54 KMOB 010634
CF6PNS
PRELIMINARY LOCAL CLIMATOLOGICAL DATA (WS FORM: F-6)
STATION: PENSACOLA
MONTH: OCTOBER
YEAR: 2021
LATITUDE: 30 28 N
LONGITUDE: 87 12 W
TEMPERATURE IN F: :PCPN: SNOW: WIND :SUNSHINE: SKY :PK WND
================================================================================
1 2 3 4 5 6A 6B 7 8 9 10 11 12 13 14 15 16 17 18
12Z AVG MX 2MIN
DY MAX MIN AVG DEP HDD CDD WTR SNW DPTH SPD SPD DIR MIN PSBL S-S WX SPD DR
================================================================================
1 87 73 80 3 0 15 0.00 0.0 0 6.2 16 140 M M 0 21 130
2 87 73 80 4 0 15 T 0.0 0 7.4 22 160 M M 3 34 160
3 83 71 77 1 0 12 1.26 0.0 0 5.9 18 160 M M 8 1 22 210
4 81 70 76 0 0 11 8.23 0.0 0 5.8 16 290 M M 8 13 25 280
5 78 69 74 -1 0 9 1.71 0.0 0 6.6 18 170 M M 9 138 26 170
6 84 72 78 3 0 13 0.03 0.0 0 5.9 14 120 M M 4 1 19 130
7 83 73 78 3 0 13 0.10 0.0 0 3.8 10 120 M M 7 1 13 110
8 89 70 80 6 0 15 0.00 0.0 0 6.9 13 340 M M 1 1 18 350
9 88 67 78 4 0 13 0.00 0.0 0 5.5 12 20 M M 0 17 20
10 85 68 77 3 0 12 0.00 0.0 0 4.2 10 170 M M 0 1 14 120
11 84 70 77 4 0 12 0.00 0.0 0 6.1 13 120 M M 1 18 120
12 86 70 78 5 0 13 0.00 0.0 0 4.4 9 150 M M 0 14 130
13 84 71 78 6 0 13 0.00 0.0 0 5.3 13 150 M M 0 17 130
14 86 70 78 6 0 13 0.00 0.0 0 5.1 12 150 M M 0 1 15 160
15 87 72 80 8 0 15 0.00 0.0 0 6.3 14 170 M M 2 1 22 170
16 78 59 69 -2 0 4 0.00 0.0 0 12.3 24 360 M M 2 8 33 360
17 76 54 65 -6 0 0 0.00 0.0 0 10.8 20 360 M M 0 29 10
18 74 56 65 -6 0 0 0.00 0.0 0 4.7 10 40 M M 0 17 50
19 80 58 69 -1 0 4 0.00 0.0 0 8.8 15 130 M M 3 8 19 110
20 82 68 75 5 0 10 0.02 0.0 0 8.5 17 130 M M 4 8 24 120
21 82 71 77 7 0 12 0.01 0.0 0 4.3 12 170 M M 4 14 140
22 88 66 77 8 0 12 0.00 0.0 0 5.5 13 320 M M 2 12 18 330
23 82 63 73 4 0 8 0.00 0.0 0 4.0 12 170 M M 0 14 170
24 75 65 70 2 0 5 0.03 0.0 0 6.4 20 120 M M 4 1 25 100
25 87 71 79 11 0 14 T 0.0 0 6.0 14 270 M M 4 1 21 270
26 82 60 71 3 0 6 0.00 0.0 0 8.5 14 340 M M 0 21 20
27 77 60 69 2 0 4 1.64 0.0 0 9.2 21 200 M M 2 13 32 180
28 77 60 69 2 0 4 0.25 0.0 0 16.9 32 250 M M 4 1 47 250
29 70 56 63 -4 2 0 0.00 0.0 0 12.5 29 270 M M 6 39 290
30 65 53 59 -7 6 0 0.00 0.0 0 9.2 16 320 M M 7 24 300
31 75 52 64 -2 1 0 0.00 0.0 0 5.4 12 330 M M 2 17 330
================================================================================
SM 2522 2031 9 277 13.28 0.0 218.4 M 87
================================================================================
AV 81.4 65.5 7.0 FASTST M M 3 MAX(MPH)
MISC ----> 32 250 47 250
================================================================================
NOTES:
# LAST OF SEVERAL OCCURRENCES
COLUMN 17 PEAK WIND IN M.P.H.
PRELIMINARY LOCAL CLIMATOLOGICAL DATA (WS FORM: F-6) , PAGE 2
STATION: PENSACOLA
MONTH: OCTOBER
YEAR: 2021
LATITUDE: 30 28 N
LONGITUDE: 87 12 W
[TEMPERATURE DATA] [PRECIPITATION DATA] SYMBOLS USED IN COLUMN 16
AVERAGE MONTHLY: 73.4 TOTAL FOR MONTH: 13.28 1 = FOG OR MIST
DPTR FM NORMAL: 2.1 DPTR FM NORMAL: 8.58 2 = FOG REDUCING VISIBILITY
HIGHEST: 89 ON 8 GRTST 24HR 9.04 ON 4- 5 TO 1/4 MILE OR LESS
LOWEST: 52 ON 31 3 = THUNDER
SNOW, ICE PELLETS, HAIL 4 = ICE PELLETS
TOTAL MONTH: 0.0 INCH 5 = HAIL
GRTST 24HR 0.0 6 = FREEZING RAIN OR DRIZZLE
GRTST DEPTH: 0 7 = DUSTSTORM OR SANDSTORM:
VSBY 1/2 MILE OR LESS
8 = SMOKE OR HAZE
[NO. OF DAYS WITH] [WEATHER - DAYS WITH] 9 = BLOWING SNOW
X = TORNADO
MAX 32 OR BELOW: 0 0.01 INCH OR MORE: 10
MAX 90 OR ABOVE: 0 0.10 INCH OR MORE: 6
MIN 32 OR BELOW: 0 0.50 INCH OR MORE: 4
MIN 0 OR BELOW: 0 1.00 INCH OR MORE: 4
[HDD (BASE 65) ]
TOTAL THIS MO. 9 CLEAR (SCALE 0-3) 18
DPTR FM NORMAL -18 PTCLDY (SCALE 4-7) 11
TOTAL FM JUL 1 9 CLOUDY (SCALE 8-10) 2
DPTR FM NORMAL -16
[CDD (BASE 65) ]
TOTAL THIS MO. 277
DPTR FM NORMAL 53 [PRESSURE DATA]
TOTAL FM JAN 1 2915 HIGHEST SLP M ON M
DPTR FM NORMAL 47 LOWEST SLP 29.53 ON 28
[REMARKS]
#FINAL-10-21#