000
CXUS54 KMOB 010736
CF6PNS
PRELIMINARY LOCAL CLIMATOLOGICAL DATA (WS FORM: F-6)
STATION: PENSACOLA
MONTH: JANUARY
YEAR: 2021
LATITUDE: 30 28 N
LONGITUDE: 87 12 W
TEMPERATURE IN F: :PCPN: SNOW: WIND :SUNSHINE: SKY :PK WND
================================================================================
1 2 3 4 5 6A 6B 7 8 9 10 11 12 13 14 15 16 17 18
12Z AVG MX 2MIN
DY MAX MIN AVG DEP HDD CDD WTR SNW DPTH SPD SPD DIR MIN PSBL S-S WX SPD DR
================================================================================
1 72 59 66 15 0 1 0.60 0.0 0 9.5 25 140 M M 8 13 35 140
2 65 47 56 5 9 0 0.00 0.0 0 6.4 17 270 M M 4 23 280
3 61 41 51 0 14 0 0.00 0.0 0 6.7 17 360 M M 2 23 330
4 61 37 49 -2 16 0 0.00 0.0 0 4.1 13 180 M M 0 15 180
5 69 48 59 8 6 0 0.00 0.0 0 7.5 15 310 M M 1 1 22 300
6 60 43 52 1 13 0 0.00 0.0 0 5.8 9 70 M M 0 17 40
7 67 50 59 8 6 0 0.49 0.0 0 15.2 24 160 M M 6 1 32 170
8 50 42 46 -5 19 0 0.00 0.0 0 14.7 21 330 M M 10 29 340
9 51 32 42 -9 23 0 0.00 0.0 0 11.2 20 330 M M 5 28 320
10 43 29 36 -15 29 0 0.00 0.0 0 5.6 10 70 M M 6 18 30
11 48 43 46 -5 19 0 0.02 0.0 0 12.9 21 360 M M 10 1 29 360
12 49 40 45 -6 20 0 0.00 0.0 0 9.0 18 340 M M 10 23 340
13 55 37 46 -5 19 0 0.00 0.0 0 5.3 12 360 M M 4 15 360
14 64 36 50 -1 15 0 0.00 0.0 0 6.7 17 200 M M 1 1 23 230
15 63 43 53 2 12 0 T 0.0 0 10.7 21 280 M M 2 29 280
16 56 40 48 -3 17 0 0.00 0.0 0 8.2 16 300 M M 0 25 290
17 60 30 45 -6 20 0 0.00 0.0 0 5.6 14 240 M M 0 19 250
18 61 36 49 -2 16 0 0.00 0.0 0 4.0 15 170 M M 0 18 170
19 67 35 51 0 14 0 0.00 0.0 0 3.5 13 150 M M 0 18 170
20 71 44 58 7 7 0 0.00 0.0 0 5.5 13 360 M M 2 18 360
21 71 54 63 12 2 0 0.01 0.0 0 8.9 17 250 M M 5 12 27 230
22 67 61 64 13 1 0 0.36 0.0 0 6.5 16 240 M M 10 1 24 260
23 67 56 62 10 3 0 T 0.0 0 5.2 9 90 M M 9 1 14 70
24 65 56 61 9 4 0 T 0.0 0 7.8 15 130 M M 10 1 20 140
25 74 62 68 16 0 3 0.00 0.0 0 11.8 20 160 M M 10 12 29 160
26 73 65 69 17 0 4 1.03 0.0 0 6.0 23 230 M M 10 13 33 220
27 76 51 64 12 1 0 0.09 0.0 0 13.8 25 340 M M 7 12 36 330
28 58 42 50 -2 15 0 0.00 0.0 0 13.3 23 350 M M 0 35 360
29 62 37 50 -2 15 0 0.00 0.0 0 4.9 12 20 M M 0 18 20
30 66 40 53 1 12 0 0.00 0.0 0 9.0 17 160 M M 4 1 25 160
31 74 52 63 11 2 0 0.18 0.0 0 13.2 29 320 M M 6 1 39 320
================================================================================
SM 1946 1388 349 8 2.78 0.0 258.5 M 142
================================================================================
AV 62.8 44.8 8.3 FASTST M M 5 MAX(MPH)
MISC ----> 29 320 39 320
================================================================================
NOTES:
# LAST OF SEVERAL OCCURRENCES
COLUMN 17 PEAK WIND IN M.P.H.
PRELIMINARY LOCAL CLIMATOLOGICAL DATA (WS FORM: F-6) , PAGE 2
STATION: PENSACOLA
MONTH: JANUARY
YEAR: 2021
LATITUDE: 30 28 N
LONGITUDE: 87 12 W
[TEMPERATURE DATA] [PRECIPITATION DATA] SYMBOLS USED IN COLUMN 16
AVERAGE MONTHLY: 53.8 TOTAL FOR MONTH: 2.78 1 = FOG OR MIST
DPTR FM NORMAL: 2.4 DPTR FM NORMAL: -1.85 2 = FOG REDUCING VISIBILITY
HIGHEST: 76 ON 27 GRTST 24HR 2.01 ON 31- 1 TO 1/4 MILE OR LESS
LOWEST: 29 ON 10 3 = THUNDER
SNOW, ICE PELLETS, HAIL 4 = ICE PELLETS
TOTAL MONTH: 0.0 INCH 5 = HAIL
GRTST 24HR 0.0 6 = FREEZING RAIN OR DRIZZLE
GRTST DEPTH: 0 7 = DUSTSTORM OR SANDSTORM:
VSBY 1/2 MILE OR LESS
8 = SMOKE OR HAZE
[NO. OF DAYS WITH] [WEATHER - DAYS WITH] 9 = BLOWING SNOW
X = TORNADO
MAX 32 OR BELOW: 0 0.01 INCH OR MORE: 8
MAX 90 OR ABOVE: 0 0.10 INCH OR MORE: 5
MIN 32 OR BELOW: 3 0.50 INCH OR MORE: 2
MIN 0 OR BELOW: 0 1.00 INCH OR MORE: 1
[HDD (BASE 65) ]
TOTAL THIS MO. 349 CLEAR (SCALE 0-3) 13
DPTR FM NORMAL -80 PTCLDY (SCALE 4-7) 10
TOTAL FM JUL 1 765 CLOUDY (SCALE 8-10) 8
DPTR FM NORMAL -245
[CDD (BASE 65) ]
TOTAL THIS MO. 8
DPTR FM NORMAL 2 [PRESSURE DATA]
TOTAL FM JAN 1 8 HIGHEST SLP M ON M
DPTR FM NORMAL 2 LOWEST SLP 29.80 ON 15
[REMARKS]
#FINAL-01-21#