000
CXUS53 KPAH 010700
CF6POF
PRELIMINARY LOCAL CLIMATOLOGICAL DATA (WS FORM: F-6)
STATION: POPLAR BLUFF MO
MONTH: JUNE
YEAR: 2022
LATITUDE: 36 46 N
LONGITUDE: 90 19 W
TEMPERATURE IN F: :PCPN: SNOW: WIND :SUNSHINE: SKY :PK WND
================================================================================
1 2 3 4 5 6A 6B 7 8 9 10 11 12 13 14 15 16 17 18
12Z AVG MX 2MIN
DY MAX MIN AVG DEP HDD CDD WTR SNW DPTH SPD SPD DIR MIN PSBL S-S WX SPD DR
================================================================================
1 89 68 79 6 0 14 0.20 M M 3.1 31 310 M M 3 13 43 300
2 79 59 69 -4 0 4 T M M 7.0 13 350 M M 3 22 30
3 83 55 69 -5 0 4 0.00 M M 4.2 12 50 M M 0 17 30
4 86 55 71 -3 0 6 0.00 M M 3.0 12 40 M M 0 16 50
5 89 59 74 0 0 9 T M M 2.3 12 200 M M 1 8 19 220
6 77 66 72 -2 0 7 0.44 M M 3.9 12 130 M M 6 123 15 110
7 89 65 77 2 0 12 0.24 M M 2.9 26 150 M M 4 123 34 150
8 83 66 75 0 0 10 0.00 M M 6.4 17 220 M M 6 12 21 210
9 84 62 73 -2 0 8 0.00 M M 4.7 10 330 M M 0 15 350
10 83 61 72 -4 0 7 T M M 3.3 13 220 M M 1 19 200
11 90 66 78 2 0 13 0.00 M M 6.0 14 200 M M 4 19 210
12 97 72 85 9 0 20 0.00 M M 7.9 16 200 M M 2 23 210
13 100 78 89 13 0 24 0.00 M M 9.3 16 180 M M 0 23 210
14 98 77 88 11 0 23 0.00 M M 10.1 18 210 M M 0 27 220
15 97 72 85 8 0 20 0.00 M M 8.3 17 180 M M 0 24 180
16 99 73 86 9 0 21 0.00 M M 4.6 15 260 M M 0 20 240
17 93 77 85 8 0 20 0.04 M M 4.5 13 90 M M 1 3 21 80
18 91 64 78 0 0 13 0.00 M M 6.6 15 10 M M 0 24 20
19 89 61 75 -3 0 10 0.00 M M 5.6 14 100 M M 0 22 100
20 94 59 77 -1 0 12 0.00 M M 2.6 9 150 M M 0 18 190
21 97 63 80 2 0 15 0.00 M M 2.9 12 200 M M 0 18 210
22 100 69 85 7 0 20 T M M 2.7 22 360 M M 0 13 32 350
23 93 69 81 3 0 16 0.00 M M 5.4 13 350 M M 0 20 20
24 94 66 80 2 0 15 0.00 M M 2.8 10 10 M M 0 15 50
25 97 67 82 3 0 17 0.00 M M 4.9 12 180 M M 0 17 170
26 88 68 78 -1 0 13 0.06 M M 7.4 36 330 M M 3 138 47 320
27 84 62 73 -6 0 8 0.00 M M 8.6 17 360 M M 0 27 40
28 84 58 71 -8 0 6 0.00 M M 4.7 13 360 M M 0 8 17 360
29 88 53 71 -8 0 6 0.00 M M 3.4 10 60 M M 0 15 70
30 95 60 78 -1 0 13 0.00 M M 5.2 13 190 M M 0 19 220
================================================================================
SM 2710 1950 0 386 0.98 M 154.3 M 34
================================================================================
AV 90.3 65.0 5.1 FASTST M M 1 MAX(MPH)
MISC ----> 36 330 47 320
================================================================================
NOTES:
# LAST OF SEVERAL OCCURRENCES
COLUMN 17 PEAK WIND IN M.P.H.
PRELIMINARY LOCAL CLIMATOLOGICAL DATA (WS FORM: F-6) , PAGE 2
STATION: POPLAR BLUFF MO
MONTH: JUNE
YEAR: 2022
LATITUDE: 36 46 N
LONGITUDE: 90 19 W
[TEMPERATURE DATA] [PRECIPITATION DATA] SYMBOLS USED IN COLUMN 16
AVERAGE MONTHLY: 77.7 TOTAL FOR MONTH: 0.98 1 = FOG OR MIST
DPTR FM NORMAL: 1.0 DPTR FM NORMAL: -2.76 2 = FOG REDUCING VISIBILITY
HIGHEST: 100 ON 22,13 GRTST 24HR 0.44 ON 5- 6 TO 1/4 MILE OR LESS
LOWEST: 53 ON 29 3 = THUNDER
SNOW, ICE PELLETS, HAIL 4 = ICE PELLETS
TOTAL MONTH: M 5 = HAIL
GRTST 24HR M ON M 6 = FREEZING RAIN OR DRIZZLE
GRTST DEPTH: M ON M 7 = DUSTSTORM OR SANDSTORM:
VSBY 1/2 MILE OR LESS
8 = SMOKE OR HAZE
[NO. OF DAYS WITH] [WEATHER - DAYS WITH] 9 = BLOWING SNOW
X = TORNADO
MAX 32 OR BELOW: 0 0.01 INCH OR MORE: 5
MAX 90 OR ABOVE: 15 0.10 INCH OR MORE: 3
MIN 32 OR BELOW: 0 0.50 INCH OR MORE: 0
MIN 0 OR BELOW: 0 1.00 INCH OR MORE: 0
[HDD (BASE 65) ]
TOTAL THIS MO. 0 CLEAR (SCALE 0-3) 24
DPTR FM NORMAL -1 PTCLDY (SCALE 4-7) 6
TOTAL FM JUL 1 3668 CLOUDY (SCALE 8-10) 0
DPTR FM NORMAL -265
[CDD (BASE 65) ]
TOTAL THIS MO. 386
DPTR FM NORMAL 35 [PRESSURE DATA]
TOTAL FM JAN 1 623 HIGHEST SLP M ON M
DPTR FM NORMAL 83 LOWEST SLP 29.70 ON 6
[REMARKS]
#FINAL-06-22#