000
CXUS51 KALY 011257
CLMPOU
CLIMATE REPORT
NATIONAL WEATHER SERVICE ALBANY NY
757 AM EST FRI MAR 01 2024
...................................
...THE POUGHKEEPSIE NY CLIMATE SUMMARY FOR THE MONTH OF FEBRUARY 2024...
CLIMATE NORMAL PERIOD: 1991 TO 2020
CLIMATE RECORD PERIOD: 1931 TO 2024
WEATHER OBSERVED NORMAL DEPART LAST YEAR`S
VALUE DATE(S) VALUE FROM VALUE DATE(S)
NORMAL
................................................................
TEMPERATURE (F)
RECORD
HIGH 76 02/21/2018
LOW -23 02/08/1967
HIGHEST 62 02/27 66 02/15
LOWEST 12 02/20 -7 02/04
AVG. MAXIMUM 44.1 38.9 5.2 45.2
AVG. MINIMUM 24.1 19.5 4.6 22.0
MEAN 34.1 29.2 4.9 33.6
DAYS MAX >= 90 0 0.0 0.0 0
DAYS MAX <= 32 0 7.4 -7.4 2
DAYS MIN <= 32 26 25.9 0.1 26
DAYS MIN <= 0 0 1.4 -1.4 2
PRECIPITATION (INCHES)
RECORD
MAXIMUM 7.50 2008
MINIMUM 0.32 1987
TOTALS 1.43 2.21 -0.78 1.13
DAILY AVG. 0.05 0.04
DAYS >= .01 8 9.8 -1.8 10
DAYS >= .10 5 5.8 -0.8 5
DAYS >= .50 0 1.3 -1.3 0
DAYS >= 1.00 0 0.3 -0.3 0
GREATEST
24 HR. TOTAL 0.42 02/13 TO 02/13
DEGREE DAYS
HEATING TOTAL 888 1002 -114 873
SINCE 7/1 3863 4486 -623 MM
COOLING TOTAL 0 0 0 0
SINCE 1/1 0 0 0 MM
................................................................
WIND (MPH)
AVERAGE WIND SPEED 5.5
HIGHEST WIND SPEED/DIRECTION 30/270 DATE 02/16
HIGHEST GUST SPEED/DIRECTION 47/310 DATE 02/16
SKY COVER
AVERAGE SKY COVER 0.33
AVERAGE RH (PERCENT) 64
WEATHER CONDITIONS. NUMBER OF DAYS WITH
THUNDERSTORM 0 MIXED PRECIP 0
HEAVY RAIN 1 RAIN 2
LIGHT RAIN 6 FREEZING RAIN 0
LT FREEZING RAIN 0 HAIL 0
HEAVY SNOW 1 SNOW 1
LIGHT SNOW 4 SLEET 0
FOG 13 FOG W/VIS <= 1/4 MILE 4
HAZE 4
- INDICATES NEGATIVE NUMBERS.
R INDICATES RECORD WAS SET OR TIED.
MM INDICATES DATA IS MISSING.
T INDICATES TRACE AMOUNT.
$$