000
CXUS56 KLOX 011155
CF6PRB
PRELIMINARY LOCAL CLIMATOLOGICAL DATA (WS FORM: F-6)
STATION: PASO ROBLES AIRPORT CA
MONTH: JULY
YEAR: 2022
LATITUDE: 35 40 N
LONGITUDE: 120 38 W
TEMPERATURE IN F: :PCPN: SNOW: WIND :SUNSHINE: SKY :PK WND
================================================================================
1 2 3 4 5 6A 6B 7 8 9 10 11 12 13 14 15 16 17 18
12Z AVG MX 2MIN
DY MAX MIN AVG DEP HDD CDD WTR SNW DPTH SPD SPD DIR MIN PSBL S-S WX SPD DR
================================================================================
1 92 51 72 0 0 7 0.00 M M 8.7 18 300 M M 2 23 300
2 85 51 68 -4 0 3 0.00 M M 11.0 21 300 M M 2 25 300
3 83 53 68 -4 0 3 0.00 M M 12.8 21 300 M M 2 26 210
4 88 49 69 -3 0 4 0.00 M M 7.6 22 210 M M 0 25 210
5 88 59 74 2 0 9 0.00 M M 7.6 21 230 M M 1 26 210
6 84 58 71 -2 0 6 0.00 M M 9.5 22 200 M M 3 8 28 200
7 94 56 75 2 0 10 0.00 M M 8.8 21 200 M M 0 24 200
8 94 57 76 3 0 11 0.00 M M 9.0 22 200 M M 0 27 230
9 98 55 77 4 0 12 0.00 M M 9.1 21 310 M M 0 24 310
10 101 58 80 7 0 15 0.00 M M 6.9 16 280 M M 0 22 290
11 102 58 80 7 0 15 0.00 M M 6.3 22 190 M M 0 26 190
12 86 56 71 -2 0 6 0.00 M M 10.0 24 190 M M 0 8 29 200
13 91 53 72 -1 0 7 0.00 M M 6.9 20 190 M M 1 23 190
14 103 54 79 5 0 14 0.00 M M 8.6 23 320 M M 0 30 320
15 102 58 80 6 0 15 0.00 M M 8.8 18 300 M M 0 23 300
16 106 56 81 7 0 16 0.00 M M 6.6 21 210 M M 0 26 210
17 100 60 80 6 0 15 0.00 M M 7.9 22 200 M M 0 27 210
18 92 61 77 3 0 12 T M M 7.3 20 200 M M 0 24 200
19 102 56 79 5 0 14 0.00 M M 6.0 21 190 M M 0 25 200
20 101 57 79 5 0 14 0.00 M M 6.9 21 200 M M 0 24 190
21 105 55 80 6 0 15 0.00 M M 8.9 24 300 M M 0 30 290
22 104 56 80 6 0 15 0.00 M M 10.5 24 310 M M 0 28 320
23 100 55 78 4 0 13 0.00 M M 6.1 20 190 M M 0 23 190
24 87 50 69 -5 0 4 0.00 M M 8.8 24 200 M M 1 18 31 200
25 88 50 69 -5 0 4 0.00 M M 7.0 22 210 M M 1 1 26 230
26 92 50 71 -3 0 6 0.00 M M 8.0 26 200 M M 0 32 210
27 99 53 76 2 0 11 0.00 M M 6.1 17 290 M M 1 21 210
28 101 58 80 6 0 15 0.00 M M 6.9 18 190 M M 0 22 210
29 97 57 77 3 0 12 0.00 M M 7.5 23 210 M M 0 27 210
30 87 59 73 -1 0 8 0.00 M M 7.2 20 230 M M 0 25 230
31 93 63 78 4 0 13 0.00 M M 7.3 22 200 M M 0 25 200
================================================================================
SM 2945 1722 0 324 T M 250.6 M 14
================================================================================
AV 95.0 55.5 8.1 FASTST M M 0 MAX(MPH)
MISC ----> 26 200 32 210
================================================================================
NOTES:
# LAST OF SEVERAL OCCURRENCES
COLUMN 17 PEAK WIND IN M.P.H.
PRELIMINARY LOCAL CLIMATOLOGICAL DATA (WS FORM: F-6) , PAGE 2
STATION: PASO ROBLES AIRPORT CA
MONTH: JULY
YEAR: 2022
LATITUDE: 35 40 N
LONGITUDE: 120 38 W
[TEMPERATURE DATA] [PRECIPITATION DATA] SYMBOLS USED IN COLUMN 16
AVERAGE MONTHLY: 75.3 TOTAL FOR MONTH: T 1 = FOG OR MIST
DPTR FM NORMAL: 1.9 DPTR FM NORMAL: -0.08 2 = FOG REDUCING VISIBILITY
HIGHEST: 106 ON 16 GRTST 24HR T ON 15-15 TO 1/4 MILE OR LESS
LOWEST: 49 ON 4 3 = THUNDER
SNOW, ICE PELLETS, HAIL 4 = ICE PELLETS
TOTAL MONTH: M 5 = HAIL
GRTST 24HR M ON M 6 = FREEZING RAIN OR DRIZZLE
GRTST DEPTH: M ON M 7 = DUSTSTORM OR SANDSTORM:
VSBY 1/2 MILE OR LESS
8 = SMOKE OR HAZE
[NO. OF DAYS WITH] [WEATHER - DAYS WITH] 9 = BLOWING SNOW
X = TORNADO
MAX 32 OR BELOW: 0 0.01 INCH OR MORE: 0
MAX 90 OR ABOVE: 22 0.10 INCH OR MORE: 0
MIN 32 OR BELOW: 0 0.50 INCH OR MORE: 0
MIN 0 OR BELOW: 0 1.00 INCH OR MORE: 0
[HDD (BASE 65) ]
TOTAL THIS MO. 0 CLEAR (SCALE 0-3) 31
DPTR FM NORMAL -4 PTCLDY (SCALE 4-7) 0
TOTAL FM JUL 1 0 CLOUDY (SCALE 8-10) 0
DPTR FM NORMAL 0
[CDD (BASE 65) ]
TOTAL THIS MO. 324
DPTR FM NORMAL 60 [PRESSURE DATA]
TOTAL FM JAN 1 700 HIGHEST SLP 30.13 ON 9
DPTR FM NORMAL 223 LOWEST SLP 29.75 ON 17
[REMARKS]
#FINAL-07-22#