000
CXUS56 KPDT 011810
CF6PSC
PRELIMINARY LOCAL CLIMATOLOGICAL DATA (WS FORM: F-6)
STATION: PASCO WA
MONTH: JUNE
YEAR: 2023
LATITUDE: 46 16 N
LONGITUDE: 119 7 W
TEMPERATURE IN F: :PCPN: SNOW: WIND :SUNSHINE: SKY :PK WND
================================================================================
1 2 3 4 5 6A 6B 7 8 9 10 11 12 13 14 15 16 17 18
12Z AVG MX 2MIN
DY MAX MIN AVG DEP HDD CDD WTR SNW DPTH SPD SPD DIR MIN PSBL S-S WX SPD DR
================================================================================
1 78 50 64 -1 1 0 0.00 M M 4.3 13 190 M M 0 16 190
2 85 44 65 0 0 0 0.00 M M 3.9 13 320 M M 0 20 70
3 89 47 68 2 0 3 0.00 M M 4.0 13 320 M M 0 17 320
4 91 50 71 5 0 6 0.00 M M 4.3 13 320 M M 0 20 330
5 93 51 72 6 0 7 0.00 M M 5.2 13 10 M M 0 17 360
6 95 49 72 6 0 7 0.00 M M 8.7 17 340 M M 0 22 330
7 97 51 74 8 0 9 0.00 M M 3.9 10 330 M M 0 8 15 320
8 86 57 72 6 0 7 T M M 6.9 17 200 M M 5 24 220
9 79 63 71 5 0 6 T M M 8.1 17 210 M M 7 22 200
10 80 60 70 3 0 5 0.00 M M 6.0 14 330 M M 4 19 340
11 89 53 71 4 0 6 0.00 M M 4.1 12 30 M M 1 16 30
12 97 60 79 12 0 14 0.00 M M 4.7 15 20 M M 1 20 20
13 95 57 76 9 0 11 0.00 M M 9.8 28 200 M M 1 8 37 200
14 79 53 66 -1 0 1 0.00 M M 12.0 23 200 M M 0 8 31 200
15 82 55 69 1 0 4 0.00 M M 7.2 14 190 M M 1 20 190
16 90 48 69 1 0 4 T M M 5.6 18 320 M M 1 8 27 320
17 83 61 72 4 0 7 0.00 M M 9.5 22 240 M M 2 30 240
18 74 53 64 -4 1 0 0.00 M M 13.3 30 240 M M 2 39 240
19 72 47 60 -8 5 0 T M M 10.0 22 360 M M 1 3 28 220
20 72 53 63 -6 2 0 T M M 6.8 15 210 M M 5 20 220
21 80 44 62 -7 3 0 0.00 M M 4.1 12 20 M M 1 8 22 100
22 86 45 66 -3 0 1 0.00 M M 6.7 16 340 M M 0 22 330
23 91 49 70 1 0 5 0.00 M M 4.3 24 290 M M 0 33 290
24 92 52 72 2 0 7 0.00 M M 4.9 18 160 M M 0 23 150
25 93 56 75 5 0 10 0.00 M M 3.6 15 330 M M 0 20 320
26 92 57 75 5 0 10 0.00 M M 4.2 16 300 M M 0 3 20 10
27 92 66 79 9 0 14 T M M 6.5 21 80 M M 2 28 80
28 95 67 81 10 0 16 T M M 3.8 14 90 M M 2 19 100
29 99 61 80 9 0 15 0.00 M M 4.6 14 230 M M 0 20 230
30 100 64 82 11 0 17 0.00 M M 6.0 16 130 M M 0 8 19 120
================================================================================
SM 2626 1623 12 192 T M 187.0 M 36
================================================================================
AV 87.5 54.1 6.2 FASTST M M 1 MAX(MPH)
MISC ----> 30 240 39 240
================================================================================
NOTES:
# LAST OF SEVERAL OCCURRENCES
COLUMN 17 PEAK WIND IN M.P.H.
PRELIMINARY LOCAL CLIMATOLOGICAL DATA (WS FORM: F-6) , PAGE 2
STATION: PASCO WA
MONTH: JUNE
YEAR: 2023
LATITUDE: 46 16 N
LONGITUDE: 119 7 W
[TEMPERATURE DATA] [PRECIPITATION DATA] SYMBOLS USED IN COLUMN 16
AVERAGE MONTHLY: 70.8 TOTAL FOR MONTH: T 1 = FOG OR MIST
DPTR FM NORMAL: 3.0 DPTR FM NORMAL: -0.61 2 = FOG REDUCING VISIBILITY
HIGHEST: 100 ON 30 GRTST 24HR T ON 8- 8 TO 1/4 MILE OR LESS
LOWEST: 44 ON 21, 2 3 = THUNDER
SNOW, ICE PELLETS, HAIL 4 = ICE PELLETS
TOTAL MONTH: M 5 = HAIL
GRTST 24HR M ON M 6 = FREEZING RAIN OR DRIZZLE
GRTST DEPTH: M ON M 7 = DUSTSTORM OR SANDSTORM:
VSBY 1/2 MILE OR LESS
8 = SMOKE OR HAZE
[NO. OF DAYS WITH] [WEATHER - DAYS WITH] 9 = BLOWING SNOW
X = TORNADO
MAX 32 OR BELOW: 0 0.01 INCH OR MORE: 0
MAX 90 OR ABOVE: 15 0.10 INCH OR MORE: 0
MIN 32 OR BELOW: 0 0.50 INCH OR MORE: 0
MIN 0 OR BELOW: 0 1.00 INCH OR MORE: 0
[HDD (BASE 65) ]
TOTAL THIS MO. 12 CLEAR (SCALE 0-3) 26
DPTR FM NORMAL -21 PTCLDY (SCALE 4-7) 4
TOTAL FM JUL 1 5104 CLOUDY (SCALE 8-10) 0
DPTR FM NORMAL 95
[CDD (BASE 65) ]
TOTAL THIS MO. 192
DPTR FM NORMAL 74 [PRESSURE DATA]
TOTAL FM JAN 1 320 HIGHEST SLP 30.20 ON 21
DPTR FM NORMAL 161 LOWEST SLP 29.64 ON 13
[REMARKS]
#FINAL-06-23#