000
CXUS56 KPDT 020532
CF6PSC
PRELIMINARY LOCAL CLIMATOLOGICAL DATA (WS FORM: F-6)
STATION: PASCO WA
MONTH: JULY
YEAR: 2020
LATITUDE: 46 16 N
LONGITUDE: 119 7 W
TEMPERATURE IN F: :PCPN: SNOW: WIND :SUNSHINE: SKY :PK WND
================================================================================
1 2 3 4 5 6A 6B 7 8 9 10 11 12 13 14 15 16 17 18
12Z AVG MX 2MIN
DY MAX MIN AVG DEP HDD CDD WTR SNW DPTH SPD SPD DIR MIN PSBL S-S WX SPD DR
================================================================================
1 80 54 67 -4 0 2 0.00 M M 13.8 25 210 M M 2 32 200
2 84 54 69 -2 0 4 0.00 M M 10.4 21 190 M M 1 28 230
3 91 48 70 -1 0 5 0.00 M M 7.2 20 240 M M 0 27 220
4 86 49 68 -3 0 3 0.00 M M 4.6 14 100 M M 0 8 16 70
5 89 53 71 -1 0 6 0.00 M M 5.5 14 90 M M 0 8 17 90
6 91 63 77 5 0 12 0.02 M M 9.9 29 210 M M 0 44 320
7 85 58 72 0 0 7 0.00 M M 10.7 25 200 M M 2 31 160
8 85 56 71 -1 0 6 0.00 M M 5.5 14 160 M M 0 19 180
9 88 51 70 -2 0 5 0.00 M M 6.0 18 290 M M 0 23 300
10 90 59 75 2 0 10 0.00 M M 4.3 14 250 M M 1 20 180
11 98 53 76 3 0 11 0.00 M M 7.0 24 280 M M 0 30 270
12 86 60 73 0 0 8 0.00 M M 8.1 24 310 M M 1 31 310
13 84 52 68 -5 0 3 0.00 M M 4.4 10 340 M M 0 12 30
14 92 48 70 -4 0 5 0.00 M M 2.8 12 60 M M 0 16 60
15 96 51 74 0 0 9 0.00 M M 4.0 12 140 M M 0 16 100
16 101 60 81 7 0 16 0.00 M M 5.6 17 240 M M 0 23 230
17 94 63 79 5 0 14 0.00 M M 8.1 22 230 M M 0 26 230
18 93 61 77 3 0 12 0.00 M M 4.8 13 200 M M 0 8 16 50
19 100 58 79 5 0 14 0.00 M M 3.0 10 60 M M 0 14 50
20 99 60 80 6 0 15 0.00 M M 5.9 17 340 M M 0 22 340
21 106 59 83 8 0 18 0.00 M M 3.8 14 200 M M 0 18 200
22 100 69 85 10 0 20 0.00 M M 8.4 18 200 M M 0 22 170
23 94 58 76 1 0 11 0.00 M M 5.6 15 290 M M 0 23 180
24 91 61 76 1 0 11 0.00 M M 10.2 23 320 M M 0 29 320
25 89 50 70 -5 0 5 0.00 M M 3.8 10 360 M M 0 16 350
26 95 51 73 -2 0 8 0.00 M M 5.7 14 320 M M 0 17 310
27 102 55 79 4 0 14 0.00 M M 3.5 8 60 M M 0 8 10 350
28 106 68 87 12 0 22 0.00 M M 6.6 16 290 M M 0 8 21 210
29 106 61 84 9 0 19 0.02 M M 5.7 12 270 M M 0 3 14 330
30 111 66 89 14 0 24 0.00 M M 7.0 15 50 M M 0 27 80
31 109 69 89 14 0 24 0.00 M M 10.3 23 280 M M 0 8 30 290
================================================================================
SM 2921 1778 0 343 0.04 M 202.2 M 7
================================================================================
AV 94.2 57.4 6.5 FASTST M M 0 MAX(MPH)
MISC ----> # 29 210 # 44 320
================================================================================
NOTES:
# LAST OF SEVERAL OCCURRENCES
COLUMN 17 PEAK WIND IN M.P.H.
PRELIMINARY LOCAL CLIMATOLOGICAL DATA (WS FORM: F-6) , PAGE 2
STATION: PASCO WA
MONTH: JULY
YEAR: 2020
LATITUDE: 46 16 N
LONGITUDE: 119 7 W
[TEMPERATURE DATA] [PRECIPITATION DATA] SYMBOLS USED IN COLUMN 16
AVERAGE MONTHLY: 75.8 TOTAL FOR MONTH: 0.04 1 = FOG OR MIST
DPTR FM NORMAL: 2.3 DPTR FM NORMAL: -0.24 2 = FOG REDUCING VISIBILITY
HIGHEST: 111 ON 30 GRTST 24HR 0.02 ON 29-29 TO 1/4 MILE OR LESS
LOWEST: 48 ON 14, 3 3 = THUNDER
SNOW, ICE PELLETS, HAIL 4 = ICE PELLETS
TOTAL MONTH: M 5 = HAIL
GRTST 24HR M ON M 6 = FREEZING RAIN OR DRIZZLE
GRTST DEPTH: M ON M 7 = DUSTSTORM OR SANDSTORM:
VSBY 1/2 MILE OR LESS
8 = SMOKE OR HAZE
[NO. OF DAYS WITH] [WEATHER - DAYS WITH] 9 = BLOWING SNOW
X = TORNADO
MAX 32 OR BELOW: 0 0.01 INCH OR MORE: 2
MAX 90 OR ABOVE: 21 0.10 INCH OR MORE: 0
MIN 32 OR BELOW: 0 0.50 INCH OR MORE: 0
MIN 0 OR BELOW: 0 1.00 INCH OR MORE: 0
[HDD (BASE 65) ]
TOTAL THIS MO. 0 CLEAR (SCALE 0-3) 31
DPTR FM NORMAL -5 PTCLDY (SCALE 4-7) 0
TOTAL FM JUL 1 0 CLOUDY (SCALE 8-10) 0
DPTR FM NORMAL -5
[CDD (BASE 65) ]
TOTAL THIS MO. 343
DPTR FM NORMAL 75 [PRESSURE DATA]
TOTAL FM JAN 1 532 HIGHEST SLP 30.12 ON 26
DPTR FM NORMAL 122 LOWEST SLP 29.58 ON 22
[REMARKS]
#FINAL-07-20#