000
CXUS54 KFWD 070343
CF6PSN
PRELIMINARY LOCAL CLIMATOLOGICAL DATA (WS FORM: F-6)
STATION: PALESTINE
MONTH: NOVEMBER
YEAR: 2020
LATITUDE: 31 46 N
LONGITUDE: 95 42 W
TEMPERATURE IN F: :PCPN: SNOW: WIND :SUNSHINE: SKY :PK WND
================================================================================
1 2 3 4 5 6A 6B 7 8 9 10 11 12 13 14 15 16 17 18
12Z AVG MX 2MIN
DY MAX MIN AVG DEP HDD CDD WTR SNW DPTH SPD SPD DIR MIN PSBL S-S WX SPD DR
================================================================================
1 74 44 59 -2 6 0 0.00 M M 4.0 14 40 M M 0 23 40
2 70 43 57 -4 8 0 0.00 M M 2.4 7 130 M M 0 M M
3 74 40 57 -3 8 0 0.00 M M 2.5 6 190 M M 0 M M
4 76 44 60 0 5 0 0.00 M M 3.8 9 160 M M 0 M M
5 78 61 70 10 0 5 0.00 M M 4.2 9 210 M M 5 1 M M
6 77 55 66 7 0 1 0.00 M M 3.3 6 100 M M 1 M M
7 79 50 65 6 0 0 0.00 M M 5.1 9 130 M M 1 M M
8 76 61 69 10 0 4 0.00 M M 5.2 8 110 M M 4 1 M M
9 82 67 75 17 0 10 0.00 M M 6.4 10 140 M M 7 1 17 140
10 80 64 72 14 0 7 0.03 M M 5.5 10 290 M M 9 17 210
11 80 53 67 9 0 2 0.00 M M 4.8 8 20 M M 4 8 M M
12 82 54 68 11 0 3 0.00 M M 4.3 9 80 M M 0 8 M M
13 82 57 70 13 0 5 0.00 M M 3.6 7 90 M M 4 M M
14 83 68 76 20 0 11 0.00 M M 8.8 16 180 M M 7 21 180
15 74 42 58 2 7 0 0.00 M M 10.4 22 340 M M 1 31 340
16 70 35 53 -3 12 0 0.00 M M 1.5 7 110 M M 0 M M
17 75 37 56 1 9 0 0.00 M M 2.9 8 90 M M 0 8 M M
18 75 51 63 8 2 0 0.00 M M 7.0 10 100 M M 0 M M
19 78 50 64 10 1 0 0.00 M M 6.7 14 180 M M 1 21 180
20 78 63 71 17 0 6 0.00 M M 5.6 12 160 M M 5 1 18 160
21 79 61 70 16 0 5 0.00 M M 3.4 7 110 M M 7 1 M M
22 73 52 63 10 2 0 0.00 M M 7.6 18 340 M M 9 22 340
23 66 51 59 6 6 0 0.00 M M 4.7 9 30 M M 5 M M
24 73 51 62 9 3 0 0.01 M M 8.3 13 130 M M 9 21 130
25 73 41 57 5 8 0 0.50 M M 3.7 12 180 M M 2 20 180
26 74 39 57 5 8 0 0.00 M M 4.4 9 100 M M 1 M M
27 67 60 64 12 1 0 0.27 M M 5.8 10 40 M M 10 1 16 40
28 60 52 56 5 9 0 0.07 M M 6.6 12 80 M M 9 M M
29 52 44 48 -3 17 0 0.12 M M 5.9 13 330 M M 8 1 21 310
30 52 28 40 -11 25 0 0.00 M M 8.0 14 320 M M 0 25 330
================================================================================
SM 2212 1518 137 59 1.00 M 156.4 M 109
================================================================================
AV 73.7 50.6 5.2 FASTST M M 4 MAX(MPH)
MISC ----> 22 340 31 340
================================================================================
NOTES:
# LAST OF SEVERAL OCCURRENCES
COLUMN 17 PEAK WIND IN M.P.H.
PRELIMINARY LOCAL CLIMATOLOGICAL DATA (WS FORM: F-6) , PAGE 2
STATION: PALESTINE
MONTH: NOVEMBER
YEAR: 2020
LATITUDE: 31 46 N
LONGITUDE: 95 42 W
[TEMPERATURE DATA] [PRECIPITATION DATA] SYMBOLS USED IN COLUMN 16
AVERAGE MONTHLY: 62.2 TOTAL FOR MONTH: 1.00 1 = FOG OR MIST
DPTR FM NORMAL: 6.3 DPTR FM NORMAL: -3.24 2 = FOG REDUCING VISIBILITY
HIGHEST: 83 ON 14 GRTST 24HR 0.50 ON 25-25 TO 1/4 MILE OR LESS
LOWEST: 28 ON 30 3 = THUNDER
SNOW, ICE PELLETS, HAIL 4 = ICE PELLETS
TOTAL MONTH: M 5 = HAIL
GRTST 24HR M ON M 6 = FREEZING RAIN OR DRIZZLE
GRTST DEPTH: M ON M 7 = DUSTSTORM OR SANDSTORM:
VSBY 1/2 MILE OR LESS
8 = SMOKE OR HAZE
[NO. OF DAYS WITH] [WEATHER - DAYS WITH] 9 = BLOWING SNOW
X = TORNADO
MAX 32 OR BELOW: 0 0.01 INCH OR MORE: 6
MAX 90 OR ABOVE: 0 0.10 INCH OR MORE: 3
MIN 32 OR BELOW: 1 0.50 INCH OR MORE: 1
MIN 0 OR BELOW: 0 1.00 INCH OR MORE: 0
[HDD (BASE 65) ]
TOTAL THIS MO. 137 CLEAR (SCALE 0-3) 15
DPTR FM NORMAL -161 PTCLDY (SCALE 4-7) 10
TOTAL FM JUL 1 243 CLOUDY (SCALE 8-10) 5
DPTR FM NORMAL -143
[CDD (BASE 65) ]
TOTAL THIS MO. 59
DPTR FM NORMAL 35 [PRESSURE DATA]
TOTAL FM JAN 1 2433 HIGHEST SLP M ON M
DPTR FM NORMAL 117 LOWEST SLP M ON M
[REMARKS]
#FINAL-11-20#