000
CXUS56 KSGX 011145
CF6PSP
PRELIMINARY LOCAL CLIMATOLOGICAL DATA (WS FORM: F-6)
STATION: PALM SPRINGS INTL AIRPORT CA
MONTH: DECEMBER
YEAR: 2021
LATITUDE: 33 49 N
LONGITUDE: 116 30 W
TEMPERATURE IN F: :PCPN: SNOW: WIND :SUNSHINE: SKY :PK WND
================================================================================
1 2 3 4 5 6A 6B 7 8 9 10 11 12 13 14 15 16 17 18
12Z AVG MX 2MIN
DY MAX MIN AVG DEP HDD CDD WTR SNW DPTH SPD SPD DIR MIN PSBL S-S WX SPD DR
================================================================================
1 91 61 76 16 0 11 0.00 M M 4.9 10 320 M M 0 14 290
2 86 56 71 11 0 6 0.00 M M 4.0 12 330 M M 0 13 330
3 80 57 69 10 0 4 0.00 M M 5.2 13 340 M M 0 8 15 330
4 84 55 70 11 0 5 0.00 M M 3.9 12 340 M M 0 14 330
5 87 54 71 12 0 6 0.00 M M 5.1 14 320 M M 0 16 330
6 78 56 67 9 0 2 0.00 M M 4.4 12 340 M M 0 14 90
7 68 55 62 4 3 0 0.00 M M 2.5 10 360 M M 5 12 360
8 75 52 64 6 1 0 0.00 M M 3.0 10 350 M M 1 14 130
9 66 50 58 0 7 0 T M M 3.7 23 330 M M 3 28 320
10 66 46 56 -2 9 0 0.00 M M 5.8 20 330 M M 0 23 320
11 66 44 55 -3 10 0 0.00 M M 4.0 9 340 M M 0 12 110
12 68 41 55 -2 10 0 0.00 M M 4.4 10 330 M M 0 12 330
13 65 42 54 -3 11 0 0.00 M M 3.3 10 110 M M 0 14 90
14 64 46 55 -2 10 0 0.29 M M 7.3 36 330 M M 7 1 43 320
15 60 40 50 -7 15 0 0.00 M M 3.0 12 290 M M 0 20 290
16 62 37 50 -7 15 0 0.00 M M 2.7 8 140 M M 0 11 270
17 68 47 58 1 7 0 0.00 M M 4.9 15 330 M M 0 19 320
18 71 44 58 1 7 0 0.00 M M 3.5 9 320 M M 0 12 220
19 69 42 56 -1 9 0 0.00 M M 5.0 10 320 M M 0 13 300
20 70 41 56 -1 9 0 0.00 M M 4.6 12 300 M M 0 17 300
21 72 53 63 6 2 0 0.00 M M 4.2 9 330 M M 0 12 320
22 71 49 60 3 5 0 T M M 2.3 9 330 M M 0 11 340
23 68 56 62 5 3 0 0.46 M M 2.5 13 340 M M 8 1 16 340
24 65 48 57 0 8 0 0.54 M M 4.1 18 20 M M 6 1 25 30
25 62 46 54 -3 11 0 0.00 M M 4.6 15 330 M M 3 19 40
26 65 47 56 -1 9 0 T M M 7.1 21 330 M M 2 28 320
27 61 42 52 -5 13 0 T M M 4.1 16 350 M M 3 22 40
28 61 43 52 -6 13 0 0.00 M M 4.9 18 330 M M 0 22 340
29 59 39 49 -9 16 0 T M M 3.0 9 100 M M 4 12 110
30 61 49 55 -3 10 0 0.00 M M 2.8 8 320 M M 7 10 220
31 67 47 57 -1 8 0 T M M 4.2 20 340 M M 1 24 360
================================================================================
SM 2156 1485 221 34 1.29 M 129.0 M 50
================================================================================
AV 69.5 47.9 4.2 FASTST M M 2 MAX(MPH)
MISC ----> 36 330 43 320
================================================================================
NOTES:
# LAST OF SEVERAL OCCURRENCES
COLUMN 17 PEAK WIND IN M.P.H.
PRELIMINARY LOCAL CLIMATOLOGICAL DATA (WS FORM: F-6) , PAGE 2
STATION: PALM SPRINGS INTL AIRPORT CA
MONTH: DECEMBER
YEAR: 2021
LATITUDE: 33 49 N
LONGITUDE: 116 30 W
[TEMPERATURE DATA] [PRECIPITATION DATA] SYMBOLS USED IN COLUMN 16
AVERAGE MONTHLY: 58.7 TOTAL FOR MONTH: 1.29 1 = FOG OR MIST
DPTR FM NORMAL: 1.0 DPTR FM NORMAL: 0.61 2 = FOG REDUCING VISIBILITY
HIGHEST: 91 ON 1 GRTST 24HR 1.00 ON 23-24 TO 1/4 MILE OR LESS
LOWEST: 37 ON 16 3 = THUNDER
SNOW, ICE PELLETS, HAIL 4 = ICE PELLETS
TOTAL MONTH: M 5 = HAIL
GRTST 24HR M ON M 6 = FREEZING RAIN OR DRIZZLE
GRTST DEPTH: M ON M 7 = DUSTSTORM OR SANDSTORM:
VSBY 1/2 MILE OR LESS
8 = SMOKE OR HAZE
[NO. OF DAYS WITH] [WEATHER - DAYS WITH] 9 = BLOWING SNOW
X = TORNADO
MAX 32 OR BELOW: 0 0.01 INCH OR MORE: 3
MAX 90 OR ABOVE: 1 0.10 INCH OR MORE: 3
MIN 32 OR BELOW: 0 0.50 INCH OR MORE: 1
MIN 0 OR BELOW: 0 1.00 INCH OR MORE: 0
[HDD (BASE 65) ]
TOTAL THIS MO. 221 CLEAR (SCALE 0-3) 24
DPTR FM NORMAL -12 PTCLDY (SCALE 4-7) 6
TOTAL FM JUL 1 223 CLOUDY (SCALE 8-10) 1
DPTR FM NORMAL -84
[CDD (BASE 65) ]
TOTAL THIS MO. 34
DPTR FM NORMAL 27 [PRESSURE DATA]
TOTAL FM JAN 1 5104 HIGHEST SLP 30.29 ON 11
DPTR FM NORMAL 503 LOWEST SLP 29.56 ON 31
[REMARKS]
#FINAL-12-21#