000
CXUS56 KSGX 011245
CF6PSP
PRELIMINARY LOCAL CLIMATOLOGICAL DATA (WS FORM: F-6)
STATION: PALM SPRINGS INTL AIRPORT CA
MONTH: MARCH
YEAR: 2020
LATITUDE: 33 49 N
LONGITUDE: 116 30 W
TEMPERATURE IN F: :PCPN: SNOW: WIND :SUNSHINE: SKY :PK WND
================================================================================
1 2 3 4 5 6A 6B 7 8 9 10 11 12 13 14 15 16 17 18
12Z AVG MX 2MIN
DY MAX MIN AVG DEP HDD CDD WTR SNW DPTH SPD SPD DIR MIN PSBL S-S WX SPD DR
================================================================================
1 74 50 62 -1 3 0 0.00 0.0 0 8.7 26 320 M M 0 33 310
2 70 51 61 -2 4 0 0.02 0.0 0 12.1 28 360 M M 4 36 350
3 84 63 74 11 0 9 0.00 0.0 0 8.4 25 360 M M 0 30 360
4 77 52 65 1 0 0 0.00 0.0 0 4.8 14 90 M M 0 16 90
5 84 54 69 5 0 4 0.00 0.0 0 5.5 13 340 M M 0 8 17 110
6 87 58 73 9 0 8 0.00 0.0 0 6.4 17 330 M M 0 27 330
7 77 56 67 3 0 2 T 0.0 0 8.9 23 330 M M 0 29 330
8 76 54 65 1 0 0 0.00 0.0 0 7.3 22 320 M M 0 27 340
9 74 51 63 -2 2 0 0.19 0.0 0 3.3 13 120 M M 2 1 17 120
10 63 57 60 -5 5 0 1.09 0.0 0 3.3 10 100 M M 10 1 14 100
11 75 56 66 1 0 1 0.00 0.0 0 2.7 13 90 M M 4 1 16 110
12 66 51 59 -6 6 0 0.94 0.0 0 5.1 22 350 M M 5 13 36 350
13 71 48 60 -5 5 0 0.00 0.0 0 4.2 16 350 M M 3 19 350
14 73 51 62 -4 3 0 0.00 0.0 0 4.9 16 340 M M 2 24 300
15 75 50 63 -3 2 0 0.00 0.0 0 5.5 23 330 M M 0 29 320
16 72 50 61 -5 4 0 T 0.0 0 5.4 21 330 M M 3 28 340
17 70 55 63 -3 2 0 T 0.0 0 9.6 23 320 M M 5 29 320
18 57 47 52 -14 13 0 0.23 M 0 4.4 12 220 M M 5 1 15 230
19 67 44 56 -10 9 0 0.00 0.0 0 5.0 23 330 M M 2 27 320
20 69 47 58 -8 7 0 0.00 0.0 0 3.1 10 120 M M 1 12 120
21 76 54 65 -2 0 0 0.00 0.0 0 4.8 14 330 M M 0 17 330
22 78 54 66 -1 0 1 0.01 0.0 0 5.5 22 330 M M 2 31 310
23 76 57 67 0 0 2 0.01 0.0 0 8.2 26 340 M M 3 31 340
24 77 51 64 -3 1 0 0.00 0.0 0 9.3 23 320 M M 0 32 330
25 73 54 64 -3 1 0 T 0.0 0 11.0 25 340 M M 0 33 330
26 70 50 60 -7 5 0 0.00 0.0 0 7.0 25 240 M M 2 34 230
27 72 47 60 -7 5 0 0.00 0.0 0 7.4 20 320 M M 0 26 30
28 74 48 61 -7 4 0 0.00 0.0 0 3.8 14 310 M M 0 17 320
29 79 50 65 -3 0 0 0.00 0.0 0 8.0 24 330 M M 0 29 320
30 83 51 67 -1 0 2 0.00 0.0 0 3.6 15 320 M M 0 19 330
31 82 59 71 3 0 6 0.00 0.0 0 4.6 12 330 M M 0 14 330
================================================================================
SM 2301 1620 81 35 2.49 0.0 191.8 M 53
================================================================================
AV 74.2 52.3 6.2 FASTST M M 2 MAX(MPH)
MISC ----> # 28 360 # 36 350
================================================================================
NOTES:
# LAST OF SEVERAL OCCURRENCES
COLUMN 17 PEAK WIND IN M.P.H.
PRELIMINARY LOCAL CLIMATOLOGICAL DATA (WS FORM: F-6) , PAGE 2
STATION: PALM SPRINGS INTL AIRPORT CA
MONTH: MARCH
YEAR: 2020
LATITUDE: 33 49 N
LONGITUDE: 116 30 W
[TEMPERATURE DATA] [PRECIPITATION DATA] SYMBOLS USED IN COLUMN 16
AVERAGE MONTHLY: 63.2 TOTAL FOR MONTH: 2.49 1 = FOG OR MIST
DPTR FM NORMAL: -2.5 DPTR FM NORMAL: 1.88 2 = FOG REDUCING VISIBILITY
HIGHEST: 87 ON 6 GRTST 24HR 1.09 ON 10-10 TO 1/4 MILE OR LESS
LOWEST: 44 ON 19 3 = THUNDER
SNOW, ICE PELLETS, HAIL 4 = ICE PELLETS
TOTAL MONTH: 0.0 INCH 5 = HAIL
GRTST 24HR 0.0 6 = FREEZING RAIN OR DRIZZLE
GRTST DEPTH: 0 7 = DUSTSTORM OR SANDSTORM:
VSBY 1/2 MILE OR LESS
8 = SMOKE OR HAZE
[NO. OF DAYS WITH] [WEATHER - DAYS WITH] 9 = BLOWING SNOW
X = TORNADO
MAX 32 OR BELOW: 0 0.01 INCH OR MORE: 7
MAX 90 OR ABOVE: 0 0.10 INCH OR MORE: 4
MIN 32 OR BELOW: 0 0.50 INCH OR MORE: 2
MIN 0 OR BELOW: 0 1.00 INCH OR MORE: 1
[HDD (BASE 65) ]
TOTAL THIS MO. 81 CLEAR (SCALE 0-3) 25
DPTR FM NORMAL 8 PTCLDY (SCALE 4-7) 5
TOTAL FM JUL 1 672 CLOUDY (SCALE 8-10) 1
DPTR FM NORMAL -179
[CDD (BASE 65) ]
TOTAL THIS MO. 35
DPTR FM NORMAL -58 [PRESSURE DATA]
TOTAL FM JAN 1 73 HIGHEST SLP 30.24 ON 20
DPTR FM NORMAL -47 LOWEST SLP 29.69 ON 12
[REMARKS]
#FINAL-03-20#