000
CXUS56 KOTX 010910
CF6PUW
PRELIMINARY LOCAL CLIMATOLOGICAL DATA (WS FORM: F-6)
STATION: PULLMAN_MOSCOW AIRPORT
MONTH: JULY
YEAR: 2021
LATITUDE: 46 44 N
LONGITUDE: 117 7 W
TEMPERATURE IN F: :PCPN: SNOW: WIND :SUNSHINE: SKY :PK WND
================================================================================
1 2 3 4 5 6A 6B 7 8 9 10 11 12 13 14 15 16 17 18
12Z AVG MX 2MIN
DY MAX MIN AVG DEP HDD CDD WTR SNW DPTH SPD SPD DIR MIN PSBL S-S WX SPD DR
================================================================================
1 86 67 77 14 0 12 0.08 M M 5.4 33 150 M M 1 41 140
2 88 58 73 9 0 8 0.00 M M 3.7 15 240 M M 0 19 250
3 91 51 71 7 0 6 0.00 M M 2.2 13 250 M M 0 19 310
4 89 52 71 7 0 6 0.00 M M 4.2 18 240 M M 0 8 24 240
5 89 51 70 5 0 5 0.00 M M 3.3 15 250 M M 0 22 240
6 93 52 73 8 0 8 0.00 M M 2.5 9 10 M M 0 8 13 30
7 87 57 72 7 0 7 T M M 10.4 25 260 M M 0 8 33 250
8 87 54 71 5 0 6 0.00 M M 3.6 14 220 M M 0 8 17 230
9 86 50 68 2 0 3 0.00 M M 1.9 9 230 M M 2 8 12 210
10 92 57 75 9 0 10 0.00 M M 3.4 12 250 M M 3 8 15 240
11 89 51 70 4 0 5 0.00 M M 3.1 15 240 M M 0 22 260
12 90 48 69 2 0 4 0.00 M M 2.0 8 340 M M 0 8 12 280
13 93 52 73 6 0 8 0.00 M M 3.0 12 270 M M 0 8 16 270
14 93 55 74 7 0 9 0.00 M M 2.3 9 230 M M 0 8 12 240
15 87 59 73 6 0 8 0.00 M M 5.8 16 240 M M 0 8 23 240
16 83 52 68 0 0 3 0.00 M M 4.9 16 270 M M 0 8 23 270
17 83 53 68 0 0 3 0.00 M M 3.7 12 260 M M 1 8 17 270
18 88 50 69 1 0 4 0.00 M M 2.6 12 280 M M 0 8 14 280
19 89 58 74 6 0 9 0.00 M M 2.1 12 270 M M 0 8 16 270
20 85 59 72 4 0 7 T M M 3.4 14 250 M M 3 8 17 240
21 78 54 66 -2 0 1 0.11 M M 6.0 18 260 M M 2 38 24 240
22 78 48 63 -5 2 0 0.00 M M 4.4 17 250 M M 0 23 250
23 82 41 62 -7 3 0 0.00 M M 3.5 15 250 M M 0 8 22 240
24 90 48 69 0 0 4 0.00 M M 2.0 8 290 M M 0 8 13 290
25 92 52 72 3 0 7 0.00 M M 2.3 13 250 M M 0 8 17 250
26 89 53 71 2 0 6 0.00 M M 1.9 12 230 M M 0 8 15 230
27 85 57 71 2 0 6 T M M 3.3 16 270 M M 2 38 23 280
28 88 64 76 7 0 11 T M M 2.2 10 240 M M 2 8 14 300
29 95 58 77 8 0 12 0.00 M M 1.9 9 260 M M 1 8 16 330
30 101 60 81 12 0 16 0.00 M M 5.0 14 360 M M 0 8 17 110
31 104 62 83 14 0 18 0.03 M M 5.9 25 220 M M 2 38 32 220
================================================================================
SM 2750 1683 5 212 0.22 M 111.9 M 19
================================================================================
AV 88.7 54.3 3.6 FASTST M M 1 MAX(MPH)
MISC ----> 33 150 41 140
================================================================================
NOTES:
# LAST OF SEVERAL OCCURRENCES
COLUMN 17 PEAK WIND IN M.P.H.
PRELIMINARY LOCAL CLIMATOLOGICAL DATA (WS FORM: F-6) , PAGE 2
STATION: PULLMAN_MOSCOW AIRPORT
MONTH: JULY
YEAR: 2021
LATITUDE: 46 44 N
LONGITUDE: 117 7 W
[TEMPERATURE DATA] [PRECIPITATION DATA] SYMBOLS USED IN COLUMN 16
AVERAGE MONTHLY: 71.5 TOTAL FOR MONTH: 0.22 1 = FOG OR MIST
DPTR FM NORMAL: 4.5 DPTR FM NORMAL: -0.17 2 = FOG REDUCING VISIBILITY
HIGHEST: 104 ON 31 GRTST 24HR 0.11 ON 21-21 TO 1/4 MILE OR LESS
LOWEST: 41 ON 23 3 = THUNDER
SNOW, ICE PELLETS, HAIL 4 = ICE PELLETS
TOTAL MONTH: M 5 = HAIL
GRTST 24HR M ON M 6 = FREEZING RAIN OR DRIZZLE
GRTST DEPTH: M ON M 7 = DUSTSTORM OR SANDSTORM:
VSBY 1/2 MILE OR LESS
8 = SMOKE OR HAZE
[NO. OF DAYS WITH] [WEATHER - DAYS WITH] 9 = BLOWING SNOW
X = TORNADO
MAX 32 OR BELOW: 0 0.01 INCH OR MORE: 3
MAX 90 OR ABOVE: 11 0.10 INCH OR MORE: 1
MIN 32 OR BELOW: 0 0.50 INCH OR MORE: 0
MIN 0 OR BELOW: 0 1.00 INCH OR MORE: 0
[HDD (BASE 65) ]
TOTAL THIS MO. 5 CLEAR (SCALE 0-3) 31
DPTR FM NORMAL -43 PTCLDY (SCALE 4-7) 0
TOTAL FM JUL 1 5 CLOUDY (SCALE 8-10) 0
DPTR FM NORMAL -45
[CDD (BASE 65) ]
TOTAL THIS MO. 212
DPTR FM NORMAL 102 [PRESSURE DATA]
TOTAL FM JAN 1 381 HIGHEST SLP M ON M
DPTR FM NORMAL 240 LOWEST SLP 29.72 ON 1
[REMARKS]
#FINAL-07-21#