000
CXUS51 KGYX 031102 CCA
CF6PWM
PRELIMINARY LOCAL CLIMATOLOGICAL DATA (WS FORM: F-6)
STATION: PORTLAND ME
MONTH: FEBRUARY
YEAR: 2023
LATITUDE: 43 39 N
LONGITUDE: 70 19 W
TEMPERATURE IN F: :PCPN: SNOW: WIND :SUNSHINE: SKY :PK WND
================================================================================
1 2 3 4 5 6A 6B 7 8 9 10 11 12 13 14 15 16 17 18
12Z AVG MX 2MIN
DY MAX MIN AVG DEP HDD CDD WTR SNW DPTH SPD SPD DIR MIN PSBL S-S WX SPD DR
================================================================================
1 23 12 18 -6 47 0 0.00 0.0 8 5.3 12 340 M M 5 15 10
2 32 13 23 -1 42 0 0.00 0.0 8 7.0 15 200 M M 5 23 230
3 31 -13 9 -15 56 0 T T 8 21.1 35 300 M M 4 44 300
4 10 -14 -2 -26 67 0 0.00 0.0 7 14.4 33 290 M M 4 41 290
5 39 10 25 1 40 0 0.00 0.0 7 4.0 14 230 M M 7 19 230
6 43 22 33 9 32 0 0.00 0.0 7 9.5 24 10 M M 5 33 10
7 28 17 23 -1 42 0 0.04 0.2 6 7.8 22 350 M M 4 1 26 360
8 44 26 35 10 30 0 0.00 0.0 6 6.0 17 280 M M 5 22 280
9 40 22 31 6 34 0 0.21 T 6 4.9 14 140 M M 6 1 19 140
10 52 34 43 18 22 0 0.01 0.0 5 11.2 28 260 M M 5 12 37 260
11 40 30 35 10 30 0 T T 4 10.0 26 340 M M 2 34 280
12 47 29 38 13 27 0 0.00 0.0 4 5.4 14 290 M M 2 19 230
13 41 31 36 10 29 0 T T 4 7.4 16 50 M M 4 20 60
14 46 26 36 10 29 0 T T 4 5.7 20 310 M M 6 1 27 310
15 46 24 35 9 30 0 0.01 0.0 3 4.5 18 180 M M 4 1 27 180
16 57 32 45 19 20 0 0.01 0.0 2 8.4 17 270 M M 5 25 280
17 43 21 32 6 33 0 0.14 0.2 1 8.9 25 340 M M 10 1 32 350
18 35 18 27 0 38 0 0.00 0.0 1 6.4 22 330 M M 1 27 340
19 42 22 32 5 33 0 0.00 0.0 1 6.2 17 190 M M 5 27 180
20 52 30 41 14 24 0 T 0.0 T 5.4 22 260 M M 6 1 29 270
21 38 31 35 7 30 0 T T T 5.8 15 90 M M 8 1 17 110
22 42 25 34 6 31 0 0.02 0.3 T 7.4 16 40 M M 6 1 23 240
23 25 16 21 -7 44 0 0.49 4.8 4 9.8 20 30 M M 10 18 26 40
24 23 8 16 -12 49 0 0.01 0.2 5 11.6 29 320 M M 4 1 37 320
25 17 0 9 -20 56 0 T T 4 4.5 12 210 M M 6 1 15 210
26 21 2 12 -17 53 0 0.09 1.9 4 4.6 12 310 M M 5 18 17 40
27 29 3 16 -13 49 0 0.00 0.0 6 5.5 15 80 M M 3 18 80
28 33 22 28 -2 37 0 0.69 6.2 7 12.3 25 90 M M 10 12 31 120
================================================================================
SM 1019 499 1054 0 1.72 13.8 221.0 M 147
================================================================================
AV 36.4 17.8 7.9 FASTST M M 5 MAX(MPH)
MISC ----> 35 300 44 300
================================================================================
NOTES:
# LAST OF SEVERAL OCCURRENCES
COLUMN 17 PEAK WIND IN M.P.H.
PRELIMINARY LOCAL CLIMATOLOGICAL DATA (WS FORM: F-6) , PAGE 2
STATION: PORTLAND ME
MONTH: FEBRUARY
YEAR: 2023
LATITUDE: 43 39 N
LONGITUDE: 70 19 W
[TEMPERATURE DATA] [PRECIPITATION DATA] SYMBOLS USED IN COLUMN 16
AVERAGE MONTHLY: 27.1 TOTAL FOR MONTH: 1.72 1 = FOG OR MIST
DPTR FM NORMAL: 0.9 DPTR FM NORMAL: -1.82 2 = FOG REDUCING VISIBILITY
HIGHEST: 57 ON 16 GRTST 24HR 0.69 ON 28-28 TO 1/4 MILE OR LESS
LOWEST: -14 ON 4 3 = THUNDER
SNOW, ICE PELLETS, HAIL 4 = ICE PELLETS
TOTAL MONTH: 13.8 INCHES 5 = HAIL
GRTST 24HR 6.2 ON 28-28 6 = FREEZING RAIN OR DRIZZLE
GRTST DEPTH: 8 ON 3, 2 7 = DUSTSTORM OR SANDSTORM:
VSBY 1/2 MILE OR LESS
8 = SMOKE OR HAZE
[NO. OF DAYS WITH] [WEATHER - DAYS WITH] 9 = BLOWING SNOW
X = TORNADO
MAX 32 OR BELOW: 10 0.01 INCH OR MORE: 11
MAX 90 OR ABOVE: 0 0.10 INCH OR MORE: 4
MIN 32 OR BELOW: 27 0.50 INCH OR MORE: 1
MIN 0 OR BELOW: 3 1.00 INCH OR MORE: 0
[HDD (BASE 65) ]
TOTAL THIS MO. 1054 CLEAR (SCALE 0-3) 4
DPTR FM NORMAL -34 PTCLDY (SCALE 4-7) 21
TOTAL FM JUL 1 4337 CLOUDY (SCALE 8-10) 3
DPTR FM NORMAL -473
[CDD (BASE 65) ]
TOTAL THIS MO. 0
DPTR FM NORMAL 0 [PRESSURE DATA]
TOTAL FM JAN 1 0 HIGHEST SLP 30.54 ON 25
DPTR FM NORMAL 0 LOWEST SLP 29.41 ON 17
[REMARKS]
#FINAL-02-23#