000
CXUS54 KFWD 010730
CF6RBD
PRELIMINARY LOCAL CLIMATOLOGICAL DATA (WS FORM: F-6)
STATION: DALLAS EXECUTIVE
MONTH: MAY
YEAR: 2022
LATITUDE: 32 40 N
LONGITUDE: 96 52 W
TEMPERATURE IN F: :PCPN: SNOW: WIND :SUNSHINE: SKY :PK WND
================================================================================
1 2 3 4 5 6A 6B 7 8 9 10 11 12 13 14 15 16 17 18
12Z AVG MX 2MIN
DY MAX MIN AVG DEP HDD CDD WTR SNW DPTH SPD SPD DIR MIN PSBL S-S WX SPD DR
================================================================================
1 83 55 69 0 0 4 0.00 M M 9.5 20 100 M M 1 27 140
2 85 64 75 5 0 10 1.03 M M 14.1 29 180 M M 6 13 42 290
3 76 54 65 -5 0 0 0.90 M M 9.0 23 180 M M 10 13 35 160
4 86 59 73 3 0 8 0.00 M M 11.5 22 160 M M 7 128 32 160
5 76 58 67 -3 0 2 0.06 M M 8.7 24 180 M M 4 138 36 170
6 84 55 70 -1 0 5 0.00 M M 5.4 14 150 M M 0 20 130
7 88 66 77 6 0 12 0.00 M M 11.2 20 130 M M 4 8 27 140
8 91 74 83 12 0 18 0.00 M M 17.3 26 180 M M 3 8 39 190
9 91 74 83 11 0 18 0.00 M M 17.9 26 170 M M 5 40 170
10 89 76 83 11 0 18 0.00 M M 14.2 23 170 M M 5 32 190
11 88 70 79 7 0 14 0.00 M M 12.3 20 160 M M 1 8 28 180
12 90 68 79 6 0 14 0.00 M M 12.5 21 150 M M 1 29 170
13 91 67 79 6 0 14 0.00 M M 12.5 29 180 M M 0 40 180
14 91 65 78 5 0 13 0.00 M M 8.5 15 160 M M 0 20 150
15 93 69 81 7 0 16 0.00 M M 11.9 30 70 M M 0 3 42 70
16 90 65 78 4 0 13 0.00 M M 7.9 20 130 M M 0 27 110
17 93 71 82 8 0 17 0.00 M M 12.6 23 170 M M 0 33 160
18 94 71 83 8 0 18 0.00 M M 14.6 24 180 M M 0 35 180
19 93 71 82 7 0 17 0.00 M M 18.5 30 170 M M 1 46 180
20 94 73 84 9 0 19 0.00 M M 18.8 28 160 M M 4 8 39 170
21 92 63 78 2 0 13 T M M 13.9 25 360 M M 7 38 33 330
22 75 61 68 -8 0 3 0.00 M M 11.7 22 10 M M 8 8 28 10
23 80 60 70 -6 0 5 T M M 9.3 22 120 M M 9 1 32 120
24 79 59 69 -7 0 4 1.95 M M 10.5 29 300 M M 9 13 38 310
25 73 59 66 -11 0 1 0.05 M M 11.7 31 120 M M 7 13 38 130
26 88 52 70 -7 0 5 0.00 M M 8.2 24 290 M M 0 31 330
27 90 57 74 -4 0 9 0.00 M M 5.3 12 110 M M 0 17 120
28 92 66 79 1 0 14 0.00 M M 14.4 26 170 M M 0 37 170
29 92 69 81 3 0 16 0.00 M M 18.4 26 160 M M 1 38 170
30 92 74 83 5 0 18 0.00 M M 19.0 29 180 M M 5 40 180
31 94 75 85 6 0 20 0.00 M M 14.8 23 190 M M 4 36 190
================================================================================
SM 2713 2020 0 358 3.99 M 386.1 M 102
================================================================================
AV 87.5 65.2 12.5 FASTST M M 3 MAX(MPH)
MISC ----> 31 120 46 180
================================================================================
NOTES:
# LAST OF SEVERAL OCCURRENCES
COLUMN 17 PEAK WIND IN M.P.H.
PRELIMINARY LOCAL CLIMATOLOGICAL DATA (WS FORM: F-6) , PAGE 2
STATION: DALLAS EXECUTIVE
MONTH: MAY
YEAR: 2022
LATITUDE: 32 40 N
LONGITUDE: 96 52 W
[TEMPERATURE DATA] [PRECIPITATION DATA] SYMBOLS USED IN COLUMN 16
AVERAGE MONTHLY: 76.3 TOTAL FOR MONTH: 3.99 1 = FOG OR MIST
DPTR FM NORMAL: 2.4 DPTR FM NORMAL: -0.35 2 = FOG REDUCING VISIBILITY
HIGHEST: 94 ON 31,20 GRTST 24HR 2.00 ON 24-25 TO 1/4 MILE OR LESS
LOWEST: 52 ON 26 3 = THUNDER
SNOW, ICE PELLETS, HAIL 4 = ICE PELLETS
TOTAL MONTH: M 5 = HAIL
GRTST 24HR M ON M 6 = FREEZING RAIN OR DRIZZLE
GRTST DEPTH: M ON M 7 = DUSTSTORM OR SANDSTORM:
VSBY 1/2 MILE OR LESS
8 = SMOKE OR HAZE
[NO. OF DAYS WITH] [WEATHER - DAYS WITH] 9 = BLOWING SNOW
X = TORNADO
MAX 32 OR BELOW: 0 0.01 INCH OR MORE: 5
MAX 90 OR ABOVE: 17 0.10 INCH OR MORE: 3
MIN 32 OR BELOW: 0 0.50 INCH OR MORE: 3
MIN 0 OR BELOW: 0 1.00 INCH OR MORE: 2
[HDD (BASE 65) ]
TOTAL THIS MO. 0 CLEAR (SCALE 0-3) 16
DPTR FM NORMAL -9 PTCLDY (SCALE 4-7) 12
TOTAL FM JUL 1 1871 CLOUDY (SCALE 8-10) 3
DPTR FM NORMAL -219
[CDD (BASE 65) ]
TOTAL THIS MO. 358
DPTR FM NORMAL 73 [PRESSURE DATA]
TOTAL FM JAN 1 524 HIGHEST SLP M ON M
DPTR FM NORMAL 87 LOWEST SLP 29.53 ON 19
[REMARKS]
#FINAL-05-22#