000
CXUS56 KPDT 011810
CF6RDM
PRELIMINARY LOCAL CLIMATOLOGICAL DATA (WS FORM: F-6)
STATION: REDMOND OR
MONTH: SEPTEMBER
YEAR: 2020
LATITUDE: 44 16 N
LONGITUDE: 121 9 W
TEMPERATURE IN F: :PCPN: SNOW: WIND :SUNSHINE: SKY :PK WND
================================================================================
1 2 3 4 5 6A 6B 7 8 9 10 11 12 13 14 15 16 17 18
12Z AVG MX 2MIN
DY MAX MIN AVG DEP HDD CDD WTR SNW DPTH SPD SPD DIR MIN PSBL S-S WX SPD DR
================================================================================
1 96 43 70 9 0 5 0.00 M M 4.6 9 30 M M 0 M M
2 96 48 72 11 0 7 0.00 M M 5.0 13 10 M M 0 8 23 10
3 99 47 73 12 0 8 0.00 M M 5.9 14 340 M M 0 M M
4 101 48 75 14 0 10 0.00 M M 6.6 18 350 M M 0 22 330
5 97 50 74 14 0 9 0.00 M M 5.8 16 320 M M 0 M M
6 94 46 70 10 0 5 0.00 M M 5.1 12 170 M M 2 8 15 330
7 85 49 67 7 0 2 0.00 M M 12.3 30 20 M M 6 8 37 10
8 74 34 54 -6 11 0 0.00 M M 6.9 18 340 M M 1 8 23 340
9 83 30 57 -2 8 0 0.00 M M 6.0 17 340 M M 0 20 340
10 89 39 64 5 1 0 0.00 M M 4.7 14 330 M M 0 8 18 320
11 76 43 60 1 5 0 0.00 M M 3.4 8 170 M M 5 8 9 170
12 84 42 63 5 2 0 0.00 M M 4.8 15 310 M M 10 8 16 310
13 89 41 65 7 0 0 0.00 M M 3.7 16 280 M M 10 8 20 290
14 88 47 68 10 0 3 0.00 M M 7.6 20 230 M M 6 8 29 200
15 85 44 65 7 0 0 0.00 M M 5.2 16 330 M M 8 8 20 330
16 91 37 64 7 1 0 0.00 M M 6.6 18 330 M M 4 8 21 330
17 84 43 64 7 1 0 0.00 M M 5.6 17 320 M M 5 8 22 310
18 72 44 58 2 7 0 0.02 M M 3.6 23 280 M M 5 138 29 280
19 72 38 55 -1 10 0 0.00 M M 4.7 18 300 M M 4 1 25 320
20 76 33 55 -1 10 0 0.00 M M 3.8 9 340 M M 0 1 14 360
21 78 36 57 1 8 0 0.00 M M 6.0 18 350 M M 1 8 22 360
22 77 45 61 6 4 0 0.00 M M 4.9 16 340 M M 1 18 330
23 80 56 68 13 0 3 T M M 13.7 26 200 M M 2 8 36 180
24 68 42 55 0 10 0 0.04 M M 6.6 16 300 M M 5 1 19 290
25 67 43 55 1 10 0 0.10 M M 9.2 23 220 M M 7 29 200
26 66 42 54 0 11 0 0.00 M M 10.7 24 300 M M 5 29 300
27 71 37 54 0 11 0 0.00 M M 5.5 13 330 M M 0 20 99
28 81 30 56 3 9 0 0.00 M M 5.6 14 320 M M 0 19 10
29 91 33 62 9 3 0 0.00 M M 4.8 14 330 M M 0 16 320
30 87 38 63 10 2 0 0.00 M M 5.2 13 330 M M 0 17 330
================================================================================
SM 2497 1248 124 52 0.16 M 184.1 M 87
================================================================================
AV 83.2 41.6 6.1 FASTST M M 3 MAX(MPH)
MISC ----> 30 20 37 10
================================================================================
NOTES:
# LAST OF SEVERAL OCCURRENCES
COLUMN 17 PEAK WIND IN M.P.H.
PRELIMINARY LOCAL CLIMATOLOGICAL DATA (WS FORM: F-6) , PAGE 2
STATION: REDMOND OR
MONTH: SEPTEMBER
YEAR: 2020
LATITUDE: 44 16 N
LONGITUDE: 121 9 W
[TEMPERATURE DATA] [PRECIPITATION DATA] SYMBOLS USED IN COLUMN 16
AVERAGE MONTHLY: 62.4 TOTAL FOR MONTH: 0.16 1 = FOG OR MIST
DPTR FM NORMAL: 5.2 DPTR FM NORMAL: -0.25 2 = FOG REDUCING VISIBILITY
HIGHEST: 101 ON 4 GRTST 24HR 0.10 ON 25-25 TO 1/4 MILE OR LESS
LOWEST: 30 ON 28, 9 3 = THUNDER
SNOW, ICE PELLETS, HAIL 4 = ICE PELLETS
TOTAL MONTH: M 5 = HAIL
GRTST 24HR M ON M 6 = FREEZING RAIN OR DRIZZLE
GRTST DEPTH: M ON M 7 = DUSTSTORM OR SANDSTORM:
VSBY 1/2 MILE OR LESS
8 = SMOKE OR HAZE
[NO. OF DAYS WITH] [WEATHER - DAYS WITH] 9 = BLOWING SNOW
X = TORNADO
MAX 32 OR BELOW: 0 0.01 INCH OR MORE: 3
MAX 90 OR ABOVE: 8 0.10 INCH OR MORE: 1
MIN 32 OR BELOW: 2 0.50 INCH OR MORE: 0
MIN 0 OR BELOW: 0 1.00 INCH OR MORE: 0
[HDD (BASE 65) ]
TOTAL THIS MO. 124 CLEAR (SCALE 0-3) 17
DPTR FM NORMAL -126 PTCLDY (SCALE 4-7) 11
TOTAL FM JUL 1 192 CLOUDY (SCALE 8-10) 2
DPTR FM NORMAL -207
[CDD (BASE 65) ]
TOTAL THIS MO. 52
DPTR FM NORMAL 36 [PRESSURE DATA]
TOTAL FM JAN 1 400 HIGHEST SLP 30.45 ON 28
DPTR FM NORMAL 178 LOWEST SLP 29.78 ON 23
[REMARKS]
#FINAL-09-20#