000
CXUS51 KAKQ 010710
CF6RIC
PRELIMINARY LOCAL CLIMATOLOGICAL DATA (WS FORM: F-6)
STATION: RICHMOND VA
MONTH: APRIL
YEAR: 2021
LATITUDE: 37 30 N
LONGITUDE: 77 20 W
TEMPERATURE IN F: :PCPN: SNOW: WIND :SUNSHINE: SKY :PK WND
================================================================================
1 2 3 4 5 6A 6B 7 8 9 10 11 12 13 14 15 16 17 18
12Z AVG MX 2MIN
DY MAX MIN AVG DEP HDD CDD WTR SNW DPTH SPD SPD DIR MIN PSBL S-S WX SPD DR
================================================================================
1 60 37 49 -5 16 0 0.18 0.0 0 16.8 33 350 M M 8 1 39 350
2 48 31 40 -14 25 0 0.00 0.0 0 13.7 25 350 M M 2 33 330
3 57 30 44 -10 21 0 0.00 0.0 0 5.9 13 20 M M 1 M M
4 76 35 56 1 9 0 0.00 0.0 0 7.3 23 300 M M 1 31 290
5 75 47 61 6 4 0 0.00 0.0 0 5.6 14 310 M M 3 20 270
6 81 48 65 10 0 0 0.00 0.0 0 4.4 13 120 M M 2 17 140
7 84 47 66 10 0 1 0.00 0.0 0 3.9 10 20 M M 3 M M
8 74 54 64 8 1 0 0.00 0.0 0 11.8 23 110 M M 6 26 110
9 78 55 67 11 0 2 0.15 0.0 0 6.8 24 140 M M 9 13 33 150
10 77 53 65 8 0 0 0.03 0.0 0 6.0 12 140 M M 8 1 M M
11 80 57 69 12 0 4 0.06 0.0 0 10.3 25 210 M M 6 39 210
12 73 53 63 6 2 0 0.00 0.0 0 5.9 10 50 M M 6 17 270
13 70 50 60 2 5 0 T 0.0 0 7.2 14 20 M M 7 20 20
14 72 47 60 2 5 0 0.20 0.0 0 7.1 17 330 M M 7 1 21 330
15 69 49 59 1 6 0 0.03 0.0 0 8.4 23 330 M M 8 1 29 330
16 67 37 52 -6 13 0 0.00 0.0 0 9.0 21 280 M M 3 27 20
17 69 38 54 -5 11 0 T 0.0 0 5.2 15 310 M M 5 20 320
18 69 45 57 -2 8 0 0.00 0.0 0 3.4 14 110 M M 6 16 110
19 60 46 53 -6 12 0 0.16 0.0 0 4.7 18 360 M M 5 1 26 10
20 76 43 60 0 5 0 0.00 0.0 0 8.3 22 190 M M 3 1 26 190
21 75 42 59 -1 6 0 0.02 0.0 0 16.4 30 290 M M 2 37 330
22 58 36 47 -13 18 0 0.00 0.0 0 11.1 25 270 M M 3 33 270
23 65 36 51 -9 14 0 0.00 0.0 0 7.4 16 240 M M 3 20 230
24 64 36 50 -11 15 0 0.49 0.0 0 5.9 15 90 M M 7 1 21 120
25 70 47 59 -2 6 0 0.02 0.0 0 9.0 24 320 M M 7 1 31 320
26 73 45 59 -2 6 0 0.00 0.0 0 4.7 14 320 M M 3 17 20
27 86 48 67 5 0 2 0.00 0.0 0 10.9 22 210 M M 4 27 190
28 88 61 75 13 0 10 0.00 0.0 0 12.3 23 220 M M 6 30 240
29 87 69 78 16 0 13 T 0.0 0 14.4 29 220 M M 8 35 210
30 78 54 66 4 0 1 T 0.0 0 18.2 31 310 M M 5 42 290
================================================================================
SM 2159 1376 208 33 1.34 0.0 262.0 M 147
================================================================================
AV 72.0 45.9 8.7 FASTST M M 5 MAX(MPH)
MISC ----> 33 350 42 290
================================================================================
NOTES:
# LAST OF SEVERAL OCCURRENCES
COLUMN 17 PEAK WIND IN M.P.H.
PRELIMINARY LOCAL CLIMATOLOGICAL DATA (WS FORM: F-6) , PAGE 2
STATION: RICHMOND VA
MONTH: APRIL
YEAR: 2021
LATITUDE: 37 30 N
LONGITUDE: 77 20 W
[TEMPERATURE DATA] [PRECIPITATION DATA] SYMBOLS USED IN COLUMN 16
AVERAGE MONTHLY: 58.9 TOTAL FOR MONTH: 1.34 1 = FOG OR MIST
DPTR FM NORMAL: 0.7 DPTR FM NORMAL: -1.93 2 = FOG REDUCING VISIBILITY
HIGHEST: 88 ON 28 GRTST 24HR 1.01 ON 31- 1 TO 1/4 MILE OR LESS
LOWEST: 30 ON 3 3 = THUNDER
SNOW, ICE PELLETS, HAIL 4 = ICE PELLETS
TOTAL MONTH: 0.0 INCH 5 = HAIL
GRTST 24HR 0.0 6 = FREEZING RAIN OR DRIZZLE
GRTST DEPTH: 0 7 = DUSTSTORM OR SANDSTORM:
VSBY 1/2 MILE OR LESS
8 = SMOKE OR HAZE
[NO. OF DAYS WITH] [WEATHER - DAYS WITH] 9 = BLOWING SNOW
X = TORNADO
MAX 32 OR BELOW: 0 0.01 INCH OR MORE: 10
MAX 90 OR ABOVE: 0 0.10 INCH OR MORE: 5
MIN 32 OR BELOW: 2 0.50 INCH OR MORE: 0
MIN 0 OR BELOW: 0 1.00 INCH OR MORE: 0
[HDD (BASE 65) ]
TOTAL THIS MO. 208 CLEAR (SCALE 0-3) 11
DPTR FM NORMAL -32 PTCLDY (SCALE 4-7) 16
TOTAL FM JUL 1 3339 CLOUDY (SCALE 8-10) 3
DPTR FM NORMAL -353
[CDD (BASE 65) ]
TOTAL THIS MO. 33
DPTR FM NORMAL -3 [PRESSURE DATA]
TOTAL FM JAN 1 42 HIGHEST SLP M ON M
DPTR FM NORMAL 0 LOWEST SLP 29.62 ON 29
[REMARKS]
#FINAL-04-21#