000
CXUS55 KGJT 010910
CF6RIL
PRELIMINARY LOCAL CLIMATOLOGICAL DATA (WS FORM: F-6)
STATION: RIFLE CO
MONTH: JUNE
YEAR: 2021
LATITUDE: 39 31 N
LONGITUDE: 107 43 W
TEMPERATURE IN F: :PCPN: SNOW: WIND :SUNSHINE: SKY :PK WND
================================================================================
1 2 3 4 5 6A 6B 7 8 9 10 11 12 13 14 15 16 17 18
12Z AVG MX 2MIN
DY MAX MIN AVG DEP HDD CDD WTR SNW DPTH SPD SPD DIR MIN PSBL S-S WX SPD DR
================================================================================
1 84 46 65 2 0 0 0.00 M M 6.3 21 310 M M 1 30 320
2 87 48 68 5 0 3 0.00 M M 4.1 13 360 M M 1 17 10
3 92 50 71 8 0 6 T M M 3.2 26 50 M M 1 39 50
4 96 51 74 10 0 9 0.00 M M 5.4 14 120 M M 0 20 280
5 94 55 75 11 0 10 0.00 M M 5.8 29 310 M M 1 42 320
6 93 53 73 9 0 8 0.00 M M 6.2 23 320 M M 0 34 320
7 93 54 74 9 0 9 0.00 M M 6.5 23 270 M M 0 31 280
8 90 51 71 6 0 6 0.00 M M 7.4 29 280 M M 0 44 290
9 93 44 69 4 0 4 0.00 M M 5.8 21 280 M M 0 27 290
10 92 51 72 6 0 7 0.00 M M 13.0 33 320 M M 0 50 330
11 88 44 66 0 0 1 0.00 M M 9.1 28 260 M M 0 37 260
12 96 45 71 5 0 6 0.00 M M 6.4 22 270 M M 0 30 270
13 99 49 74 8 0 9 0.00 M M 4.9 17 280 M M 0 23 290
14 100 49 75 8 0 10 0.00 M M 6.6 22 270 M M 0 29 280
15 102 51 77 10 0 12 0.00 M M 4.4 17 260 M M 0 23 260
16 103 54 79 12 0 14 0.00 M M 4.3 16 250 M M 0 24 310
17 102 57 80 12 0 15 0.00 M M 5.1 25 310 M M 0 8 47 320
18 98 63 81 13 0 16 0.02 M M 6.9 32 150 M M 0 3 46 270
19 89 62 76 8 0 11 T M M 6.9 25 320 M M 1 3 42 330
20 97 51 74 6 0 9 0.00 M M 7.6 29 250 M M 1 39 260
21 92 55 74 5 0 9 0.00 M M 5.8 21 310 M M 0 8 28 320
22 99 53 76 7 0 11 0.00 M M 6.3 25 280 M M 0 32 280
23 86 54 70 1 0 5 0.00 M M 8.2 24 160 M M 0 33 260
24 79 57 68 -2 0 3 0.15 M M 6.9 29 320 M M 6 3 39 310
25 77 51 64 -6 1 0 0.14 M M 6.7 28 320 M M 4 3 41 320
26 73 53 63 -7 2 0 0.40 M M 6.3 22 80 M M 6 3 29 80
27 81 49 65 -5 0 0 0.00 M M 4.6 24 320 M M 2 32 320
28 85 49 67 -4 0 2 0.00 M M 3.9 10 150 M M 1 17 300
29 85 55 70 -1 0 5 0.02 M M 5.2 32 70 M M 3 3 47 80
30 85 59 72 1 0 7 0.00 M M 4.6 17 80 M M 5 22 80
================================================================================
SM 2730 1563 3 207 0.73 M 184.4 M 33
================================================================================
AV 91.0 52.1 6.1 FASTST M M 1 MAX(MPH)
MISC ----> 33 320 50 330
================================================================================
NOTES:
# LAST OF SEVERAL OCCURRENCES
COLUMN 17 PEAK WIND IN M.P.H.
PRELIMINARY LOCAL CLIMATOLOGICAL DATA (WS FORM: F-6) , PAGE 2
STATION: RIFLE CO
MONTH: JUNE
YEAR: 2021
LATITUDE: 39 31 N
LONGITUDE: 107 43 W
[TEMPERATURE DATA] [PRECIPITATION DATA] SYMBOLS USED IN COLUMN 16
AVERAGE MONTHLY: 71.6 TOTAL FOR MONTH: 0.73 1 = FOG OR MIST
DPTR FM NORMAL: 4.4 DPTR FM NORMAL: 0.05 2 = FOG REDUCING VISIBILITY
HIGHEST: 103 ON 16 GRTST 24HR 0.54 ON 25-26 TO 1/4 MILE OR LESS
LOWEST: 44 ON 11, 9 3 = THUNDER
SNOW, ICE PELLETS, HAIL 4 = ICE PELLETS
TOTAL MONTH: M 5 = HAIL
GRTST 24HR M ON M 6 = FREEZING RAIN OR DRIZZLE
GRTST DEPTH: M ON M 7 = DUSTSTORM OR SANDSTORM:
VSBY 1/2 MILE OR LESS
8 = SMOKE OR HAZE
[NO. OF DAYS WITH] [WEATHER - DAYS WITH] 9 = BLOWING SNOW
X = TORNADO
MAX 32 OR BELOW: 0 0.01 INCH OR MORE: 5
MAX 90 OR ABOVE: 18 0.10 INCH OR MORE: 3
MIN 32 OR BELOW: 0 0.50 INCH OR MORE: 0
MIN 0 OR BELOW: 0 1.00 INCH OR MORE: 0
[HDD (BASE 65) ]
TOTAL THIS MO. 3 CLEAR (SCALE 0-3) 25
DPTR FM NORMAL -44 PTCLDY (SCALE 4-7) 5
TOTAL FM JUL 1 6143 CLOUDY (SCALE 8-10) 0
DPTR FM NORMAL -254
[CDD (BASE 65) ]
TOTAL THIS MO. 207
DPTR FM NORMAL 95 [PRESSURE DATA]
TOTAL FM JAN 1 214 HIGHEST SLP M ON M
DPTR FM NORMAL 90 LOWEST SLP 29.61 ON 6
[REMARKS]
#FINAL-06-21#