000
CXUS55 KRIW 032201
CF6RIW
PRELIMINARY LOCAL CLIMATOLOGICAL DATA (WS FORM: F-6)
STATION: RIVERTON WY
MONTH: JULY
YEAR: 2021
LATITUDE: 43 2 N
LONGITUDE: 108 27 W
TEMPERATURE IN F: :PCPN: SNOW: WIND :SUNSHINE: SKY :PK WND
================================================================================
1 2 3 4 5 6A 6B 7 8 9 10 11 12 13 14 15 16 17 18
12Z AVG MX 2MIN
DY MAX MIN AVG DEP HDD CDD WTR SNW DPTH SPD SPD DIR MIN PSBL S-S WX SPD DR
================================================================================
1 85 57 71 2 0 6 0.00 0.0 0 5.7 24 80 M M 2 36 90
2 90 57 74 5 0 9 T 0.0 0 10.0 25 320 M M 1 3 33 320
3 91 60 76 7 0 11 T 0.0 0 9.7 24 10 M M 1 35 10
4 95 58 77 7 0 12 T 0.0 0 8.4 35 20 M M 1 3 50 10
5 84 57 71 1 0 6 0.05 0.0 0 11.0 39 330 M M 1 13 61 320
6 88 53 71 1 0 6 0.00 0.0 0 5.9 14 200 M M 1 19 190
7 96 56 76 6 0 11 0.00 0.0 0 8.5 30 340 M M 0 44 340
8 99 59 79 8 0 14 0.00 0.0 0 9.0 30 270 M M 0 41 290
9 97 58 78 7 0 13 0.00 0.0 0 11.1 39 10 M M 0 52 360
10 85 51 68 -3 0 3 0.00 0.0 0 6.0 13 110 M M 0 19 110
11 87 54 71 -1 0 6 0.00 0.0 0 6.4 13 330 M M 0 17 340
12 92 59 76 4 0 11 0.10 0.0 0 10.1 33 320 M M 0 3 47 320
13 87 56 72 0 0 7 T 0.0 0 9.4 31 20 M M 0 3 45 240
14 83 55 69 -3 0 4 0.00 0.0 0 8.0 16 80 M M 0 23 50
15 89 55 72 0 0 7 T 0.0 0 8.2 38 290 M M 0 59 280
16 92 61 77 5 0 12 0.08 0.0 0 8.1 32 330 M M 1 3 44 340
17 93 57 75 2 0 10 0.00 0.0 0 7.3 14 300 M M 0 18 120
18 97 57 77 4 0 12 0.00 0.0 0 6.0 17 10 M M 0 24 10
19 100 61 81 8 0 16 0.00 0.0 0 6.4 14 120 M M 0 21 110
20 90 69 80 7 0 15 T 0.0 0 9.2 28 310 M M 1 35 320
21 94 60 77 4 0 12 0.00 0.0 0 6.4 16 60 M M 1 24 20
22 90 65 78 5 0 13 0.00 0.0 0 9.1 20 320 M M 0 29 320
23 93 63 78 5 0 13 0.00 0.0 0 12.2 25 330 M M 0 8 34 320
24 92 61 77 4 0 12 0.00 0.0 0 7.5 21 30 M M 0 25 320
25 96 58 77 4 0 12 0.00 0.0 0 7.6 20 30 M M 0 28 40
26 97 64 81 8 0 16 0.00 0.0 0 8.7 16 330 M M 0 8 19 320
27 100 62 81 8 0 16 0.00 0.0 0 8.2 23 220 M M 0 31 230
28 95 66 81 8 0 16 0.01 0.0 0 12.7 35 310 M M 2 8 47 310
29 84 62 73 0 0 8 0.04 0.0 0 7.8 25 330 M M 4 3 33 330
30 79 62 71 -2 0 6 0.02 0.0 0 7.4 16 320 M M 6 3 19 320
31 81 61 71 -2 0 6 0.39 0.0 0 9.1 30 50 M M 5 13 40 50
================================================================================
SM 2821 1834 0 321 0.69 0.0 261.1 M 27
================================================================================
AV 91.0 59.2 8.4 FASTST M M 1 MAX(MPH)
MISC ----> 39 330 61 320
================================================================================
NOTES:
# LAST OF SEVERAL OCCURRENCES
COLUMN 17 PEAK WIND IN M.P.H.
PRELIMINARY LOCAL CLIMATOLOGICAL DATA (WS FORM: F-6) , PAGE 2
STATION: RIVERTON WY
MONTH: JULY
YEAR: 2021
LATITUDE: 43 2 N
LONGITUDE: 108 27 W
[TEMPERATURE DATA] [PRECIPITATION DATA] SYMBOLS USED IN COLUMN 16
AVERAGE MONTHLY: 75.1 TOTAL FOR MONTH: 0.69 1 = FOG OR MIST
DPTR FM NORMAL: 3.2 DPTR FM NORMAL: 0.15 2 = FOG REDUCING VISIBILITY
HIGHEST: 100 ON 27,19 GRTST 24HR 0.39 ON 30-31 TO 1/4 MILE OR LESS
LOWEST: 51 ON 10 3 = THUNDER
SNOW, ICE PELLETS, HAIL 4 = ICE PELLETS
TOTAL MONTH: 0.0 INCH 5 = HAIL
GRTST 24HR 0.0 6 = FREEZING RAIN OR DRIZZLE
GRTST DEPTH: 0 7 = DUSTSTORM OR SANDSTORM:
VSBY 1/2 MILE OR LESS
8 = SMOKE OR HAZE
[NO. OF DAYS WITH] [WEATHER - DAYS WITH] 9 = BLOWING SNOW
X = TORNADO
MAX 32 OR BELOW: 0 0.01 INCH OR MORE: 7
MAX 90 OR ABOVE: 20 0.10 INCH OR MORE: 2
MIN 32 OR BELOW: 0 0.50 INCH OR MORE: 0
MIN 0 OR BELOW: 0 1.00 INCH OR MORE: 0
[HDD (BASE 65) ]
TOTAL THIS MO. 0 CLEAR (SCALE 0-3) 28
DPTR FM NORMAL -10 PTCLDY (SCALE 4-7) 3
TOTAL FM JUL 1 0 CLOUDY (SCALE 8-10) 0
DPTR FM NORMAL -6
[CDD (BASE 65) ]
TOTAL THIS MO. 321
DPTR FM NORMAL 97 [PRESSURE DATA]
TOTAL FM JAN 1 503 HIGHEST SLP 30.26 ON 31
DPTR FM NORMAL 204 LOWEST SLP 29.70 ON 7
[REMARKS]
#FINAL-07-21#