000
CXUS54 KCRP 011210
CF6RKP
PRELIMINARY LOCAL CLIMATOLOGICAL DATA (WS FORM: F-6)
STATION: ROCKPORT
MONTH: MAY
YEAR: 2023
LATITUDE: 28 4 N
LONGITUDE: 97 3 W
TEMPERATURE IN F: :PCPN: SNOW: WIND :SUNSHINE: SKY :PK WND
================================================================================
1 2 3 4 5 6A 6B 7 8 9 10 11 12 13 14 15 16 17 18
12Z AVG MX 2MIN
DY MAX MIN AVG DEP HDD CDD WTR SNW DPTH SPD SPD DIR MIN PSBL S-S WX SPD DR
================================================================================
1 83 67 75 -1 0 10 0.00 0.0 0 12.0 20 140 M M 0 18 27 140
2 83 72 78 2 0 13 0.00 0.0 0 11.3 17 100 M M 3 22 100
3 83 68 76 0 0 11 0.00 0.0 0 10.6 16 100 M M 3 1 22 120
4 83 74 79 3 0 14 0.00 0.0 0 10.0 18 110 M M 9 18 22 110
5 87 76 82 5 0 17 0.00 0.0 0 10.7 22 150 M M 3 18 34 150
6 86 77 82 5 0 17 0.00 0.0 0 14.7 23 120 M M 6 18 34 190
7 87 78 83 6 0 18 0.00 0.0 0 13.6 24 140 M M 5 18 36 130
8 86 78 82 5 0 17 T 0.0 0 12.2 20 110 M M 6 18 29 150
9 80 68 74 -4 0 9 0.96 0.0 0 11.0 31 320 M M 6 138 42 320
10 84 70 77 -1 0 12 2.54 0.0 0 12.6 23 160 M M 6 138 43 170
11 86 78 82 4 0 17 0.00 0.0 0 12.8 20 110 M M 8 18 25 150
12 86 79 83 5 0 18 T 0.0 0 15.0 21 120 M M 10 18 28 110
13 80 71 76 -2 0 11 0.46 0.0 0 9.8 25 110 M M 5 13 34 120
14 89 72 81 2 0 16 0.00 0.0 0 7.6 16 120 M M 4 1 23 130
15 87 71 79 0 0 14 T 0.0 0 4.7 16 140 M M 2 1 23 150
16 84 68 76 -3 0 11 0.03 0.0 0 5.2 17 340 M M 4 138 23 350
17 89 67 78 -1 0 13 0.00 0.0 0 4.6 12 150 M M 0 18 15 150
18 87 68 78 -2 0 13 0.00 0.0 0 6.1 15 140 M M 0 1 19 140
19 87 73 80 0 0 15 0.00 0.0 0 8.7 17 150 M M 3 24 140
20 87 73 80 0 0 15 0.00 0.0 0 5.6 14 120 M M 2 138 19 30
21 86 73 80 0 0 15 T 0.0 0 7.4 13 360 M M 4 18 17 360
22 86 70 78 -3 0 13 0.00 0.0 0 8.1 13 130 M M 3 18 17 120
23 86 70 78 -3 0 13 0.00 0.0 0 7.6 15 130 M M 1 1 21 140
24 86 73 80 -1 0 15 0.00 0.0 0 8.4 24 20 M M 1 18 33 20
25 87 71 79 -2 0 14 0.00 0.0 0 7.8 18 120 M M 2 18 26 110
26 85 72 79 -2 0 14 0.00 0.0 0 9.8 15 140 M M 0 18 20 140
27 86 76 81 -1 0 16 0.00 0.0 0 9.7 16 130 M M 0 8 22 140
28 86 72 79 -3 0 14 0.00 0.0 0 7.9 16 130 M M 1 18 22 140
29 86 75 81 -1 0 16 0.00 0.0 0 8.0 15 100 M M 2 38 19 130
30 86 72 79 -3 0 14 0.00 0.0 0 8.3 18 120 M M 1 138 23 100
31 87 73 80 -2 0 15 0.00 0.0 0 11.2 18 120 M M 1 18 25 130
================================================================================
SM 2651 2245 0 440 3.99 0.0 293.0 M 101
================================================================================
AV 85.5 72.4 9.5 FASTST M M 3 MAX(MPH)
MISC ----> 31 320 43 170
================================================================================
NOTES:
# LAST OF SEVERAL OCCURRENCES
COLUMN 17 PEAK WIND IN M.P.H.
PRELIMINARY LOCAL CLIMATOLOGICAL DATA (WS FORM: F-6) , PAGE 2
STATION: ROCKPORT
MONTH: MAY
YEAR: 2023
LATITUDE: 28 4 N
LONGITUDE: 97 3 W
[TEMPERATURE DATA] [PRECIPITATION DATA] SYMBOLS USED IN COLUMN 16
AVERAGE MONTHLY: 79.0 TOTAL FOR MONTH: 3.99 1 = FOG OR MIST
DPTR FM NORMAL: -0.2 DPTR FM NORMAL: 0.79 2 = FOG REDUCING VISIBILITY
HIGHEST: 89 ON 17,14 GRTST 24HR 3.50 ON 9-10 TO 1/4 MILE OR LESS
LOWEST: 67 ON 17, 1 3 = THUNDER
SNOW, ICE PELLETS, HAIL 4 = ICE PELLETS
TOTAL MONTH: 0.0 INCH 5 = HAIL
GRTST 24HR 0.0 6 = FREEZING RAIN OR DRIZZLE
GRTST DEPTH: 0 7 = DUSTSTORM OR SANDSTORM:
VSBY 1/2 MILE OR LESS
8 = SMOKE OR HAZE
[NO. OF DAYS WITH] [WEATHER - DAYS WITH] 9 = BLOWING SNOW
X = TORNADO
MAX 32 OR BELOW: 0 0.01 INCH OR MORE: 4
MAX 90 OR ABOVE: 0 0.10 INCH OR MORE: 3
MIN 32 OR BELOW: 0 0.50 INCH OR MORE: 2
MIN 0 OR BELOW: 0 1.00 INCH OR MORE: 1
[HDD (BASE 65) ]
TOTAL THIS MO. 0 CLEAR (SCALE 0-3) 15
DPTR FM NORMAL 0 PTCLDY (SCALE 4-7) 14
TOTAL FM JUL 1 791 CLOUDY (SCALE 8-10) 2
DPTR FM NORMAL -35
[CDD (BASE 65) ]
TOTAL THIS MO. 440
DPTR FM NORMAL 0 [PRESSURE DATA]
TOTAL FM JAN 1 1024 HIGHEST SLP 30.18 ON 15
DPTR FM NORMAL 136 LOWEST SLP 29.72 ON 5
[REMARKS]
#FINAL-05-23#