000
CXUS54 KCRP 011310
CF6RKP
PRELIMINARY LOCAL CLIMATOLOGICAL DATA (WS FORM: F-6)
STATION: ROCKPORT
MONTH: JANUARY
YEAR: 2022
LATITUDE: 28 4 N
LONGITUDE: 97 3 W
TEMPERATURE IN F: :PCPN: SNOW: WIND :SUNSHINE: SKY :PK WND
================================================================================
1 2 3 4 5 6A 6B 7 8 9 10 11 12 13 14 15 16 17 18
12Z AVG MX 2MIN
DY MAX MIN AVG DEP HDD CDD WTR SNW DPTH SPD SPD DIR MIN PSBL S-S WX SPD DR
================================================================================
1 87 74 81 24 0 16 0.00 0.0 M 10.5 21 160 M M 5 18 32 170
2 74 39 57 0 8 0 0.00 0.0 0 21.5 36 340 M M 3 12 46 340
3 53 34 44 -13 21 0 0.00 0.0 M 6.9 15 10 M M 0 21 20
4 70 38 54 -3 11 0 0.00 0.0 0 5.2 12 160 M M 2 17 150
5 78 52 65 8 0 0 0.00 0.0 M 5.8 14 150 M M 0 1 18 150
6 76 47 62 5 3 0 0.00 0.0 M 9.0 25 10 M M 4 128 31 20
7 62 43 53 -4 12 0 0.06 M M 11.6 23 10 M M 9 18 28 10
8 68 54 61 5 4 0 0.24 0.0 0 2.8 12 240 M M 10 12 18 220
9 81 54 68 12 0 3 0.53 0.0 0 9.8 28 360 M M 9 1238 35 350
10 66 48 57 1 8 0 0.00 0.0 0 14.7 26 10 M M 4 38 20
11 64 43 54 -2 11 0 0.00 0.0 M 10.2 14 60 M M 3 19 60
12 65 49 57 0 8 0 T M M 7.6 15 20 M M 8 18 19 10
13 76 47 62 5 3 0 0.00 0.0 M 4.7 10 280 M M 0 18 14 270
14 70 47 59 2 6 0 0.00 0.0 0 5.8 13 130 M M 3 128 18 170
15 66 47 57 0 8 0 T 0.0 0 18.3 35 330 M M 1 1 44 340
16 65 42 54 -3 11 0 0.00 0.0 0 9.1 21 320 M M 0 8 28 320
17 70 34 52 -5 13 0 0.00 0.0 0 5.4 12 150 M M 0 15 150
18 67 49 58 1 7 0 M M 0 3.5 7 170 M M 2 1 M M
19 M M M M M M M M M M M M M M M M M
20 M M M M M M M 0.0 0 M M M M M M M M
21 54 36 45 -12 20 0 T 0.0 M 12.0 23 10 M M 0 29 10
22 56 39 48 -9 17 0 0.00 0.0 M 9.2 22 50 M M 8 24 40
23 58 50 54 -3 11 0 0.00 0.0 0 7.5 14 40 M M 10 18 50
24 55 49 52 -6 13 0 0.41 0.0 0 9.3 16 340 M M 9 18 22 290
25 64 48 56 -2 9 0 0.00 0.0 0 8.7 14 30 M M 8 12 M M
26 61 52 57 -1 8 0 0.00 0.0 0 12.9 20 40 M M 7 22 80
27 62 52 57 -1 8 0 0.00 0.0 0 8.8 14 20 M M 10 18 30
28 61 39 50 -8 15 0 T 0.0 M 9.7 21 10 M M 6 1 27 10
29 64 37 51 -7 14 0 0.00 0.0 M 6.1 13 150 M M 0 17 160
30 71 41 56 -2 9 0 0.00 0.0 M 6.1 13 160 M M 4 1 18 190
31 65 59 62 3 3 0 0.52 0.0 0 5.8 14 340 M M 8 13 17 170
================================================================================
SM 1929 1343 261 19 1.76 0.0 258.5 M 133
================================================================================
AV 66.5 46.3 8.9 FASTST M M 5 MAX(MPH)
MISC ----> 36 340 46 340
================================================================================
NOTES:
# LAST OF SEVERAL OCCURRENCES
COLUMN 17 PEAK WIND IN M.P.H.
PRELIMINARY LOCAL CLIMATOLOGICAL DATA (WS FORM: F-6) , PAGE 2
STATION: ROCKPORT
MONTH: JANUARY
YEAR: 2022
LATITUDE: 28 4 N
LONGITUDE: 97 3 W
[TEMPERATURE DATA] [PRECIPITATION DATA] SYMBOLS USED IN COLUMN 16
AVERAGE MONTHLY: 56.4 TOTAL FOR MONTH: 1.76 1 = FOG OR MIST
DPTR FM NORMAL: -0.7 DPTR FM NORMAL: 0.04 2 = FOG REDUCING VISIBILITY
HIGHEST: 87 ON 1 GRTST 24HR 0.93 ON 24-24 TO 1/4 MILE OR LESS
LOWEST: 34 ON 17, 3 3 = THUNDER
SNOW, ICE PELLETS, HAIL 4 = ICE PELLETS
TOTAL MONTH: 0.0 INCH 5 = HAIL
GRTST 24HR 0.0 6 = FREEZING RAIN OR DRIZZLE
GRTST DEPTH: 0 7 = DUSTSTORM OR SANDSTORM:
VSBY 1/2 MILE OR LESS
8 = SMOKE OR HAZE
[NO. OF DAYS WITH] [WEATHER - DAYS WITH] 9 = BLOWING SNOW
X = TORNADO
MAX 32 OR BELOW: 0 0.01 INCH OR MORE: 5
MAX 90 OR ABOVE: 0 0.10 INCH OR MORE: 4
MIN 32 OR BELOW: 0 0.50 INCH OR MORE: 2
MIN 0 OR BELOW: 0 1.00 INCH OR MORE: 0
[HDD (BASE 65) ]
TOTAL THIS MO. 261 CLEAR (SCALE 0-3) 13
DPTR FM NORMAL -9 PTCLDY (SCALE 4-7) 8
TOTAL FM JUL 1 376 CLOUDY (SCALE 8-10) 10
DPTR FM NORMAL -211
[CDD (BASE 65) ]
TOTAL THIS MO. 19
DPTR FM NORMAL -6 [PRESSURE DATA]
TOTAL FM JAN 1 19 HIGHEST SLP 30.59 ON 3
DPTR FM NORMAL -6 LOWEST SLP 29.61 ON 1
[REMARKS]
#FINAL-01-22#