000
CXUS55 KRIW 011110
CF6RKS
PRELIMINARY LOCAL CLIMATOLOGICAL DATA (WS FORM: F-6)
STATION: ROCK SPRINGS WY
MONTH: FEBRUARY
YEAR: 2023
LATITUDE: 41 35 N
LONGITUDE: 109 4 W
TEMPERATURE IN F: :PCPN: SNOW: WIND :SUNSHINE: SKY :PK WND
================================================================================
1 2 3 4 5 6A 6B 7 8 9 10 11 12 13 14 15 16 17 18
12Z AVG MX 2MIN
DY MAX MIN AVG DEP HDD CDD WTR SNW DPTH SPD SPD DIR MIN PSBL S-S WX SPD DR
================================================================================
1 25 7 16 -6 49 0 0.00 M M 12.7 26 250 M M 0 34 250
2 31 13 22 0 43 0 0.00 M M 13.1 24 260 M M 0 28 270
3 26 8 17 -5 48 0 0.00 M M 3.1 10 230 M M 0 11 230
4 32 9 21 -1 44 0 0.00 M M 9.0 17 260 M M 1 23 230
5 34 20 27 5 38 0 T M M 13.8 31 250 M M 3 37 250
6 29 17 23 1 42 0 0.00 M M 19.0 29 250 M M 2 37 250
7 29 17 23 1 42 0 0.00 M M 20.5 30 260 M M 0 36 250
8 32 12 22 -1 43 0 T M M 18.0 35 290 M M 5 128 45 290
9 21 5 13 -10 52 0 0.00 M M 9.8 18 250 M M 0 24 260
10 31 8 20 -3 45 0 0.00 M M 5.9 16 250 M M 0 20 250
11 22 6 14 -9 51 0 0.00 M M 3.0 13 260 M M 0 14 260
12 30 7 19 -4 46 0 0.00 M M 4.6 13 210 M M 1 14 210
13 28 2 15 -9 50 0 0.00 M M 3.4 14 270 M M 0 1 16 270
14 21 9 15 -9 50 0 T M M 16.2 37 60 M M 2 1 46 60
15 13 1 7 -17 58 0 T M M 19.6 43 60 M M 7 19 53 70
16 20 -4 8 -16 57 0 0.00 M M 14.1 24 250 M M 0 30 240
17 28 4 16 -8 49 0 0.00 M M 3.9 16 250 M M 0 18 250
18 30 1 16 -9 49 0 T M M 9.8 23 280 M M 2 1 30 270
19 28 19 24 -1 41 0 T M M 20.5 35 260 M M 7 18 43 250
20 34 26 30 5 35 0 0.00 M M 29.9 56 270 M M 8 8 72 270
21 36 13 25 -1 40 0 0.18 M M 18.4 41 250 M M 9 129 51 240
22 13 -12 1 -25 64 0 0.02 M M 30.0 51 70 M M 10 1289 71 40
23 8 -14 -3 -29 68 0 0.00 M M 5.1 9 40 M M 2 12 90
24 16 -6 5 -22 60 0 0.00 M M 3.5 10 250 M M 2 13 260
25 25 0 13 -14 52 0 0.00 M M 2.8 10 270 M M 0 13 250
26 32 6 19 -8 46 0 T M M 9.5 23 250 M M 3 1 30 260
27 32 21 27 -1 38 0 T M M 13.2 30 190 M M 9 1 39 190
28 25 8 17 -11 48 0 0.01 M M 18.7 40 260 M M 4 1289 51 250
================================================================================
SM 731 203 1348 0 0.21 M 351.1 M 77
================================================================================
AV 26.1 7.3 12.5 FASTST M M 3 MAX(MPH)
MISC ----> 56 270 72 270
================================================================================
NOTES:
# LAST OF SEVERAL OCCURRENCES
COLUMN 17 PEAK WIND IN M.P.H.
PRELIMINARY LOCAL CLIMATOLOGICAL DATA (WS FORM: F-6) , PAGE 2
STATION: ROCK SPRINGS WY
MONTH: FEBRUARY
YEAR: 2023
LATITUDE: 41 35 N
LONGITUDE: 109 4 W
[TEMPERATURE DATA] [PRECIPITATION DATA] SYMBOLS USED IN COLUMN 16
AVERAGE MONTHLY: 16.7 TOTAL FOR MONTH: 0.21 1 = FOG OR MIST
DPTR FM NORMAL: -7.6 DPTR FM NORMAL: -0.16 2 = FOG REDUCING VISIBILITY
HIGHEST: 36 ON 21 GRTST 24HR 0.20 ON 21-22 TO 1/4 MILE OR LESS
LOWEST: -14 ON 23 3 = THUNDER
SNOW, ICE PELLETS, HAIL 4 = ICE PELLETS
TOTAL MONTH: M 5 = HAIL
GRTST 24HR M ON M 6 = FREEZING RAIN OR DRIZZLE
GRTST DEPTH: M ON M 7 = DUSTSTORM OR SANDSTORM:
VSBY 1/2 MILE OR LESS
8 = SMOKE OR HAZE
[NO. OF DAYS WITH] [WEATHER - DAYS WITH] 9 = BLOWING SNOW
X = TORNADO
MAX 32 OR BELOW: 25 0.01 INCH OR MORE: 3
MAX 90 OR ABOVE: 0 0.10 INCH OR MORE: 1
MIN 32 OR BELOW: 28 0.50 INCH OR MORE: 0
MIN 0 OR BELOW: 5 1.00 INCH OR MORE: 0
[HDD (BASE 65) ]
TOTAL THIS MO. 1348 CLEAR (SCALE 0-3) 19
DPTR FM NORMAL 209 PTCLDY (SCALE 4-7) 6
TOTAL FM JUL 1 5856 CLOUDY (SCALE 8-10) 3
DPTR FM NORMAL 65
[CDD (BASE 65) ]
TOTAL THIS MO. 0
DPTR FM NORMAL 0 [PRESSURE DATA]
TOTAL FM JAN 1 0 HIGHEST SLP 30.69 ON 9
DPTR FM NORMAL 0 LOWEST SLP 29.21 ON 21
[REMARKS]
#FINAL-02-23#