000
CXUS55 KRIW 011110
CF6RKS
PRELIMINARY LOCAL CLIMATOLOGICAL DATA (WS FORM: F-6)
STATION: ROCK SPRINGS WY
MONTH: FEBRUARY
YEAR: 2022
LATITUDE: 41 35 N
LONGITUDE: 109 4 W
TEMPERATURE IN F: :PCPN: SNOW: WIND :SUNSHINE: SKY :PK WND
================================================================================
1 2 3 4 5 6A 6B 7 8 9 10 11 12 13 14 15 16 17 18
12Z AVG MX 2MIN
DY MAX MIN AVG DEP HDD CDD WTR SNW DPTH SPD SPD DIR MIN PSBL S-S WX SPD DR
================================================================================
1 25 6 16 -6 49 0 0.00 M M 10.0 20 310 M M 0 29 320
2 17 -2 8 -14 57 0 T M M 7.3 16 270 M M 5 8 22 250
3 25 1 13 -9 52 0 0.00 M M 15.3 22 240 M M 1 30 240
4 35 9 22 0 43 0 0.00 M M 18.6 31 250 M M 0 38 250
5 36 19 28 6 37 0 0.00 M M 17.6 33 260 M M 1 43 260
6 35 12 24 2 41 0 T M M 12.1 24 250 M M 3 31 240
7 46 19 33 11 32 0 0.00 M M 19.5 30 260 M M 0 43 250
8 43 23 33 10 32 0 0.00 M M 23.4 35 260 M M 0 45 270
9 42 27 35 12 30 0 0.00 M M 22.9 36 260 M M 1 46 270
10 42 25 34 11 31 0 0.00 M M 26.7 43 260 M M 0 53 260
11 43 15 29 6 36 0 0.00 M M 14.3 29 60 M M 1 38 270
12 43 10 27 4 38 0 0.00 M M 11.6 29 270 M M 0 36 280
13 50 22 36 12 29 0 0.00 M M 16.1 28 270 M M 0 35 280
14 51 24 38 14 27 0 0.00 M M 12.1 25 250 M M 0 33 250
15 49 25 37 13 28 0 T M M 7.3 20 290 M M 3 1 26 260
16 29 12 21 -3 44 0 T M M 12.9 22 60 M M 9 18 31 30
17 30 11 21 -3 44 0 0.00 M M 20.0 38 260 M M 4 50 260
18 39 19 29 4 36 0 0.00 M M 23.4 37 270 M M 1 47 260
19 45 22 34 9 31 0 0.00 M M 17.3 32 260 M M 0 42 260
20 50 25 38 13 27 0 0.00 M M 15.4 31 250 M M 2 45 270
21 38 -3 18 -8 47 0 0.01 M M 16.4 35 60 M M 9 128 46 60
22 3 -8 -2 -28 67 0 T M M 19.4 30 60 M M 6 8 39 50
23 3 -9 -3 -29 68 0 T M M 14.2 25 60 M M 10 8 33 60
24 18 -4 7 -20 58 0 T M M 14.5 30 250 M M 5 1 36 260
25 19 0 10 -17 55 0 T M M 10.2 22 230 M M 4 1 27 240
26 23 0 12 -15 53 0 0.00 M M 16.3 25 250 M M 0 34 250
27 37 8 23 -5 42 0 0.00 M M 11.2 21 240 M M 0 26 250
28 46 19 33 5 32 0 0.00 M M 18.4 31 260 M M 0 38 250
================================================================================
SM 962 327 1166 0 0.01 M 444.4 M 65
================================================================================
AV 34.4 11.7 15.9 FASTST M M 2 MAX(MPH)
MISC ----> 43 260 53 260
================================================================================
NOTES:
# LAST OF SEVERAL OCCURRENCES
COLUMN 17 PEAK WIND IN M.P.H.
PRELIMINARY LOCAL CLIMATOLOGICAL DATA (WS FORM: F-6) , PAGE 2
STATION: ROCK SPRINGS WY
MONTH: FEBRUARY
YEAR: 2022
LATITUDE: 41 35 N
LONGITUDE: 109 4 W
[TEMPERATURE DATA] [PRECIPITATION DATA] SYMBOLS USED IN COLUMN 16
AVERAGE MONTHLY: 23.0 TOTAL FOR MONTH: 0.01 1 = FOG OR MIST
DPTR FM NORMAL: -1.3 DPTR FM NORMAL: -0.36 2 = FOG REDUCING VISIBILITY
HIGHEST: 51 ON 14 GRTST 24HR 0.01 ON 21-21 TO 1/4 MILE OR LESS
LOWEST: -9 ON 23 3 = THUNDER
SNOW, ICE PELLETS, HAIL 4 = ICE PELLETS
TOTAL MONTH: M 5 = HAIL
GRTST 24HR M ON M 6 = FREEZING RAIN OR DRIZZLE
GRTST DEPTH: M ON M 7 = DUSTSTORM OR SANDSTORM:
VSBY 1/2 MILE OR LESS
8 = SMOKE OR HAZE
[NO. OF DAYS WITH] [WEATHER - DAYS WITH] 9 = BLOWING SNOW
X = TORNADO
MAX 32 OR BELOW: 10 0.01 INCH OR MORE: 1
MAX 90 OR ABOVE: 0 0.10 INCH OR MORE: 0
MIN 32 OR BELOW: 28 0.50 INCH OR MORE: 0
MIN 0 OR BELOW: 7 1.00 INCH OR MORE: 0
[HDD (BASE 65) ]
TOTAL THIS MO. 1166 CLEAR (SCALE 0-3) 20
DPTR FM NORMAL 27 PTCLDY (SCALE 4-7) 5
TOTAL FM JUL 1 5271 CLOUDY (SCALE 8-10) 3
DPTR FM NORMAL -520
[CDD (BASE 65) ]
TOTAL THIS MO. 0
DPTR FM NORMAL 0 [PRESSURE DATA]
TOTAL FM JAN 1 0 HIGHEST SLP 30.70 ON 27
DPTR FM NORMAL 0 LOWEST SLP 29.47 ON 21
[REMARKS]
#FINAL-02-22#