000
CXUS51 KRNK 011432
CLSRNK
CLIMATE REPORT
NATIONAL WEATHER SERVICE BLACKSBURG, VA
1032 AM EDT THU JUN 01 2023
...................................
...THE BLACKSBURG VA CLIMATE SUMMARY FOR THE SEASON, FROM
3/1/2023 TO 5/31/2023...
CLIMATE NORMAL PERIOD: 1991 TO 2020
CLIMATE RECORD PERIOD: 1893 TO 2023
WEATHER OBSERVED NORMAL DEPART LAST YEAR`S
VALUE DATE(S) VALUE FROM VALUE
NORMAL
..............................................................
TEMPERATURE (F)
RECORD
HIGH 93 05/22/1941
LOW -2 03/17/1900
HIGHEST 83 04/20 86
LOWEST 13 03/20 14
AVG. MAXIMUM 65.2 63.0 2.2 66.3
AVG. MINIMUM 41.3 39.2 2.1 41.6
MEAN 53.2 51.1 2.1 54.0
DAYS MAX >= 90 0 0.0 0.0 0
DAYS MAX <= 32 0 1.1 -1.1 0
DAYS MIN <= 32 5 26.5 -21.5 20
DAYS MIN <= 0 0 0.0 0.0 0
PRECIPITATION (INCHES)
RECORD
MAXIMUM 18.52 1975
MINIMUM 4.35 1930
TOTALS 11.21 12.02 -0.81 11.69
DAYS >= .01 31 38.4 -7.4 32
DAYS >= .10 19 24.4 -5.4 21
DAYS >= .50 7 8.6 -1.6 9
DAYS >= 1.00 3 2.5 0.5 3
GREATEST
24 HR. TOTAL 2.30 1.61
SNOWFALL (INCHES)
TOTALS 0.4 4.9 -4.5 1.5
DAYS >= TRACE 9 3.3 5.7 6
DAYS >= 1.0 0 1.2 -1.2 1
GREATEST
24 HR TOTAL MM 0.0
DEGREE DAYS
HEATING TOTAL 1087 1316 -229 1029
COOLING TOTAL 22 36 -14 43
..............................................................
WIND (MPH)
AVERAGE WIND SPEED 4.6
RESULTANT WIND SPEED/DIRECTION 1/300
HIGHEST WIND SPEED/DIRECTION 28/310 DATE 03/10
HIGHEST GUST SPEED/DIRECTION 40/310 DATE 03/10
SKY COVER
AVERAGE SKY COVER 0.44
AVERAGE RH (PERCENT) 68
WEATHER CONDITIONS. NUMBER OF DAYS WITH
THUNDERSTORM 8 MIXED PRECIP 0
HEAVY RAIN 13 RAIN 19
LIGHT RAIN 39 FREEZING RAIN 0
LT FREEZING RAIN 1 HAIL 0
HEAVY SNOW 0 SNOW 1
LIGHT SNOW 8 SLEET 2
FOG 31 FOG W/VIS <= 1/4 MILE 4
HAZE 0
- INDICATES NEGATIVE NUMBERS.
R INDICATES RECORD WAS SET OR TIED.
MM INDICATES DATA IS MISSING.
T INDICATES TRACE AMOUNT.
$$
RCS