000
CXUS56 KSGX 011045
CF6RNM
PRELIMINARY LOCAL CLIMATOLOGICAL DATA (WS FORM: F-6)
STATION: RAMONA AIRPORT CA
MONTH: JULY
YEAR: 2022
LATITUDE: 33 2 N
LONGITUDE: 116 55 W
TEMPERATURE IN F: :PCPN: SNOW: WIND :SUNSHINE: SKY :PK WND
================================================================================
1 2 3 4 5 6A 6B 7 8 9 10 11 12 13 14 15 16 17 18
12Z AVG MX 2MIN
DY MAX MIN AVG DEP HDD CDD WTR SNW DPTH SPD SPD DIR MIN PSBL S-S WX SPD DR
================================================================================
1 93 59 76 5 0 11 0.00 M M 5.7 16 260 M M 0 18 21 270
2 88 53 71 0 0 6 0.00 M M 5.8 15 270 M M 0 20 270
3 83 53 68 -3 0 3 0.00 M M 5.8 17 280 M M 2 29 280
4 82 56 69 -3 0 4 0.00 M M 5.8 17 270 M M 3 21 270
5 85 53 69 -3 0 4 0.00 M M 5.0 14 260 M M 2 1 19 260
6 84 57 71 -1 0 6 0.00 M M 5.5 15 280 M M 3 19 280
7 85 54 70 -2 0 5 0.00 M M 5.9 14 270 M M 1 12 19 270
8 91 55 73 1 0 8 0.00 M M 4.9 15 290 M M 1 12 22 270
9 93 50 72 0 0 7 0.00 M M 5.4 14 260 M M 0 12 21 320
10 94 53 74 1 0 9 0.00 M M 4.6 15 270 M M 0 20 310
11 90 52 71 -2 0 6 0.00 M M 5.4 14 260 M M 0 128 20 270
12 86 56 71 -2 0 6 0.00 M M 5.7 13 270 M M 3 12 19 280
13 88 55 72 -1 0 7 0.00 M M 6.2 16 290 M M 2 12 19 290
14 87 59 73 0 0 8 0.00 M M 5.3 14 270 M M 0 17 260
15 93 59 76 3 0 11 0.00 M M 6.0 14 290 M M 0 22 310
16 95 61 78 5 0 13 0.00 M M 5.0 15 270 M M 0 23 300
17 95 68 82 8 0 17 0.01 M M 5.8 18 130 M M 0 24 140
18 95 64 80 6 0 15 0.00 M M 5.3 15 270 M M 0 23 260
19 95 63 79 5 0 14 0.00 M M 5.5 15 270 M M 0 21 270
20 95 62 79 5 0 14 0.00 M M 4.3 15 270 M M 0 19 300
21 95 61 78 4 0 13 0.00 M M 5.4 16 270 M M 0 21 270
22 91 57 74 0 0 9 0.00 M M 5.5 13 290 M M 1 12 18 270
23 89 58 74 0 0 9 0.00 M M 5.5 15 260 M M 3 18 23 270
24 90 57 74 0 0 9 0.00 M M 5.3 14 260 M M 3 128 20 280
25 89 61 75 1 0 10 0.00 M M 5.6 15 280 M M 4 18 18 290
26 91 60 76 2 0 11 0.00 M M 5.9 15 270 M M 3 12 19 260
27 93 59 76 2 0 11 0.00 M M 5.2 16 270 M M 3 12 21 270
28 93 56 75 1 0 10 0.00 M M 4.7 15 270 M M 0 19 260
29 92 59 76 2 0 11 0.00 M M 4.4 15 280 M M 0 20 240
30 91 65 78 4 0 13 0.00 M M 5.5 15 270 M M 2 22 240
31 93 68 81 7 0 16 0.00 M M 5.4 15 270 M M 5 20 270
================================================================================
SM 2804 1803 0 296 0.01 M 167.3 M 41
================================================================================
AV 90.5 58.2 5.4 FASTST M M 1 MAX(MPH)
MISC ----> 18 130 29 280
================================================================================
NOTES:
# LAST OF SEVERAL OCCURRENCES
COLUMN 17 PEAK WIND IN M.P.H.
PRELIMINARY LOCAL CLIMATOLOGICAL DATA (WS FORM: F-6) , PAGE 2
STATION: RAMONA AIRPORT CA
MONTH: JULY
YEAR: 2022
LATITUDE: 33 2 N
LONGITUDE: 116 55 W
[TEMPERATURE DATA] [PRECIPITATION DATA] SYMBOLS USED IN COLUMN 16
AVERAGE MONTHLY: 74.3 TOTAL FOR MONTH: 0.01 1 = FOG OR MIST
DPTR FM NORMAL: 1.1 DPTR FM NORMAL: -0.09 2 = FOG REDUCING VISIBILITY
HIGHEST: 95 ON 21,20 GRTST 24HR 0.01 ON 17-17 TO 1/4 MILE OR LESS
LOWEST: 50 ON 9 3 = THUNDER
SNOW, ICE PELLETS, HAIL 4 = ICE PELLETS
TOTAL MONTH: M 5 = HAIL
GRTST 24HR M ON M 6 = FREEZING RAIN OR DRIZZLE
GRTST DEPTH: M ON M 7 = DUSTSTORM OR SANDSTORM:
VSBY 1/2 MILE OR LESS
8 = SMOKE OR HAZE
[NO. OF DAYS WITH] [WEATHER - DAYS WITH] 9 = BLOWING SNOW
X = TORNADO
MAX 32 OR BELOW: 0 0.01 INCH OR MORE: 1
MAX 90 OR ABOVE: 20 0.10 INCH OR MORE: 0
MIN 32 OR BELOW: 0 0.50 INCH OR MORE: 0
MIN 0 OR BELOW: 0 1.00 INCH OR MORE: 0
[HDD (BASE 65) ]
TOTAL THIS MO. 0 CLEAR (SCALE 0-3) 26
DPTR FM NORMAL -1 PTCLDY (SCALE 4-7) 5
TOTAL FM JUL 1 0 CLOUDY (SCALE 8-10) 0
DPTR FM NORMAL 0
[CDD (BASE 65) ]
TOTAL THIS MO. 296
DPTR FM NORMAL 41 [PRESSURE DATA]
TOTAL FM JAN 1 537 HIGHEST SLP 30.07 ON 9
DPTR FM NORMAL 148 LOWEST SLP 29.76 ON 17
[REMARKS]
#FINAL-07-22#