000
CXUS55 KABQ 180440
CF6ROW
PRELIMINARY LOCAL CLIMATOLOGICAL DATA (WS FORM: F-6)
STATION: ROSWELL NM
MONTH: JUNE
YEAR: 2022
LATITUDE: 33 17 N
LONGITUDE: 104 32 W
TEMPERATURE IN F: :PCPN: SNOW: WIND :SUNSHINE: SKY :PK WND
================================================================================
1 2 3 4 5 6A 6B 7 8 9 10 11 12 13 14 15 16 17 18
12Z AVG MX 2MIN
DY MAX MIN AVG DEP HDD CDD WTR SNW DPTH SPD SPD DIR MIN PSBL S-S WX SPD DR
================================================================================
1 87 64 76 -2 0 11 T 0.0 0 14.1 28 40 M M 5 37 30
2 84 62 73 -5 0 8 0.03 0.0 0 7.5 24 350 M M 8 3 32 350
3 89 61 75 -3 0 10 0.29 0.0 0 11.6 36 320 M M 3 38 52 310
4 98 60 79 0 0 14 0.00 0.0 0 7.7 20 180 M M 0 24 180
5 101 61 81 2 0 16 0.00 0.0 0 10.0 18 290 M M 0 31 260
6 103 73 88 9 0 23 0.00 0.0 0 11.3 21 360 M M 0 27 290
7 99 68 84 4 0 19 0.00 0.0 0 9.4 23 10 M M 0 30 10
8 95 72 84 4 0 19 0.00 0.0 0 11.5 35 60 M M 5 8 44 60
9 98 72 85 5 0 20 0.00 0.0 0 11.2 21 150 M M 0 31 170
10 108 71 90 10 0 25 0.00 0.0 0 8.7 17 170 M M 0 23 180
11 111 72 92 12 0 27 T 0.0 0 8.6 20 270 M M 0 3 29 330
12 108 70 89 8 0 24 T 0.0 0 8.0 25 170 M M 1 40 330
13 107 72 90 9 0 25 0.00 0.0 0 8.5 30 180 M M 0 42 180
14 107 73 90 9 0 25 0.00 0.0 0 8.8 21 200 M M 0 28 190
15 104 75 90 9 0 25 0.00 0.0 0 12.0 26 220 M M 0 33 220
16 101 75 88 7 0 23 0.00 0.0 0 12.7 24 120 M M 0 33 130
17 100 69 85 3 0 20 0.07 0.0 0 11.0 23 140 M M 1 3 32 160
18 99 67 83 1 0 18 0.00 0.0 0 11.6 23 130 M M 0 35 120
19 98 71 85 3 0 20 T 0.0 0 10.5 31 260 M M 2 3 40 270
20 94 67 81 -1 0 16 0.08 0.0 0 10.8 35 230 M M 4 3 45 240
21 78 68 73 -9 0 8 0.18 0.0 0 8.7 18 10 M M 8 1 24 10
22 93 67 80 -2 0 15 0.00 0.0 0 7.9 16 180 M M 2 23 180
23 99 68 84 2 0 19 0.00 0.0 0 6.9 24 270 M M 1 38 240
24 101 70 86 4 0 21 T 0.0 0 7.7 30 280 M M 1 40 270
25 101 70 86 4 0 21 0.00 0.0 0 10.9 31 10 M M 1 41 20
26 90 64 77 -5 0 12 2.32 0.0 0 12.3 23 10 M M 6 13 33 40
27 84 63 74 -9 0 9 0.14 0.0 0 5.2 10 30 M M 3 1 13 70
28 87 68 78 -5 0 13 0.00 0.0 0 6.1 21 20 M M 3 26 10
29 92 68 80 -3 0 15 0.00 0.0 0 7.1 18 170 M M 1 27 120
30 98 68 83 0 0 18 0.00 0.0 0 9.3 18 150 M M 0 28 200
================================================================================
SM 2914 2049 0 539 3.11 0.0 287.6 M 55
================================================================================
AV 97.1 68.3 9.6 FASTST M M 2 MAX(MPH)
MISC ----> 36 320 52 310
================================================================================
NOTES:
# LAST OF SEVERAL OCCURRENCES
COLUMN 17 PEAK WIND IN M.P.H.
PRELIMINARY LOCAL CLIMATOLOGICAL DATA (WS FORM: F-6) , PAGE 2
STATION: ROSWELL NM
MONTH: JUNE
YEAR: 2022
LATITUDE: 33 17 N
LONGITUDE: 104 32 W
[TEMPERATURE DATA] [PRECIPITATION DATA] SYMBOLS USED IN COLUMN 16
AVERAGE MONTHLY: 82.7 TOTAL FOR MONTH: 3.11 1 = FOG OR MIST
DPTR FM NORMAL: 1.7 DPTR FM NORMAL: 1.83 2 = FOG REDUCING VISIBILITY
HIGHEST: 111 ON 11 GRTST 24HR 2.46 ON 26-27 TO 1/4 MILE OR LESS
LOWEST: 60 ON 4 3 = THUNDER
SNOW, ICE PELLETS, HAIL 4 = ICE PELLETS
TOTAL MONTH: 0.0 INCH 5 = HAIL
GRTST 24HR 0.0 6 = FREEZING RAIN OR DRIZZLE
GRTST DEPTH: 0 7 = DUSTSTORM OR SANDSTORM:
VSBY 1/2 MILE OR LESS
8 = SMOKE OR HAZE
[NO. OF DAYS WITH] [WEATHER - DAYS WITH] 9 = BLOWING SNOW
X = TORNADO
MAX 32 OR BELOW: 0 0.01 INCH OR MORE: 7
MAX 90 OR ABOVE: 24 0.10 INCH OR MORE: 4
MIN 32 OR BELOW: 0 0.50 INCH OR MORE: 1
MIN 0 OR BELOW: 0 1.00 INCH OR MORE: 1
[HDD (BASE 65) ]
TOTAL THIS MO. 0 CLEAR (SCALE 0-3) 23
DPTR FM NORMAL 0 PTCLDY (SCALE 4-7) 7
TOTAL FM JUL 1 2667 CLOUDY (SCALE 8-10) 0
DPTR FM NORMAL -207
[CDD (BASE 65) ]
TOTAL THIS MO. 539
DPTR FM NORMAL 60 [PRESSURE DATA]
TOTAL FM JAN 1 1014 HIGHEST SLP 30.25 ON 27
DPTR FM NORMAL 217 LOWEST SLP 29.46 ON 13
[REMARKS]
#FINAL-06-22#