000
CXUS56 KFGZ 010910
CF6RQE
PRELIMINARY LOCAL CLIMATOLOGICAL DATA (WS FORM: F-6)
STATION: WINDOW ROCK AZ AIRPORT
MONTH: MARCH
YEAR: 2022
LATITUDE: 35 39 N
LONGITUDE: 109 4 W
TEMPERATURE IN F: :PCPN: SNOW: WIND :SUNSHINE: SKY :PK WND
================================================================================
1 2 3 4 5 6A 6B 7 8 9 10 11 12 13 14 15 16 17 18
12Z AVG MX 2MIN
DY MAX MIN AVG DEP HDD CDD WTR SNW DPTH SPD SPD DIR MIN PSBL S-S WX SPD DR
================================================================================
1 64 14 39 2 26 0 0.00 M M 2.5 12 60 M M 0 17 80
2 68 14 41 3 24 0 0.00 M M 1.8 10 180 M M 0 15 230
3 68 17 43 5 22 0 0.00 M M 3.3 20 190 M M 0 8 26 200
4 60 29 45 7 20 0 0.05 M M 12.1 37 230 M M 4 18 50 200
5 45 31 38 0 27 0 0.14 M M 10.6 33 220 M M 9 18 45 220
6 37 10 24 -14 41 0 0.29 M M 7.5 23 240 M M 7 128 29 240
7 37 19 28 -11 37 0 T M M 4.9 18 260 M M 9 8 23 270
8 42 11 27 -12 38 0 0.00 M M 4.5 15 360 M M 0 19 360
9 47 16 32 -7 33 0 0.00 M M 8.6 28 240 M M 0 43 240
10 40 25 33 -6 32 0 0.13 M M 9.2 30 240 M M M 18 38 230
11 43 10 27 -13 38 0 T M M 7.0 15 350 M M M 19 360
12 55 17 36 -4 29 0 0.00 M M 1.9 10 110 M M M 13 250
13 57 20 39 -1 26 0 0.00 M M 8.6 25 230 M M M 34 240
14 56 27 42 2 23 0 0.00 M M 5.5 23 340 M M M 29 350
15 66 20 43 3 22 0 0.00 M M 2.1 14 270 M M M 17 280
16 63 26 45 4 20 0 T M M 7.5 26 270 M M M 36 270
17 50 32 41 0 24 0 0.00 M M 13.0 28 340 M M 0 38 340
18 58 17 38 -3 27 0 0.00 M M 4.6 18 300 M M 0 24 300
19 61 15 38 -3 27 0 0.00 M M 3.8 18 190 M M 0 24 220
20 62 28 45 3 20 0 T M M 8.9 33 250 M M 4 46 250
21 51 29 40 -2 25 0 T M M 12.1 26 330 M M 5 35 340
22 53 30 42 0 23 0 0.00 M M 14.8 26 330 M M 0 36 310
23 57 21 39 -3 26 0 0.00 M M 8.4 25 330 M M 0 34 330
24 69 19 44 2 21 0 0.00 M M 5.3 18 360 M M 0 25 360
25 74 23 49 6 16 0 0.00 M M 3.2 16 360 M M 0 22 360
26 77 24 51 8 14 0 0.00 M M 3.1 17 260 M M 0 22 270
27 74 26 50 7 15 0 0.00 M M 5.5 23 240 M M 0 33 240
28 66 28 47 4 18 0 0.00 M M 8.9 26 190 M M 3 39 220
29 47 35 41 -2 24 0 0.07 M M 9.7 25 270 M M 8 1 31 270
30 56 30 43 -1 22 0 T M M 8.5 25 300 M M 5 36 300
31 61 27 44 0 21 0 T M M 7.0 26 240 M M 4 32 240
================================================================================
SM 1764 690 781 0 0.68 M 214.4 M 58
================================================================================
AV 56.9 22.3 6.9 FASTST M M 2 MAX(MPH)
MISC ----> 37 230 50 200
================================================================================
NOTES:
# LAST OF SEVERAL OCCURRENCES
COLUMN 17 PEAK WIND IN M.P.H.
PRELIMINARY LOCAL CLIMATOLOGICAL DATA (WS FORM: F-6) , PAGE 2
STATION: WINDOW ROCK AZ AIRPORT
MONTH: MARCH
YEAR: 2022
LATITUDE: 35 39 N
LONGITUDE: 109 4 W
[TEMPERATURE DATA] [PRECIPITATION DATA] SYMBOLS USED IN COLUMN 16
AVERAGE MONTHLY: 39.6 TOTAL FOR MONTH: 0.68 1 = FOG OR MIST
DPTR FM NORMAL: -1.1 DPTR FM NORMAL: 0.02 2 = FOG REDUCING VISIBILITY
HIGHEST: 77 ON 26 GRTST 24HR 0.42 ON 5- 6 TO 1/4 MILE OR LESS
LOWEST: 10 ON 11, 6 3 = THUNDER
SNOW, ICE PELLETS, HAIL 4 = ICE PELLETS
TOTAL MONTH: M 5 = HAIL
GRTST 24HR M ON M 6 = FREEZING RAIN OR DRIZZLE
GRTST DEPTH: M ON M 7 = DUSTSTORM OR SANDSTORM:
VSBY 1/2 MILE OR LESS
8 = SMOKE OR HAZE
[NO. OF DAYS WITH] [WEATHER - DAYS WITH] 9 = BLOWING SNOW
X = TORNADO
MAX 32 OR BELOW: 0 0.01 INCH OR MORE: 5
MAX 90 OR ABOVE: 0 0.10 INCH OR MORE: 3
MIN 32 OR BELOW: 30 0.50 INCH OR MORE: 0
MIN 0 OR BELOW: 0 1.00 INCH OR MORE: 0
[HDD (BASE 65) ]
TOTAL THIS MO. 781 CLEAR (SCALE 0-3) 14
DPTR FM NORMAL 26 PTCLDY (SCALE 4-7) 7
TOTAL FM JUL 1 4932 CLOUDY (SCALE 8-10) 10
DPTR FM NORMAL -307
[CDD (BASE 65) ]
TOTAL THIS MO. 0
DPTR FM NORMAL 0 [PRESSURE DATA]
TOTAL FM JAN 1 0 HIGHEST SLP M ON M
DPTR FM NORMAL 0 LOWEST SLP 29.56 ON 29
[REMARKS]
#FINAL-03-22#