000
CXUS53 KARX 031322
CLSRST
CLIMATE REPORT
NATIONAL WEATHER SERVICE
822 AM CDT THU JUN 03 2021
...................................
...THE ROCHESTER MN CLIMATE SUMMARY FOR THE SEASON, FROM
3/1/2021 TO 5/31/2021...
CLIMATE NORMAL PERIOD 1991 TO 2020
CLIMATE RECORD PERIOD 1886 TO 2021
WEATHER OBSERVED NORMAL DEPART LAST YEAR`S
VALUE DATE(S) VALUE FROM VALUE DATE(S)
NORMAL
................................................................
TEMPERATURE (F)
RECORD
HIGH 106 05/31/1934
LOW -31 03/01/1962
HIGHEST 91 05/01 MM
LOWEST 7 03/01 MM
AVG. MAXIMUM 57.4 54.4 3.0 MM
AVG. MINIMUM 37.5 35.2 2.3 MM
MEAN 47.4 44.8 2.6 MM
DAYS MAX >= 90 1 0.7 0.3 MM
DAYS MAX <= 32 2 8.9 -6.9 MM
DAYS MIN <= 32 31 36.1 -5.1 MM
DAYS MIN <= 0 0 1.7 -1.7 MM
PRECIPITATION (INCHES)
RECORD
MAXIMUM 21.90 2013
MINIMUM 3.17 1910
TOTALS 6.99 9.89 -2.90 MM
DAYS >= .01 27 35.7 -8.7 MM
DAYS >= .10 17 19.4 -2.4 MM
DAYS >= .50 5 6.3 -1.3 MM
DAYS >= 1.00 2 2.0 0.0 MM
GREATEST
24 HR. TOTAL 1.10 MM
SNOWFALL (INCHES)
RECORDS
TOTAL 42.2 2013
SNOW DEPTH 25 03/02/2019
03/05/2014
TOTALS 8.9 12.4 -3.5 MM
SNOWDEPTH AVG. 0 MM
DAYS >= TRACE 9 8.3 0.7 MM
DAYS >= 1.0 1 3.3 -2.3 MM
GREATEST
SNOW DEPTH 8 03/16 MM
DEGREE DAYS
HEATING TOTAL 1618 1893 -275 MM
COOLING TOTAL 54 34 20 MM
................................................................
WIND (MPH)
AVERAGE WIND SPEED 11.8
HIGHEST WIND SPEED/DIRECTION 39/230 DATE 03/10
HIGHEST GUST SPEED/DIRECTION 54/230 DATE 05/01
AVERAGE RH (PERCENT) 66
WEATHER CONDITIONS. NUMBER OF DAYS WITH
THUNDERSTORM 7 MIXED PRECIP 2
HEAVY RAIN 5 RAIN 12
LIGHT RAIN 37 FREEZING RAIN 1
LT FREEZING RAIN 0 HAIL 0
HEAVY SNOW 1 SNOW 1
LIGHT SNOW 8 SLEET 0
FOG 37 FOG W/VIS <= 1/4 MILE 5
HAZE 2
- INDICATES NEGATIVE NUMBERS.
R INDICATES RECORD WAS SET OR TIED.
MM INDICATES DATA IS MISSING.
T INDICATES TRACE AMOUNT.
$$