000
CXUS54 KLZK 020041
CF6RUE
PRELIMINARY LOCAL CLIMATOLOGICAL DATA (WS FORM: F-6)
STATION: RUSSELLVILLE
MONTH: FEBRUARY
YEAR: 2024
LATITUDE: 35 15 N
LONGITUDE: 93 6 W
TEMPERATURE IN F: :PCPN: SNOW: WIND :SUNSHINE: SKY :PK WND
================================================================================
1 2 3 4 5 6A 6B 7 8 9 10 11 12 13 14 15 16 17 18
12Z AVG MX 2MIN
DY MAX MIN AVG DEP HDD CDD WTR SNW DPTH SPD SPD DIR MIN PSBL S-S WX SPD DR
================================================================================
1 63 34 49 8 16 0 0.00 M M 1.5 6 100 M M 0 8 9 110
2 70 39 55 14 10 0 0.00 M M 2.3 9 100 M M 5 18 100
3 59 51 55 14 10 0 0.63 M M 5.4 10 100 M M 9 1 18 110
4 52 49 51 9 14 0 0.55 M M 4.8 13 50 M M 10 18 19 110
5 66 36 51 9 14 0 0.00 M M 5.3 16 50 M M 2 22 60
6 64 30 47 5 18 0 0.00 M M 0.3 6 200 M M 0 1 9 250
7 62 36 49 7 16 0 0.00 M M 4.2 12 100 M M 0 19 100
8 67 46 57 15 8 0 0.00 M M 5.4 17 180 M M 5 1 27 190
9 75 46 61 19 4 0 0.00 M M 3.5 15 210 M M 5 12 22 220
10 63 49 56 13 9 0 0.09 M M 3.5 13 290 M M 5 19 300
11 50 43 47 4 18 0 0.09 M M 4.1 13 70 M M 10 8 17 70
12 49 31 40 -3 25 0 0.06 M M 7.0 15 340 M M 9 18 22 360
13 62 27 45 2 20 0 0.00 M M 1.2 9 310 M M 0 1 13 240
14 68 31 50 6 15 0 0.00 M M 2.7 9 190 M M 0 1 16 100
15 71 37 54 10 11 0 0.00 M M 2.3 9 210 M M 0 12 180
16 68 36 52 8 13 0 0.00 M M 7.8 25 320 M M 8 35 310
17 47 26 37 -7 28 0 0.00 M M 6.8 17 360 M M 2 23 30
18 53 19 36 -9 29 0 0.00 M M 3.5 13 300 M M 0 17 270
19 61 22 42 -3 23 0 0.00 M M 1.3 10 190 M M 1 8 14 120
20 72 29 51 6 14 0 0.00 M M 1.5 9 100 M M 0 8 16 80
21 75 41 58 12 7 0 0.00 M M 4.2 16 190 M M 0 8 24 180
22 77 51 64 18 1 0 0.00 M M 6.1 15 10 M M 6 3 20 10
23 70 42 56 10 9 0 0.00 M M 5.9 20 330 M M 0 30 280
24 69 36 53 7 12 0 0.00 M M 3.3 15 280 M M 0 8 19 280
25 80 36 58 11 7 0 0.00 M M 4.0 18 230 M M 0 27 240
26 77 47 62 15 3 0 0.00 M M 5.5 18 190 M M 1 8 33 190
27 81 64 73 26 0 8 0.00 M M 8.3 20 180 M M 0 33 190
28 74 36 55 7 10 0 0.00 M M 10.5 30 280 M M 1 41 270
29 52 27 40 -8 25 0 0.24 T M 2.7 10 90 M M 3 14 19 80
================================================================================
SM 1897 1097 389 8 1.66 T 124.9 M 82
================================================================================
AV 65.4 37.8 4.3 FASTST M M 3 MAX(MPH)
MISC ----> 30 280 41 270
================================================================================
NOTES:
# LAST OF SEVERAL OCCURRENCES
COLUMN 17 PEAK WIND IN M.P.H.
PRELIMINARY LOCAL CLIMATOLOGICAL DATA (WS FORM: F-6) , PAGE 2
STATION: RUSSELLVILLE
MONTH: FEBRUARY
YEAR: 2024
LATITUDE: 35 15 N
LONGITUDE: 93 6 W
[TEMPERATURE DATA] [PRECIPITATION DATA] SYMBOLS USED IN COLUMN 16
AVERAGE MONTHLY: 51.6 TOTAL FOR MONTH: 1.66 1 = FOG OR MIST
DPTR FM NORMAL: 7.6 DPTR FM NORMAL: -1.44 2 = FOG REDUCING VISIBILITY
HIGHEST: 81 ON 27 GRTST 24HR 1.17 ON 3- 4 TO 1/4 MILE OR LESS
LOWEST: 19 ON 18 3 = THUNDER
SNOW, ICE PELLETS, HAIL 4 = ICE PELLETS
TOTAL MONTH: T 5 = HAIL
GRTST 24HR T ON 29-29 6 = FREEZING RAIN OR DRIZZLE
GRTST DEPTH: M ON M 7 = DUSTSTORM OR SANDSTORM:
VSBY 1/2 MILE OR LESS
8 = SMOKE OR HAZE
[NO. OF DAYS WITH] [WEATHER - DAYS WITH] 9 = BLOWING SNOW
X = TORNADO
MAX 32 OR BELOW: 0 0.01 INCH OR MORE: 6
MAX 90 OR ABOVE: 0 0.10 INCH OR MORE: 3
MIN 32 OR BELOW: 9 0.50 INCH OR MORE: 2
MIN 0 OR BELOW: 0 1.00 INCH OR MORE: 0
[HDD (BASE 65) ]
TOTAL THIS MO. 389 CLEAR (SCALE 0-3) 18
DPTR FM NORMAL -200 PTCLDY (SCALE 4-7) 6
TOTAL FM JUL 1 2374 CLOUDY (SCALE 8-10) 5
DPTR FM NORMAL -347
[CDD (BASE 65) ]
TOTAL THIS MO. 8
DPTR FM NORMAL 7 [PRESSURE DATA]
TOTAL FM JAN 1 8 HIGHEST SLP 30.49 ON 29
DPTR FM NORMAL 6 LOWEST SLP 29.46 ON 27
[REMARKS]
#FINAL-02-24#