000
CXUS51 KBTV 010700
CF6RUT
PRELIMINARY LOCAL CLIMATOLOGICAL DATA (WS FORM: F-6)
STATION: RUTLAND VT
MONTH: MAY
YEAR: 2022
LATITUDE: 43 31 N
LONGITUDE: 72 57 W
TEMPERATURE IN F: :PCPN: SNOW: WIND :SUNSHINE: SKY :PK WND
================================================================================
1 2 3 4 5 6A 6B 7 8 9 10 11 12 13 14 15 16 17 18
12Z AVG MX 2MIN
DY MAX MIN AVG DEP HDD CDD WTR SNW DPTH SPD SPD DIR MIN PSBL S-S WX SPD DR
================================================================================
1 69 32 51 M 14 0 0.00 M M 4.6 9 130 M M 0 M M
2 55 43 49 M 16 0 0.04 M M 10.0 15 130 M M 8 23 130
3 59 46 53 M 12 0 T M M 12.1 21 120 M M 8 25 110
4 52 49 51 M 14 0 0.40 M M 7.8 17 120 M M 10 1 29 120
5 61 42 52 M 13 0 0.00 M M 7.5 15 10 M M 2 21 10
6 63 40 52 M 13 0 0.00 M M 5.6 10 340 M M 0 M M
7 57 34 46 M 19 0 0.00 M M 8.2 17 40 M M 0 22 80
8 63 36 50 M 15 0 0.00 M M 6.5 16 110 M M 0 24 80
9 71 33 52 M 13 0 0.00 M M 9.6 16 100 M M 0 28 100
10 74 42 58 M 7 0 0.00 M M 9.3 14 120 M M 0 18 110
11 80 42 61 M 4 0 0.00 M M 7.4 16 120 M M 0 26 110
12 85 46 66 M 0 1 0.00 M M 8.5 15 120 M M 0 M M
13 84 57 71 M 0 6 0.00 M M 6.4 14 250 M M 0 24 260
14 86 58 72 M 0 7 0.91 M M 4.8 21 200 M M 4 138 53 200
15 73 61 67 M 0 2 1.36 M M 3.1 7 130 M M 7 18 M M
16 79 57 68 M 0 3 0.39 M M 7.3 24 120 M M 7 13 30 120
17 64 51 58 M 7 0 0.04 M M 9.8 17 230 M M 10 30 280
18 62 40 51 M 14 0 0.01 M M 6.8 13 320 M M 1 18 20
19 55 46 51 M 14 0 0.44 M M 6.6 16 130 M M 10 13 23 150
20 81 44 63 M 2 0 0.00 M M 8.8 20 160 M M 5 12 24 160
21 89 64 77 M 0 12 0.00 M M 8.2 17 120 M M 3 8 M M
22 87 58 73 M 0 8 0.01 M M 7.2 15 320 M M 4 8 24 340
23 62 46 54 M 11 0 0.00 M M 8.0 14 330 M M 4 24 310
24 69 43 56 M 9 0 0.00 M M 4.1 8 330 M M 3 M M
25 74 47 61 M 4 0 0.00 M M 5.3 10 350 M M 1 8 M M
26 76 56 66 M 0 1 0.00 M M 9.0 17 180 M M 4 24 180
27 80 65 73 M 0 8 0.00 M M 7.6 14 180 M M 9 20 180
28 76 50 63 M 2 0 0.21 M M 7.0 15 330 M M 6 30 330
29 76 50 63 M 2 0 0.00 M M 5.2 12 110 M M 0 M M
30 82 51 67 M 0 2 0.00 M M 4.8 9 230 M M 0 16 240
31 82 59 71 M 0 6 0.00 M M 6.2 15 10 M M 2 M M
================================================================================
SM 2226 1488 205 56 3.81 M 223.1 M 108
================================================================================
AV 71.8 48.0 7.2 FASTST M M 3 MAX(MPH)
MISC ----> 24 120 53 200
================================================================================
NOTES:
# LAST OF SEVERAL OCCURRENCES
COLUMN 17 PEAK WIND IN M.P.H.
PRELIMINARY LOCAL CLIMATOLOGICAL DATA (WS FORM: F-6) , PAGE 2
STATION: RUTLAND VT
MONTH: MAY
YEAR: 2022
LATITUDE: 43 31 N
LONGITUDE: 72 57 W
[TEMPERATURE DATA] [PRECIPITATION DATA] SYMBOLS USED IN COLUMN 16
AVERAGE MONTHLY: 59.9 TOTAL FOR MONTH: 3.81 1 = FOG OR MIST
DPTR FM NORMAL: 0.0 DPTR FM NORMAL: M 2 = FOG REDUCING VISIBILITY
HIGHEST: 89 ON 21 GRTST 24HR 1.36 ON 15-15 TO 1/4 MILE OR LESS
LOWEST: 32 ON 1 3 = THUNDER
SNOW, ICE PELLETS, HAIL 4 = ICE PELLETS
TOTAL MONTH: M 5 = HAIL
GRTST 24HR M ON M 6 = FREEZING RAIN OR DRIZZLE
GRTST DEPTH: M ON M 7 = DUSTSTORM OR SANDSTORM:
VSBY 1/2 MILE OR LESS
8 = SMOKE OR HAZE
[NO. OF DAYS WITH] [WEATHER - DAYS WITH] 9 = BLOWING SNOW
X = TORNADO
MAX 32 OR BELOW: 0 0.01 INCH OR MORE: 10
MAX 90 OR ABOVE: 0 0.10 INCH OR MORE: 6
MIN 32 OR BELOW: 1 0.50 INCH OR MORE: 2
MIN 0 OR BELOW: 0 1.00 INCH OR MORE: 1
[HDD (BASE 65) ]
TOTAL THIS MO. 205 CLEAR (SCALE 0-3) 16
DPTR FM NORMAL M PTCLDY (SCALE 4-7) 10
TOTAL FM JUL 1 6659 CLOUDY (SCALE 8-10) 5
DPTR FM NORMAL M
[CDD (BASE 65) ]
TOTAL THIS MO. 56
DPTR FM NORMAL M [PRESSURE DATA]
TOTAL FM JAN 1 56 HIGHEST SLP M ON M
DPTR FM NORMAL M LOWEST SLP M ON M
[REMARKS]
#FINAL-05-22#